{"id":2156,"date":"2022-03-25T15:06:46","date_gmt":"2022-03-25T14:06:46","guid":{"rendered":"https:\/\/dev-vqf.creatives.com\/?page_id=2156"},"modified":"2023-12-13T12:58:21","modified_gmt":"2023-12-13T11:58:21","slug":"femijet","status":"publish","type":"page","link":"https:\/\/www.violencequefaire.ch\/sq\/femijet\/","title":{"rendered":"F\u00ebmij\u00ebt"},"content":{"rendered":"<div class=\"wpb-content-wrapper\"><p>[vc_row][vc_column]<section class='vqf_section_block block_background'><div class='vqf_container'><div class='vqf_row'><div class='vqf_full_col'><h2>F\u00cbMIJ\u00cbT VUAJN\u00cb NGA DHUNA<\/h2><div class='vqf_fixed_width_text'>F\u00ebmij\u00ebt q\u00eb jetojn\u00eb n\u00eb kontekstin e dhun\u00ebs bashk\u00ebshortore, nuk i shp\u00ebtojn\u00eb asaj kurrsesi. Ata jan\u00eb t\u00eb shqet\u00ebsuar p\u00ebrball\u00eb k\u00ebtyre shp\u00ebrthimeve t\u00eb paparashikueshme dhe t\u00eb pashpjegueshme t\u00eb dhun\u00ebs. Pesha e \u00ab\u00a0sekretit familjar\u00a0\u00bb shprehet p\u00ebrmes trishtimit, r\u00ebnies emocionale, ankthit dhe ndjeshm\u00ebris\u00eb s\u00eb pasiguris\u00eb.<\/p>\n<p>Ata ndjehen shpesh fajtor\u00eb p\u00ebr k\u00ebt\u00eb dhun\u00eb dhe p\u00ebrgjegj\u00ebs p\u00ebr ta p\u00ebrmir\u00ebsuar gjendjen.<\/p>\n<p>Si rrjedhim, shenja t\u00eb ndryshme mund t\u00eb shfaqen si enuresia (urinimin n\u00eb shtrat), pagjum\u00ebsia, probleme me ushqyerjen, dhimbje barku, koke, agresiviteti, mbyllje n\u00eb vetvete dhe v\u00ebshtir\u00ebsi p\u00ebr t\u00eb m\u00ebsuar.<\/p>\n<p>Bebet jan\u00eb ve\u00e7anarisht n\u00eb rrezik, pasi mund t\u00eb preken nga goditjet q\u00eb merr e \u00ebma, nd\u00ebrkoh\u00eb q\u00eb ajo \u00ebsht\u00eb duke i mbajtur.<\/p>\n<p>P\u00ebrfundimisht, duke jetuar n\u00eb nj\u00eb familje ku mbret\u00ebron dhuna, f\u00ebmij\u00ebt rrezikojn\u00eb ta banalizojn\u00eb dhun\u00ebn. Kjo gjendje i b\u00ebn ata t\u00eb besojn\u00eb q\u00eb dhuna \u00ebsht\u00eb nj\u00eb sjellje e pranueshme.<\/p>\n<p>Ju mund ta shmangni k\u00ebt\u00eb duke folur me nj\u00eb t\u00eb af\u00ebrm (pjes\u00ebtar familje, mik\/e) apo me nj\u00eb profesionist\/e.<\/p>\n<p>Mos rri i\/e vetmuar<\/div><\/div><\/div><\/div><\/section>[\/vc_column][\/vc_row]<\/p>\n<\/div>","protected":false},"excerpt":{"rendered":"<p>[vc_row][vc_column][\/vc_column][\/vc_row]<\/p>\n","protected":false},"author":16,"featured_media":0,"parent":0,"menu_order":0,"comment_status":"closed","ping_status":"closed","template":"","meta":{"_acf_changed":false,"footnotes":""},"class_list":["post-2156","page","type-page","status-publish","hentry"],"acf":[],"yoast_head":"<!-- This site is optimized with the Yoast SEO plugin v27.3 - https:\/\/yoast.com\/product\/yoast-seo-wordpress\/ -->\n<title>F\u00ebmij\u00ebt &#8226; Violence que faire ?<\/title>\n<meta name=\"robots\" content=\"index, follow, max-snippet:-1, max-image-preview:large, max-video-preview:-1\" \/>\n<link rel=\"canonical\" href=\"https:\/\/www.violencequefaire.ch\/sq\/femijet\/\" \/>\n<meta property=\"og:locale\" content=\"sq_AL\" \/>\n<meta property=\"og:type\" content=\"article\" \/>\n<meta property=\"og:title\" content=\"F\u00ebmij\u00ebt &#8226; Violence que faire ?\" \/>\n<meta property=\"og:description\" content=\"[vc_row][vc_column][\/vc_column][\/vc_row]\" \/>\n<meta property=\"og:url\" content=\"https:\/\/www.violencequefaire.ch\/sq\/femijet\/\" \/>\n<meta property=\"og:site_name\" content=\"Violence que faire ?\" \/>\n<meta property=\"article:modified_time\" content=\"2023-12-13T11:58:21+00:00\" \/>\n<meta name=\"twitter:card\" content=\"summary_large_image\" \/>\n<meta name=\"twitter:label1\" content=\"Est. reading time\" \/>\n\t<meta name=\"twitter:data1\" content=\"1 minute\" \/>\n<script type=\"application\/ld+json\" class=\"yoast-schema-graph\">{\"@context\":\"https:\\\/\\\/schema.org\",\"@graph\":[{\"@type\":\"WebPage\",\"@id\":\"https:\\\/\\\/www.violencequefaire.ch\\\/sq\\\/femijet\\\/\",\"url\":\"https:\\\/\\\/www.violencequefaire.ch\\\/sq\\\/femijet\\\/\",\"name\":\"F\u00ebmij\u00ebt &#8226; Violence que faire ?\",\"isPartOf\":{\"@id\":\"https:\\\/\\\/www.violencequefaire.ch\\\/sq\\\/#website\"},\"datePublished\":\"2022-03-25T14:06:46+00:00\",\"dateModified\":\"2023-12-13T11:58:21+00:00\",\"breadcrumb\":{\"@id\":\"https:\\\/\\\/www.violencequefaire.ch\\\/sq\\\/femijet\\\/#breadcrumb\"},\"inLanguage\":\"sq-AL\",\"potentialAction\":[{\"@type\":\"ReadAction\",\"target\":[\"https:\\\/\\\/www.violencequefaire.ch\\\/sq\\\/femijet\\\/\"]}]},{\"@type\":\"BreadcrumbList\",\"@id\":\"https:\\\/\\\/www.violencequefaire.ch\\\/sq\\\/femijet\\\/#breadcrumb\",\"itemListElement\":[{\"@type\":\"ListItem\",\"position\":1,\"name\":\"Home\",\"item\":\"https:\\\/\\\/www.violencequefaire.ch\\\/sq\\\/\"},{\"@type\":\"ListItem\",\"position\":2,\"name\":\"F\u00ebmij\u00ebt\"}]},{\"@type\":\"WebSite\",\"@id\":\"https:\\\/\\\/www.violencequefaire.ch\\\/sq\\\/#website\",\"url\":\"https:\\\/\\\/www.violencequefaire.ch\\\/sq\\\/\",\"name\":\"Violence que faire\",\"description\":\"Des sp\u00e9cialistes r\u00e9pondent personnellement \u00e0 vos questions anonymes sur la violence au sein du couple.\",\"publisher\":{\"@id\":\"https:\\\/\\\/www.violencequefaire.ch\\\/sq\\\/#organization\"},\"alternateName\":\"Violenza Cosa Fare\",\"potentialAction\":[{\"@type\":\"SearchAction\",\"target\":{\"@type\":\"EntryPoint\",\"urlTemplate\":\"https:\\\/\\\/www.violencequefaire.ch\\\/sq\\\/?s={search_term_string}\"},\"query-input\":{\"@type\":\"PropertyValueSpecification\",\"valueRequired\":true,\"valueName\":\"search_term_string\"}}],\"inLanguage\":\"sq-AL\"},{\"@type\":\"Organization\",\"@id\":\"https:\\\/\\\/www.violencequefaire.ch\\\/sq\\\/#organization\",\"name\":\"Violence que faire ?\",\"url\":\"https:\\\/\\\/www.violencequefaire.ch\\\/sq\\\/\",\"logo\":{\"@type\":\"ImageObject\",\"inLanguage\":\"sq-AL\",\"@id\":\"https:\\\/\\\/www.violencequefaire.ch\\\/sq\\\/#\\\/schema\\\/logo\\\/image\\\/\",\"url\":\"https:\\\/\\\/www.violencequefaire.ch\\\/wp-content\\\/uploads\\\/2022\\\/04\\\/VQF_LOGO_neutre.jpg\",\"contentUrl\":\"https:\\\/\\\/www.violencequefaire.ch\\\/wp-content\\\/uploads\\\/2022\\\/04\\\/VQF_LOGO_neutre.jpg\",\"width\":253,\"height\":376,\"caption\":\"Violence que faire ?\"},\"image\":{\"@id\":\"https:\\\/\\\/www.violencequefaire.ch\\\/sq\\\/#\\\/schema\\\/logo\\\/image\\\/\"}}]}<\/script>\n<!-- \/ Yoast SEO plugin. -->","yoast_head_json":{"title":"F\u00ebmij\u00ebt &#8226; Violence que faire ?","robots":{"index":"index","follow":"follow","max-snippet":"max-snippet:-1","max-image-preview":"max-image-preview:large","max-video-preview":"max-video-preview:-1"},"canonical":"https:\/\/www.violencequefaire.ch\/sq\/femijet\/","og_locale":"sq_AL","og_type":"article","og_title":"F\u00ebmij\u00ebt &#8226; Violence que faire ?","og_description":"[vc_row][vc_column][\/vc_column][\/vc_row]","og_url":"https:\/\/www.violencequefaire.ch\/sq\/femijet\/","og_site_name":"Violence que faire ?","article_modified_time":"2023-12-13T11:58:21+00:00","twitter_card":"summary_large_image","twitter_misc":{"Est. reading time":"1 minute"},"schema":{"@context":"https:\/\/schema.org","@graph":[{"@type":"WebPage","@id":"https:\/\/www.violencequefaire.ch\/sq\/femijet\/","url":"https:\/\/www.violencequefaire.ch\/sq\/femijet\/","name":"F\u00ebmij\u00ebt &#8226; Violence que faire ?","isPartOf":{"@id":"https:\/\/www.violencequefaire.ch\/sq\/#website"},"datePublished":"2022-03-25T14:06:46+00:00","dateModified":"2023-12-13T11:58:21+00:00","breadcrumb":{"@id":"https:\/\/www.violencequefaire.ch\/sq\/femijet\/#breadcrumb"},"inLanguage":"sq-AL","potentialAction":[{"@type":"ReadAction","target":["https:\/\/www.violencequefaire.ch\/sq\/femijet\/"]}]},{"@type":"BreadcrumbList","@id":"https:\/\/www.violencequefaire.ch\/sq\/femijet\/#breadcrumb","itemListElement":[{"@type":"ListItem","position":1,"name":"Home","item":"https:\/\/www.violencequefaire.ch\/sq\/"},{"@type":"ListItem","position":2,"name":"F\u00ebmij\u00ebt"}]},{"@type":"WebSite","@id":"https:\/\/www.violencequefaire.ch\/sq\/#website","url":"https:\/\/www.violencequefaire.ch\/sq\/","name":"Violence que faire","description":"Des sp\u00e9cialistes r\u00e9pondent personnellement \u00e0 vos questions anonymes sur la violence au sein du couple.","publisher":{"@id":"https:\/\/www.violencequefaire.ch\/sq\/#organization"},"alternateName":"Violenza Cosa Fare","potentialAction":[{"@type":"SearchAction","target":{"@type":"EntryPoint","urlTemplate":"https:\/\/www.violencequefaire.ch\/sq\/?s={search_term_string}"},"query-input":{"@type":"PropertyValueSpecification","valueRequired":true,"valueName":"search_term_string"}}],"inLanguage":"sq-AL"},{"@type":"Organization","@id":"https:\/\/www.violencequefaire.ch\/sq\/#organization","name":"Violence que faire ?","url":"https:\/\/www.violencequefaire.ch\/sq\/","logo":{"@type":"ImageObject","inLanguage":"sq-AL","@id":"https:\/\/www.violencequefaire.ch\/sq\/#\/schema\/logo\/image\/","url":"https:\/\/www.violencequefaire.ch\/wp-content\/uploads\/2022\/04\/VQF_LOGO_neutre.jpg","contentUrl":"https:\/\/www.violencequefaire.ch\/wp-content\/uploads\/2022\/04\/VQF_LOGO_neutre.jpg","width":253,"height":376,"caption":"Violence que faire ?"},"image":{"@id":"https:\/\/www.violencequefaire.ch\/sq\/#\/schema\/logo\/image\/"}}]}},"_links":{"self":[{"href":"https:\/\/www.violencequefaire.ch\/sq\/wp-json\/wp\/v2\/pages\/2156","targetHints":{"allow":["GET"]}}],"collection":[{"href":"https:\/\/www.violencequefaire.ch\/sq\/wp-json\/wp\/v2\/pages"}],"about":[{"href":"https:\/\/www.violencequefaire.ch\/sq\/wp-json\/wp\/v2\/types\/page"}],"author":[{"embeddable":true,"href":"https:\/\/www.violencequefaire.ch\/sq\/wp-json\/wp\/v2\/users\/16"}],"replies":[{"embeddable":true,"href":"https:\/\/www.violencequefaire.ch\/sq\/wp-json\/wp\/v2\/comments?post=2156"}],"version-history":[{"count":2,"href":"https:\/\/www.violencequefaire.ch\/sq\/wp-json\/wp\/v2\/pages\/2156\/revisions"}],"predecessor-version":[{"id":5346,"href":"https:\/\/www.violencequefaire.ch\/sq\/wp-json\/wp\/v2\/pages\/2156\/revisions\/5346"}],"wp:attachment":[{"href":"https:\/\/www.violencequefaire.ch\/sq\/wp-json\/wp\/v2\/media?parent=2156"}],"curies":[{"name":"wp","href":"https:\/\/api.w.org\/{rel}","templated":true}]}}

Fëmijët

<div class="wpb-content-wrapper"><p>[vc_row][vc_column]<section class='vqf_section_block block_background'><div class='vqf_container'><div class='vqf_row'><div class='vqf_full_col'><h2>FËMIJËT VUAJNË NGA DHUNA</h2><div class='vqf_fixed_width_text'>Fëmijët që jetojnë në kontekstin e dhunës bashkëshortore, nuk i shpëtojnë asaj kurrsesi. Ata janë të shqetësuar përballë këtyre shpërthimeve të paparashikueshme dhe të pashpjegueshme të dhunës. Pesha e « sekretit familjar » shprehet përmes trishtimit, rënies emocionale, ankthit dhe ndjeshmërisë së pasigurisë.</p>
<p>Ata ndjehen shpesh fajtorë për këtë dhunë dhe përgjegjës për ta përmirësuar gjendjen.</p>
<p>Si rrjedhim, shenja të ndryshme mund të shfaqen si enuresia (urinimin në shtrat), pagjumësia, probleme me ushqyerjen, dhimbje barku, koke, agresiviteti, mbyllje në vetvete dhe vështirësi për të mësuar.</p>
<p>Bebet janë veçanarisht në rrezik, pasi mund të preken nga goditjet që merr e ëma, ndërkohë që ajo është duke i mbajtur.</p>
<p>Përfundimisht, duke jetuar në një familje ku mbretëron dhuna, fëmijët rrezikojnë ta banalizojnë dhunën. Kjo gjendje i bën ata të besojnë që dhuna është një sjellje e pranueshme.</p>
<p>Ju mund ta shmangni këtë duke folur me një të afërm (pjesëtar familje, mik/e) apo me një profesionist/e.</p>
<p>Mos rri i/e vetmuar</div></div></div></div></section>[/vc_column][/vc_row]</p>
</div>

<!-- This site is optimized with the Yoast SEO plugin v27.3 - https://yoast.com/product/yoast-seo-wordpress/ -->
<title>Fëmijët &#8226; Violence que faire ?</title>
<meta name="robots" content="index, follow, max-snippet:-1, max-image-preview:large, max-video-preview:-1" />
<link rel="canonical" href="https://www.violencequefaire.ch/sq/femijet/" />
<meta property="og:locale" content="sq_AL" />
<meta property="og:type" content="article" />
<meta property="og:title" content="Fëmijët &#8226; Violence que faire ?" />
<meta property="og:description" content="[vc_row][vc_column][/vc_column][/vc_row]" />
<meta property="og:url" content="https://www.violencequefaire.ch/sq/femijet/" />
<meta property="og:site_name" content="Violence que faire ?" />
<meta property="article:modified_time" content="2023-12-13T11:58:21+00:00" />
<meta name="twitter:card" content="summary_large_image" />
<meta name="twitter:label1" content="Est. reading time" />
	<meta name="twitter:data1" content="1 minute" />
<script type="application/ld+json" class="yoast-schema-graph">{"@context":"https:\/\/schema.org","@graph":[{"@type":"WebPage","@id":"https:\/\/www.violencequefaire.ch\/sq\/femijet\/","url":"https:\/\/www.violencequefaire.ch\/sq\/femijet\/","name":"Fëmijët &#8226; Violence que faire ?","isPartOf":{"@id":"https:\/\/www.violencequefaire.ch\/sq\/#website"},"datePublished":"2022-03-25T14:06:46+00:00","dateModified":"2023-12-13T11:58:21+00:00","breadcrumb":{"@id":"https:\/\/www.violencequefaire.ch\/sq\/femijet\/#breadcrumb"},"inLanguage":"sq-AL","potentialAction":[{"@type":"ReadAction","target":["https:\/\/www.violencequefaire.ch\/sq\/femijet\/"]}]},{"@type":"BreadcrumbList","@id":"https:\/\/www.violencequefaire.ch\/sq\/femijet\/#breadcrumb","itemListElement":[{"@type":"ListItem","position":1,"name":"Home","item":"https:\/\/www.violencequefaire.ch\/sq\/"},{"@type":"ListItem","position":2,"name":"Fëmijët"}]},{"@type":"WebSite","@id":"https:\/\/www.violencequefaire.ch\/sq\/#website","url":"https:\/\/www.violencequefaire.ch\/sq\/","name":"Violence que faire","description":"Des spécialistes répondent personnellement à vos questions anonymes sur la violence au sein du couple.","publisher":{"@id":"https:\/\/www.violencequefaire.ch\/sq\/#organization"},"alternateName":"Violenza Cosa Fare","potentialAction":[{"@type":"SearchAction","target":{"@type":"EntryPoint","urlTemplate":"https:\/\/www.violencequefaire.ch\/sq\/?s={search_term_string}"},"query-input":{"@type":"PropertyValueSpecification","valueRequired":true,"valueName":"search_term_string"}}],"inLanguage":"sq-AL"},{"@type":"Organization","@id":"https:\/\/www.violencequefaire.ch\/sq\/#organization","name":"Violence que faire ?","url":"https:\/\/www.violencequefaire.ch\/sq\/","logo":{"@type":"ImageObject","inLanguage":"sq-AL","@id":"https:\/\/www.violencequefaire.ch\/sq\/#\/schema\/logo\/image\/","url":"https:\/\/www.violencequefaire.ch\/wp-content\/uploads\/2022\/04\/VQF_LOGO_neutre.jpg","contentUrl":"https:\/\/www.violencequefaire.ch\/wp-content\/uploads\/2022\/04\/VQF_LOGO_neutre.jpg","width":253,"height":376,"caption":"Violence que faire ?"},"image":{"@id":"https:\/\/www.violencequefaire.ch\/sq\/#\/schema\/logo\/image\/"}}]}</script>
<!-- / Yoast SEO plugin. -->

Fëmijët &#8226; Violence que faire ?

Des spécialistes répondent personnellement à vos questions anonymes sur la violence au sein du couple.
