{"id":2211,"date":"2022-03-25T15:06:46","date_gmt":"2022-03-25T14:06:46","guid":{"rendered":"https:\/\/dev-vqf.creatives.com\/?page_id=2211"},"modified":"2023-12-14T11:56:04","modified_gmt":"2023-12-14T10:56:04","slug":"carruurta","status":"publish","type":"page","link":"https:\/\/www.violencequefaire.ch\/so\/carruurta\/","title":{"rendered":"Carruurta"},"content":{"rendered":"<div class=\"wpb-content-wrapper\"><p>[vc_row][vc_column]<section class='vqf_section_block block_background'><div class='vqf_container'><div class='vqf_row'><div class='vqf_full_col'><h2>CARUURTA WEYKA TIIRANYOODAAN AWOOD KU DHIBAATENYTA<\/h2><div class='vqf_fixed_width_text'>Caruurta ku dhexnool xaasaska awooda is ku dhibaateeyo marnaba kama badbaadaan. Weyku dhibaateysan yihiin awood isku dhibaateyntaan oo qarxeeyso ayadoo la fileyn ama sababta keentay aan la aqoonin. Culeyska sirtaas uu qoyska leeyahay waxey u keentaa, tiiraanyo, niyad xumo walwal iyo dareen nabad galyo xumo ah.<\/p>\n<p>Waxey inta badan dareemaan in ey sabab u yihiin iyo in ey tahay in ayaga ey xaliyaan.<\/p>\n<p>Taas awgeed, tiiraanyadaasi waxey u soo baxeysaa, in caruurta isku kaadiyaan, iney hurdada ka xumaato, iney raashin cunida ka xumaato, iney caloosha xanuunto, madaxa xanuuno, dadka uu la dagaalo, inuu gooni u baxo ama ey waxbarashada ku adkaato.<\/p>\n<p>Dhalaanka waxey gaar ahaan halis ugu jiraan in ey jug gaarto inta ey uurka ku jiraan.<\/p>\n<p>Kama dambeysti, ku noolaasha qoys ay awood isku dhibaateyn\u00a0 ka jirto, waxay caruurta halis u yihiin iney caadi u arkaan dhaqankaas uu la noqdo mid la ogolaan karo.<\/p>\n<p>Waad ka dhowri kartaa hadii aad la hadashid qofkuu dhow ( qoys, saaxib) ama qof shaqadiisa quseyso.<\/p>\n<p>Ha joogin kaligaa<\/div><\/div><\/div><\/div><\/section>[\/vc_column][\/vc_row]<\/p>\n<\/div>","protected":false},"excerpt":{"rendered":"<p>[vc_row][vc_column][\/vc_column][\/vc_row]<\/p>\n","protected":false},"author":16,"featured_media":0,"parent":0,"menu_order":0,"comment_status":"closed","ping_status":"closed","template":"","meta":{"_acf_changed":false,"footnotes":""},"class_list":["post-2211","page","type-page","status-publish","hentry"],"acf":[],"yoast_head":"<!-- This site is optimized with the Yoast SEO plugin v27.3 - https:\/\/yoast.com\/product\/yoast-seo-wordpress\/ -->\n<title>Carruurta &#8226; Violence que faire ?<\/title>\n<meta name=\"robots\" content=\"index, follow, max-snippet:-1, max-image-preview:large, max-video-preview:-1\" \/>\n<link rel=\"canonical\" href=\"https:\/\/www.violencequefaire.ch\/so\/carruurta\/\" \/>\n<meta property=\"og:locale\" content=\"so_SO\" \/>\n<meta property=\"og:type\" content=\"article\" \/>\n<meta property=\"og:title\" content=\"Carruurta &#8226; Violence que faire ?\" \/>\n<meta property=\"og:description\" content=\"[vc_row][vc_column][\/vc_column][\/vc_row]\" \/>\n<meta property=\"og:url\" content=\"https:\/\/www.violencequefaire.ch\/so\/carruurta\/\" \/>\n<meta property=\"og:site_name\" content=\"Violence que faire ?\" \/>\n<meta property=\"article:modified_time\" content=\"2023-12-14T10:56:04+00:00\" \/>\n<meta name=\"twitter:card\" content=\"summary_large_image\" \/>\n<meta name=\"twitter:label1\" content=\"Est. reading time\" \/>\n\t<meta name=\"twitter:data1\" content=\"1 minute\" \/>\n<script type=\"application\/ld+json\" class=\"yoast-schema-graph\">{\"@context\":\"https:\\\/\\\/schema.org\",\"@graph\":[{\"@type\":\"WebPage\",\"@id\":\"https:\\\/\\\/www.violencequefaire.ch\\\/so\\\/carruurta\\\/\",\"url\":\"https:\\\/\\\/www.violencequefaire.ch\\\/so\\\/carruurta\\\/\",\"name\":\"Carruurta &#8226; Violence que faire ?\",\"isPartOf\":{\"@id\":\"https:\\\/\\\/www.violencequefaire.ch\\\/so\\\/#website\"},\"datePublished\":\"2022-03-25T14:06:46+00:00\",\"dateModified\":\"2023-12-14T10:56:04+00:00\",\"breadcrumb\":{\"@id\":\"https:\\\/\\\/www.violencequefaire.ch\\\/so\\\/carruurta\\\/#breadcrumb\"},\"inLanguage\":\"so-SO\",\"potentialAction\":[{\"@type\":\"ReadAction\",\"target\":[\"https:\\\/\\\/www.violencequefaire.ch\\\/so\\\/carruurta\\\/\"]}]},{\"@type\":\"BreadcrumbList\",\"@id\":\"https:\\\/\\\/www.violencequefaire.ch\\\/so\\\/carruurta\\\/#breadcrumb\",\"itemListElement\":[{\"@type\":\"ListItem\",\"position\":1,\"name\":\"Home\",\"item\":\"https:\\\/\\\/www.violencequefaire.ch\\\/so\\\/\"},{\"@type\":\"ListItem\",\"position\":2,\"name\":\"Carruurta\"}]},{\"@type\":\"WebSite\",\"@id\":\"https:\\\/\\\/www.violencequefaire.ch\\\/so\\\/#website\",\"url\":\"https:\\\/\\\/www.violencequefaire.ch\\\/so\\\/\",\"name\":\"Violence que faire\",\"description\":\"Des sp\u00e9cialistes r\u00e9pondent personnellement \u00e0 vos questions anonymes sur la violence au sein du couple.\",\"publisher\":{\"@id\":\"https:\\\/\\\/www.violencequefaire.ch\\\/so\\\/#organization\"},\"alternateName\":\"Violenza Cosa Fare\",\"potentialAction\":[{\"@type\":\"SearchAction\",\"target\":{\"@type\":\"EntryPoint\",\"urlTemplate\":\"https:\\\/\\\/www.violencequefaire.ch\\\/so\\\/?s={search_term_string}\"},\"query-input\":{\"@type\":\"PropertyValueSpecification\",\"valueRequired\":true,\"valueName\":\"search_term_string\"}}],\"inLanguage\":\"so-SO\"},{\"@type\":\"Organization\",\"@id\":\"https:\\\/\\\/www.violencequefaire.ch\\\/so\\\/#organization\",\"name\":\"Violence que faire ?\",\"url\":\"https:\\\/\\\/www.violencequefaire.ch\\\/so\\\/\",\"logo\":{\"@type\":\"ImageObject\",\"inLanguage\":\"so-SO\",\"@id\":\"https:\\\/\\\/www.violencequefaire.ch\\\/so\\\/#\\\/schema\\\/logo\\\/image\\\/\",\"url\":\"https:\\\/\\\/www.violencequefaire.ch\\\/wp-content\\\/uploads\\\/2022\\\/04\\\/VQF_LOGO_neutre.jpg\",\"contentUrl\":\"https:\\\/\\\/www.violencequefaire.ch\\\/wp-content\\\/uploads\\\/2022\\\/04\\\/VQF_LOGO_neutre.jpg\",\"width\":253,\"height\":376,\"caption\":\"Violence que faire ?\"},\"image\":{\"@id\":\"https:\\\/\\\/www.violencequefaire.ch\\\/so\\\/#\\\/schema\\\/logo\\\/image\\\/\"}}]}<\/script>\n<!-- \/ Yoast SEO plugin. -->","yoast_head_json":{"title":"Carruurta &#8226; Violence que faire ?","robots":{"index":"index","follow":"follow","max-snippet":"max-snippet:-1","max-image-preview":"max-image-preview:large","max-video-preview":"max-video-preview:-1"},"canonical":"https:\/\/www.violencequefaire.ch\/so\/carruurta\/","og_locale":"so_SO","og_type":"article","og_title":"Carruurta &#8226; Violence que faire ?","og_description":"[vc_row][vc_column][\/vc_column][\/vc_row]","og_url":"https:\/\/www.violencequefaire.ch\/so\/carruurta\/","og_site_name":"Violence que faire ?","article_modified_time":"2023-12-14T10:56:04+00:00","twitter_card":"summary_large_image","twitter_misc":{"Est. reading time":"1 minute"},"schema":{"@context":"https:\/\/schema.org","@graph":[{"@type":"WebPage","@id":"https:\/\/www.violencequefaire.ch\/so\/carruurta\/","url":"https:\/\/www.violencequefaire.ch\/so\/carruurta\/","name":"Carruurta &#8226; Violence que faire ?","isPartOf":{"@id":"https:\/\/www.violencequefaire.ch\/so\/#website"},"datePublished":"2022-03-25T14:06:46+00:00","dateModified":"2023-12-14T10:56:04+00:00","breadcrumb":{"@id":"https:\/\/www.violencequefaire.ch\/so\/carruurta\/#breadcrumb"},"inLanguage":"so-SO","potentialAction":[{"@type":"ReadAction","target":["https:\/\/www.violencequefaire.ch\/so\/carruurta\/"]}]},{"@type":"BreadcrumbList","@id":"https:\/\/www.violencequefaire.ch\/so\/carruurta\/#breadcrumb","itemListElement":[{"@type":"ListItem","position":1,"name":"Home","item":"https:\/\/www.violencequefaire.ch\/so\/"},{"@type":"ListItem","position":2,"name":"Carruurta"}]},{"@type":"WebSite","@id":"https:\/\/www.violencequefaire.ch\/so\/#website","url":"https:\/\/www.violencequefaire.ch\/so\/","name":"Violence que faire","description":"Des sp\u00e9cialistes r\u00e9pondent personnellement \u00e0 vos questions anonymes sur la violence au sein du couple.","publisher":{"@id":"https:\/\/www.violencequefaire.ch\/so\/#organization"},"alternateName":"Violenza Cosa Fare","potentialAction":[{"@type":"SearchAction","target":{"@type":"EntryPoint","urlTemplate":"https:\/\/www.violencequefaire.ch\/so\/?s={search_term_string}"},"query-input":{"@type":"PropertyValueSpecification","valueRequired":true,"valueName":"search_term_string"}}],"inLanguage":"so-SO"},{"@type":"Organization","@id":"https:\/\/www.violencequefaire.ch\/so\/#organization","name":"Violence que faire ?","url":"https:\/\/www.violencequefaire.ch\/so\/","logo":{"@type":"ImageObject","inLanguage":"so-SO","@id":"https:\/\/www.violencequefaire.ch\/so\/#\/schema\/logo\/image\/","url":"https:\/\/www.violencequefaire.ch\/wp-content\/uploads\/2022\/04\/VQF_LOGO_neutre.jpg","contentUrl":"https:\/\/www.violencequefaire.ch\/wp-content\/uploads\/2022\/04\/VQF_LOGO_neutre.jpg","width":253,"height":376,"caption":"Violence que faire ?"},"image":{"@id":"https:\/\/www.violencequefaire.ch\/so\/#\/schema\/logo\/image\/"}}]}},"_links":{"self":[{"href":"https:\/\/www.violencequefaire.ch\/so\/wp-json\/wp\/v2\/pages\/2211","targetHints":{"allow":["GET"]}}],"collection":[{"href":"https:\/\/www.violencequefaire.ch\/so\/wp-json\/wp\/v2\/pages"}],"about":[{"href":"https:\/\/www.violencequefaire.ch\/so\/wp-json\/wp\/v2\/types\/page"}],"author":[{"embeddable":true,"href":"https:\/\/www.violencequefaire.ch\/so\/wp-json\/wp\/v2\/users\/16"}],"replies":[{"embeddable":true,"href":"https:\/\/www.violencequefaire.ch\/so\/wp-json\/wp\/v2\/comments?post=2211"}],"version-history":[{"count":3,"href":"https:\/\/www.violencequefaire.ch\/so\/wp-json\/wp\/v2\/pages\/2211\/revisions"}],"predecessor-version":[{"id":5449,"href":"https:\/\/www.violencequefaire.ch\/so\/wp-json\/wp\/v2\/pages\/2211\/revisions\/5449"}],"wp:attachment":[{"href":"https:\/\/www.violencequefaire.ch\/so\/wp-json\/wp\/v2\/media?parent=2211"}],"curies":[{"name":"wp","href":"https:\/\/api.w.org\/{rel}","templated":true}]}}

<!-- This site is optimized with the Yoast SEO plugin v27.3 - https://yoast.com/product/yoast-seo-wordpress/ -->
<title>Carruurta &#8226; Violence que faire ?</title>
<meta name="robots" content="index, follow, max-snippet:-1, max-image-preview:large, max-video-preview:-1" />
<link rel="canonical" href="https://www.violencequefaire.ch/so/carruurta/" />
<meta property="og:locale" content="so_SO" />
<meta property="og:type" content="article" />
<meta property="og:title" content="Carruurta &#8226; Violence que faire ?" />
<meta property="og:description" content="[vc_row][vc_column][/vc_column][/vc_row]" />
<meta property="og:url" content="https://www.violencequefaire.ch/so/carruurta/" />
<meta property="og:site_name" content="Violence que faire ?" />
<meta property="article:modified_time" content="2023-12-14T10:56:04+00:00" />
<meta name="twitter:card" content="summary_large_image" />
<meta name="twitter:label1" content="Est. reading time" />
	<meta name="twitter:data1" content="1 minute" />
<script type="application/ld+json" class="yoast-schema-graph">{"@context":"https:\/\/schema.org","@graph":[{"@type":"WebPage","@id":"https:\/\/www.violencequefaire.ch\/so\/carruurta\/","url":"https:\/\/www.violencequefaire.ch\/so\/carruurta\/","name":"Carruurta &#8226; Violence que faire ?","isPartOf":{"@id":"https:\/\/www.violencequefaire.ch\/so\/#website"},"datePublished":"2022-03-25T14:06:46+00:00","dateModified":"2023-12-14T10:56:04+00:00","breadcrumb":{"@id":"https:\/\/www.violencequefaire.ch\/so\/carruurta\/#breadcrumb"},"inLanguage":"so-SO","potentialAction":[{"@type":"ReadAction","target":["https:\/\/www.violencequefaire.ch\/so\/carruurta\/"]}]},{"@type":"BreadcrumbList","@id":"https:\/\/www.violencequefaire.ch\/so\/carruurta\/#breadcrumb","itemListElement":[{"@type":"ListItem","position":1,"name":"Home","item":"https:\/\/www.violencequefaire.ch\/so\/"},{"@type":"ListItem","position":2,"name":"Carruurta"}]},{"@type":"WebSite","@id":"https:\/\/www.violencequefaire.ch\/so\/#website","url":"https:\/\/www.violencequefaire.ch\/so\/","name":"Violence que faire","description":"Des spécialistes répondent personnellement à vos questions anonymes sur la violence au sein du couple.","publisher":{"@id":"https:\/\/www.violencequefaire.ch\/so\/#organization"},"alternateName":"Violenza Cosa Fare","potentialAction":[{"@type":"SearchAction","target":{"@type":"EntryPoint","urlTemplate":"https:\/\/www.violencequefaire.ch\/so\/?s={search_term_string}"},"query-input":{"@type":"PropertyValueSpecification","valueRequired":true,"valueName":"search_term_string"}}],"inLanguage":"so-SO"},{"@type":"Organization","@id":"https:\/\/www.violencequefaire.ch\/so\/#organization","name":"Violence que faire ?","url":"https:\/\/www.violencequefaire.ch\/so\/","logo":{"@type":"ImageObject","inLanguage":"so-SO","@id":"https:\/\/www.violencequefaire.ch\/so\/#\/schema\/logo\/image\/","url":"https:\/\/www.violencequefaire.ch\/wp-content\/uploads\/2022\/04\/VQF_LOGO_neutre.jpg","contentUrl":"https:\/\/www.violencequefaire.ch\/wp-content\/uploads\/2022\/04\/VQF_LOGO_neutre.jpg","width":253,"height":376,"caption":"Violence que faire ?"},"image":{"@id":"https:\/\/www.violencequefaire.ch\/so\/#\/schema\/logo\/image\/"}}]}</script>
<!-- / Yoast SEO plugin. -->

Des spécialistes répondent personnellement à vos questions anonymes sur la violence au sein du couple.
