{"id":2106,"date":"2022-03-25T15:03:37","date_gmt":"2022-03-25T14:03:37","guid":{"rendered":"https:\/\/dev-vqf.creatives.com\/?page_id=2106"},"modified":"2025-10-22T08:06:01","modified_gmt":"2025-10-22T06:06:01","slug":"violencia-fisica","status":"publish","type":"page","link":"https:\/\/www.violencequefaire.ch\/pt-pt\/violencia-fisica\/","title":{"rendered":"Viol\u00eancia f\u00edsica"},"content":{"rendered":"<div class=\"wpb-content-wrapper\"><p>[vc_row][vc_column]<section class='vqf_section_block text_n_media_block podcast_media'><div class='vqf_container'><div class='vqf_row'><div class='left_text_block'><h2>Como reconhec\u00ea-la?<\/h2><div class='vqf_fixed_width_text'><p><\/p>\n<p>A viol\u00eancia f\u00edsica nem sempre est\u00e1 presente nas situa\u00e7\u00f5es de viol\u00eancia conjugal, mas existe uma grande probabilidade de se manifestar ao longo do tempo. A pessoa violenta recorre \u00e0 viol\u00eancia f\u00edsica quando sente que j\u00e1 n\u00e3o consegue exercer controlo sobre a pessoa parceira, quando mostra demasiada independ\u00eancia. Nessa altura, a pessoa violenta pode tornar-se brutal, recorrer a socos, golpes, viol\u00eancia f\u00edsica.<\/p>\n<p>&nbsp;<\/p>\n<p><strong>Os actos<\/strong><\/p>\n<ul>\n<li>bloquear a passagem, restringir pela for\u00e7a<\/li>\n<li>imobilizar, levantar do ch\u00e3o<\/li>\n<li>agarrar, abanar<\/li>\n<li>apertar as m\u00e3os, torcer os bra\u00e7os, puxar os cabelos<\/li>\n<li>empurrar violentamente<\/li>\n<li>arranhar, morder, beliscar<\/li>\n<li>esbofetear, esmurrar ou pontapear<\/li>\n<li>bater com um objeto, atirar objectos \u00e0 outra pessoa<\/li>\n<li>amea\u00e7ar ou ferir com uma arma<\/li>\n<li>queimar, sufocar, estrangular<\/li>\n<li>prender, trancar<\/li>\n<\/ul>\n<p><\/p><\/div><\/div><div class='right_media_block'><div class='media_box'><div class='podcast_col'><div class='podcast_item'><a href='https:\/\/www.violencequefaire.ch\/pt-pt\/podcast\/episodio-2-em-choque\/'><\/a><div class='bg_layer'><img src='https:\/\/www.violencequefaire.ch\/wp-content\/uploads\/2022\/04\/episode2_couverture.jpg' alt=''><\/div><div class='inner'><div class='img_block'><img src='https:\/\/www.violencequefaire.ch\/wp-content\/uploads\/2022\/04\/episode2_couverture.jpg' alt=''><\/div><div class='podcast_info'><span class='episode_name'><strong>VIOL\u00caNCIA FISICA E SEXUAL<\/strong>\r\n\r\nEspecialista: Aline Cuche<\/span><h5 class='episode_title'>EPIS\u00d3DIO 2 &#8211; EM CHOQUE<\/h5><span class='podcast_author'>Experte: Aline Cuche<\/span><\/div><\/div><\/div><\/div><\/div><\/div><\/div><\/div><\/section>[\/vc_column][\/vc_row]<\/p>\n<\/div>","protected":false},"excerpt":{"rendered":"<p>[vc_row][vc_column][\/vc_column][\/vc_row]<\/p>\n","protected":false},"author":16,"featured_media":0,"parent":0,"menu_order":0,"comment_status":"closed","ping_status":"closed","template":"templates\/Physique.php","meta":{"_acf_changed":false,"footnotes":""},"class_list":["post-2106","page","type-page","status-publish","hentry"],"acf":[],"yoast_head":"<!-- This site is optimized with the Yoast SEO plugin v27.3 - https:\/\/yoast.com\/product\/yoast-seo-wordpress\/ -->\n<title>Viol\u00eancia f\u00edsica &#8226; Violence que faire ?<\/title>\n<meta name=\"robots\" content=\"index, follow, max-snippet:-1, max-image-preview:large, max-video-preview:-1\" \/>\n<link rel=\"canonical\" href=\"https:\/\/www.violencequefaire.ch\/pt-pt\/violencia-fisica\/\" \/>\n<meta property=\"og:locale\" content=\"pt_PT\" \/>\n<meta property=\"og:type\" content=\"article\" \/>\n<meta property=\"og:title\" content=\"Viol\u00eancia f\u00edsica &#8226; Violence que faire ?\" \/>\n<meta property=\"og:description\" content=\"[vc_row][vc_column][\/vc_column][\/vc_row]\" \/>\n<meta property=\"og:url\" content=\"https:\/\/www.violencequefaire.ch\/pt-pt\/violencia-fisica\/\" \/>\n<meta property=\"og:site_name\" content=\"Violence que faire ?\" \/>\n<meta property=\"article:modified_time\" content=\"2025-10-22T06:06:01+00:00\" \/>\n<meta property=\"og:image\" content=\"http:\/\/true\" \/>\n<meta name=\"twitter:card\" content=\"summary_large_image\" \/>\n<meta name=\"twitter:label1\" content=\"Tempo estimado de leitura\" \/>\n\t<meta name=\"twitter:data1\" content=\"1 minuto\" \/>\n<script type=\"application\/ld+json\" class=\"yoast-schema-graph\">{\"@context\":\"https:\\\/\\\/schema.org\",\"@graph\":[{\"@type\":\"WebPage\",\"@id\":\"https:\\\/\\\/www.violencequefaire.ch\\\/pt-pt\\\/violencia-fisica\\\/\",\"url\":\"https:\\\/\\\/www.violencequefaire.ch\\\/pt-pt\\\/violencia-fisica\\\/\",\"name\":\"Viol\u00eancia f\u00edsica &#8226; Violence que faire ?\",\"isPartOf\":{\"@id\":\"https:\\\/\\\/www.violencequefaire.ch\\\/pt-pt\\\/#website\"},\"datePublished\":\"2022-03-25T14:03:37+00:00\",\"dateModified\":\"2025-10-22T06:06:01+00:00\",\"breadcrumb\":{\"@id\":\"https:\\\/\\\/www.violencequefaire.ch\\\/pt-pt\\\/violencia-fisica\\\/#breadcrumb\"},\"inLanguage\":\"pt-PT\",\"potentialAction\":[{\"@type\":\"ReadAction\",\"target\":[\"https:\\\/\\\/www.violencequefaire.ch\\\/pt-pt\\\/violencia-fisica\\\/\"]}]},{\"@type\":\"BreadcrumbList\",\"@id\":\"https:\\\/\\\/www.violencequefaire.ch\\\/pt-pt\\\/violencia-fisica\\\/#breadcrumb\",\"itemListElement\":[{\"@type\":\"ListItem\",\"position\":1,\"name\":\"In\u00edcio\",\"item\":\"https:\\\/\\\/www.violencequefaire.ch\\\/pt-pt\\\/\"},{\"@type\":\"ListItem\",\"position\":2,\"name\":\"Viol\u00eancia f\u00edsica\"}]},{\"@type\":\"WebSite\",\"@id\":\"https:\\\/\\\/www.violencequefaire.ch\\\/pt-pt\\\/#website\",\"url\":\"https:\\\/\\\/www.violencequefaire.ch\\\/pt-pt\\\/\",\"name\":\"Violence que faire\",\"description\":\"Des sp\u00e9cialistes r\u00e9pondent personnellement \u00e0 vos questions anonymes sur la violence au sein du couple.\",\"publisher\":{\"@id\":\"https:\\\/\\\/www.violencequefaire.ch\\\/pt-pt\\\/#organization\"},\"alternateName\":\"Violenza Cosa Fare\",\"potentialAction\":[{\"@type\":\"SearchAction\",\"target\":{\"@type\":\"EntryPoint\",\"urlTemplate\":\"https:\\\/\\\/www.violencequefaire.ch\\\/pt-pt\\\/?s={search_term_string}\"},\"query-input\":{\"@type\":\"PropertyValueSpecification\",\"valueRequired\":true,\"valueName\":\"search_term_string\"}}],\"inLanguage\":\"pt-PT\"},{\"@type\":\"Organization\",\"@id\":\"https:\\\/\\\/www.violencequefaire.ch\\\/pt-pt\\\/#organization\",\"name\":\"Violence que faire ?\",\"url\":\"https:\\\/\\\/www.violencequefaire.ch\\\/pt-pt\\\/\",\"logo\":{\"@type\":\"ImageObject\",\"inLanguage\":\"pt-PT\",\"@id\":\"https:\\\/\\\/www.violencequefaire.ch\\\/pt-pt\\\/#\\\/schema\\\/logo\\\/image\\\/\",\"url\":\"https:\\\/\\\/www.violencequefaire.ch\\\/wp-content\\\/uploads\\\/2022\\\/04\\\/VQF_LOGO_neutre.jpg\",\"contentUrl\":\"https:\\\/\\\/www.violencequefaire.ch\\\/wp-content\\\/uploads\\\/2022\\\/04\\\/VQF_LOGO_neutre.jpg\",\"width\":253,\"height\":376,\"caption\":\"Violence que faire ?\"},\"image\":{\"@id\":\"https:\\\/\\\/www.violencequefaire.ch\\\/pt-pt\\\/#\\\/schema\\\/logo\\\/image\\\/\"}}]}<\/script>\n<!-- \/ Yoast SEO plugin. -->","yoast_head_json":{"title":"Viol\u00eancia f\u00edsica &#8226; Violence que faire ?","robots":{"index":"index","follow":"follow","max-snippet":"max-snippet:-1","max-image-preview":"max-image-preview:large","max-video-preview":"max-video-preview:-1"},"canonical":"https:\/\/www.violencequefaire.ch\/pt-pt\/violencia-fisica\/","og_locale":"pt_PT","og_type":"article","og_title":"Viol\u00eancia f\u00edsica &#8226; Violence que faire ?","og_description":"[vc_row][vc_column][\/vc_column][\/vc_row]","og_url":"https:\/\/www.violencequefaire.ch\/pt-pt\/violencia-fisica\/","og_site_name":"Violence que faire ?","article_modified_time":"2025-10-22T06:06:01+00:00","og_image":[{"url":"true","type":"","width":"","height":""}],"twitter_card":"summary_large_image","twitter_misc":{"Tempo estimado de leitura":"1 minuto"},"schema":{"@context":"https:\/\/schema.org","@graph":[{"@type":"WebPage","@id":"https:\/\/www.violencequefaire.ch\/pt-pt\/violencia-fisica\/","url":"https:\/\/www.violencequefaire.ch\/pt-pt\/violencia-fisica\/","name":"Viol\u00eancia f\u00edsica &#8226; Violence que faire ?","isPartOf":{"@id":"https:\/\/www.violencequefaire.ch\/pt-pt\/#website"},"datePublished":"2022-03-25T14:03:37+00:00","dateModified":"2025-10-22T06:06:01+00:00","breadcrumb":{"@id":"https:\/\/www.violencequefaire.ch\/pt-pt\/violencia-fisica\/#breadcrumb"},"inLanguage":"pt-PT","potentialAction":[{"@type":"ReadAction","target":["https:\/\/www.violencequefaire.ch\/pt-pt\/violencia-fisica\/"]}]},{"@type":"BreadcrumbList","@id":"https:\/\/www.violencequefaire.ch\/pt-pt\/violencia-fisica\/#breadcrumb","itemListElement":[{"@type":"ListItem","position":1,"name":"In\u00edcio","item":"https:\/\/www.violencequefaire.ch\/pt-pt\/"},{"@type":"ListItem","position":2,"name":"Viol\u00eancia f\u00edsica"}]},{"@type":"WebSite","@id":"https:\/\/www.violencequefaire.ch\/pt-pt\/#website","url":"https:\/\/www.violencequefaire.ch\/pt-pt\/","name":"Violence que faire","description":"Des sp\u00e9cialistes r\u00e9pondent personnellement \u00e0 vos questions anonymes sur la violence au sein du couple.","publisher":{"@id":"https:\/\/www.violencequefaire.ch\/pt-pt\/#organization"},"alternateName":"Violenza Cosa Fare","potentialAction":[{"@type":"SearchAction","target":{"@type":"EntryPoint","urlTemplate":"https:\/\/www.violencequefaire.ch\/pt-pt\/?s={search_term_string}"},"query-input":{"@type":"PropertyValueSpecification","valueRequired":true,"valueName":"search_term_string"}}],"inLanguage":"pt-PT"},{"@type":"Organization","@id":"https:\/\/www.violencequefaire.ch\/pt-pt\/#organization","name":"Violence que faire ?","url":"https:\/\/www.violencequefaire.ch\/pt-pt\/","logo":{"@type":"ImageObject","inLanguage":"pt-PT","@id":"https:\/\/www.violencequefaire.ch\/pt-pt\/#\/schema\/logo\/image\/","url":"https:\/\/www.violencequefaire.ch\/wp-content\/uploads\/2022\/04\/VQF_LOGO_neutre.jpg","contentUrl":"https:\/\/www.violencequefaire.ch\/wp-content\/uploads\/2022\/04\/VQF_LOGO_neutre.jpg","width":253,"height":376,"caption":"Violence que faire ?"},"image":{"@id":"https:\/\/www.violencequefaire.ch\/pt-pt\/#\/schema\/logo\/image\/"}}]}},"_links":{"self":[{"href":"https:\/\/www.violencequefaire.ch\/pt-pt\/wp-json\/wp\/v2\/pages\/2106","targetHints":{"allow":["GET"]}}],"collection":[{"href":"https:\/\/www.violencequefaire.ch\/pt-pt\/wp-json\/wp\/v2\/pages"}],"about":[{"href":"https:\/\/www.violencequefaire.ch\/pt-pt\/wp-json\/wp\/v2\/types\/page"}],"author":[{"embeddable":true,"href":"https:\/\/www.violencequefaire.ch\/pt-pt\/wp-json\/wp\/v2\/users\/16"}],"replies":[{"embeddable":true,"href":"https:\/\/www.violencequefaire.ch\/pt-pt\/wp-json\/wp\/v2\/comments?post=2106"}],"version-history":[{"count":7,"href":"https:\/\/www.violencequefaire.ch\/pt-pt\/wp-json\/wp\/v2\/pages\/2106\/revisions"}],"predecessor-version":[{"id":11903,"href":"https:\/\/www.violencequefaire.ch\/pt-pt\/wp-json\/wp\/v2\/pages\/2106\/revisions\/11903"}],"wp:attachment":[{"href":"https:\/\/www.violencequefaire.ch\/pt-pt\/wp-json\/wp\/v2\/media?parent=2106"}],"curies":[{"name":"wp","href":"https:\/\/api.w.org\/{rel}","templated":true}]}}

Violência física

<div class="wpb-content-wrapper"><p>[vc_row][vc_column]<section class='vqf_section_block text_n_media_block podcast_media'><div class='vqf_container'><div class='vqf_row'><div class='left_text_block'><h2>Como reconhecê-la?</h2><div class='vqf_fixed_width_text'><p></p>
<p>A violência física nem sempre está presente nas situações de violência conjugal, mas existe uma grande probabilidade de se manifestar ao longo do tempo. A pessoa violenta recorre à violência física quando sente que já não consegue exercer controlo sobre a pessoa parceira, quando mostra demasiada independência. Nessa altura, a pessoa violenta pode tornar-se brutal, recorrer a socos, golpes, violência física.</p>
<p>&nbsp;</p>
<p><strong>Os actos</strong></p>
<ul>
<li>bloquear a passagem, restringir pela força</li>
<li>imobilizar, levantar do chão</li>
<li>agarrar, abanar</li>
<li>apertar as mãos, torcer os braços, puxar os cabelos</li>
<li>empurrar violentamente</li>
<li>arranhar, morder, beliscar</li>
<li>esbofetear, esmurrar ou pontapear</li>
<li>bater com um objeto, atirar objectos à outra pessoa</li>
<li>ameaçar ou ferir com uma arma</li>
<li>queimar, sufocar, estrangular</li>
<li>prender, trancar</li>
</ul>
<p></p></div></div><div class='right_media_block'><div class='media_box'><div class='podcast_col'><div class='podcast_item'><a href='https://www.violencequefaire.ch/pt-pt/podcast/episodio-2-em-choque/'></a><div class='bg_layer'><img src='https://www.violencequefaire.ch/wp-content/uploads/2022/04/episode2_couverture.jpg' alt=''></div><div class='inner'><div class='img_block'><img src='https://www.violencequefaire.ch/wp-content/uploads/2022/04/episode2_couverture.jpg' alt=''></div><div class='podcast_info'><span class='episode_name'><strong>VIOLÊNCIA FISICA E SEXUAL</strong>

Especialista: Aline Cuche</span><h5 class='episode_title'>EPISÓDIO 2 &#8211; EM CHOQUE</h5><span class='podcast_author'>Experte: Aline Cuche</span></div></div></div></div></div></div></div></div></section>[/vc_column][/vc_row]</p>
</div>

<!-- This site is optimized with the Yoast SEO plugin v27.3 - https://yoast.com/product/yoast-seo-wordpress/ -->
<title>Violência física &#8226; Violence que faire ?</title>
<meta name="robots" content="index, follow, max-snippet:-1, max-image-preview:large, max-video-preview:-1" />
<link rel="canonical" href="https://www.violencequefaire.ch/pt-pt/violencia-fisica/" />
<meta property="og:locale" content="pt_PT" />
<meta property="og:type" content="article" />
<meta property="og:title" content="Violência física &#8226; Violence que faire ?" />
<meta property="og:description" content="[vc_row][vc_column][/vc_column][/vc_row]" />
<meta property="og:url" content="https://www.violencequefaire.ch/pt-pt/violencia-fisica/" />
<meta property="og:site_name" content="Violence que faire ?" />
<meta property="article:modified_time" content="2025-10-22T06:06:01+00:00" />
<meta property="og:image" content="http://true" />
<meta name="twitter:card" content="summary_large_image" />
<meta name="twitter:label1" content="Tempo estimado de leitura" />
	<meta name="twitter:data1" content="1 minuto" />
<script type="application/ld+json" class="yoast-schema-graph">{"@context":"https:\/\/schema.org","@graph":[{"@type":"WebPage","@id":"https:\/\/www.violencequefaire.ch\/pt-pt\/violencia-fisica\/","url":"https:\/\/www.violencequefaire.ch\/pt-pt\/violencia-fisica\/","name":"Violência física &#8226; Violence que faire ?","isPartOf":{"@id":"https:\/\/www.violencequefaire.ch\/pt-pt\/#website"},"datePublished":"2022-03-25T14:03:37+00:00","dateModified":"2025-10-22T06:06:01+00:00","breadcrumb":{"@id":"https:\/\/www.violencequefaire.ch\/pt-pt\/violencia-fisica\/#breadcrumb"},"inLanguage":"pt-PT","potentialAction":[{"@type":"ReadAction","target":["https:\/\/www.violencequefaire.ch\/pt-pt\/violencia-fisica\/"]}]},{"@type":"BreadcrumbList","@id":"https:\/\/www.violencequefaire.ch\/pt-pt\/violencia-fisica\/#breadcrumb","itemListElement":[{"@type":"ListItem","position":1,"name":"Início","item":"https:\/\/www.violencequefaire.ch\/pt-pt\/"},{"@type":"ListItem","position":2,"name":"Violência física"}]},{"@type":"WebSite","@id":"https:\/\/www.violencequefaire.ch\/pt-pt\/#website","url":"https:\/\/www.violencequefaire.ch\/pt-pt\/","name":"Violence que faire","description":"Des spécialistes répondent personnellement à vos questions anonymes sur la violence au sein du couple.","publisher":{"@id":"https:\/\/www.violencequefaire.ch\/pt-pt\/#organization"},"alternateName":"Violenza Cosa Fare","potentialAction":[{"@type":"SearchAction","target":{"@type":"EntryPoint","urlTemplate":"https:\/\/www.violencequefaire.ch\/pt-pt\/?s={search_term_string}"},"query-input":{"@type":"PropertyValueSpecification","valueRequired":true,"valueName":"search_term_string"}}],"inLanguage":"pt-PT"},{"@type":"Organization","@id":"https:\/\/www.violencequefaire.ch\/pt-pt\/#organization","name":"Violence que faire ?","url":"https:\/\/www.violencequefaire.ch\/pt-pt\/","logo":{"@type":"ImageObject","inLanguage":"pt-PT","@id":"https:\/\/www.violencequefaire.ch\/pt-pt\/#\/schema\/logo\/image\/","url":"https:\/\/www.violencequefaire.ch\/wp-content\/uploads\/2022\/04\/VQF_LOGO_neutre.jpg","contentUrl":"https:\/\/www.violencequefaire.ch\/wp-content\/uploads\/2022\/04\/VQF_LOGO_neutre.jpg","width":253,"height":376,"caption":"Violence que faire ?"},"image":{"@id":"https:\/\/www.violencequefaire.ch\/pt-pt\/#\/schema\/logo\/image\/"}}]}</script>
<!-- / Yoast SEO plugin. -->

Violência física &#8226; Violence que faire ?

Início

Des spécialistes répondent personnellement à vos questions anonymes sur la violence au sein du couple.
