{"id":2104,"date":"2022-03-25T15:03:20","date_gmt":"2022-03-25T14:03:20","guid":{"rendered":"https:\/\/dev-vqf.creatives.com\/?page_id=2104"},"modified":"2023-12-14T08:48:30","modified_gmt":"2023-12-14T07:48:30","slug":"e-um-imigrante-na-suica-e-tem-uma-questao-legal","status":"publish","type":"page","link":"https:\/\/www.violencequefaire.ch\/pt-pt\/e-um-imigrante-na-suica-e-tem-uma-questao-legal\/","title":{"rendered":"\u00c9 um imigrante na Su\u00ed\u00e7a e tem uma quest\u00e3o legal"},"content":{"rendered":"<div class=\"wpb-content-wrapper\"><p>[vc_row][vc_column]<section class='vqf_section_block'><div class='vqf_container'><div class='vqf_row'><div class='vqf_full_col'><h2>\u00c9 UM IMIGRANTE NA SU\u00cd\u00c7A E TEM UMA QUEST\u00c3O LEGAL<\/h2><\/div><\/div><\/div><\/section>[\/vc_column][\/vc_row][vc_row][vc_column]<section class='vqf_section_block block_background'><div class='vqf_container'><div class='vqf_row'><div class='vqf_full_col'><h2>Defini\u00e7\u00e3o<\/h2><div class='vqf_fixed_width_text'>\u00c9 imigrante na Su\u00ed\u00e7a, est\u00e1 a viver num ambiente de viol\u00eancia no casal e gostaria de esclarecer quest\u00f5es jur\u00eddicas\u00a0? N\u00e3o hesite em contactar\u00a0:<\/p>\n<ul class=\"contact-juridiques-immigre\">\n<li>No cant\u00e3o de Berna:<br \/>\n<a href=\"https:\/\/csp.ch\/berne-jura\/\" target=\"_blanc\" rel=\"noopener\">Le Centre social protestant (CSP)<\/a>\u00a0\u2013\u00a0<a href=\"mailto:info@%63%73p-bej%75%2ech\">info@csp-beju.ch<\/a><\/li>\n<li>No cant\u00e3o de Friburgo:<br \/>\n<a href=\"http:\/\/ccsi-fr.ch\/fr_FR\/\" target=\"_blanc\" rel=\"noopener\">Le CCSI\/SOS<\/a><a href=\"mailto:info@%63a%72i%74as-%66r%2ech\">\u00a0\u2013\u00a0<\/a><a href=\"mailto:i%6ef%6f@cc%73%69-%66r%2ec%68\">info@ccsi-fr.ch<\/a><a href=\"mailto:info@%63a%72i%74as-%66r%2ech\"><br \/>\n<\/a><a href=\"http:\/\/www.caritas-fribourg.ch\/nous-trouver\" target=\"_blanc\" rel=\"noopener\">Caritas<\/a><a href=\"mailto:info@%63a%72i%74as-%66r%2ech\">\u00a0\u2013\u00a0<\/a><a href=\"mailto:info@%63a%72i%74as-%66r%2ech\">info@caritas-fr.ch<\/a><\/li>\n<li>No cant\u00e3o de Genebra:<br \/>\n<a href=\"https:\/\/csp.ch\/geneve\/\" target=\"_blanc\" rel=\"noopener\">Le Centre social protestant (CSP)<\/a>\u00a0\u2013\u00a0<a href=\"mailto:info@cs%70-%67e%2ech\">info@csp-ge.ch<\/a><\/li>\n<li>No cant\u00e3o do Jura:<br \/>\n<a href=\"https:\/\/csp.ch\/berne-jura\/\" target=\"_blanc\" rel=\"noopener\">Le Centre social protestant (CSP)<\/a><a href=\"mailto:%63onsultati%6fn@csp-b%65%6au%2ech\">\u00a0\u2013\u00a0<\/a><a href=\"mailto:%63onsultati%6fn@csp-b%65%6au%2ech\">consultation@csp-beju.ch<\/a><\/li>\n<li>No cant\u00e3o de Neuch\u00e2tel:<br \/>\n<a href=\"https:\/\/www.caritas-neuchatel.ch\/contact\" target=\"_blanc\" rel=\"noopener\">Caritas<\/a>\u00a0\u2013\u00a0<a href=\"mailto:c%61ritas.n%65%75c%68a%74el@%6ee%2ech\">caritas.neuchatel@ne.ch<\/a><\/li>\n<li>No cant\u00e3o do Valais:<br \/>\n<a href=\"http:\/\/www.csivs.ch\/permanence-juridique-et-sociale\" target=\"_blanc\" rel=\"noopener\">Le Centre Suisse -Immigr\u00e9s\u00a0<\/a><a href=\"mailto:c%73ivs@%62lu%65w%69n%2e%63h\">\u2013\u00a0<\/a><a href=\"mailto:c%73ivs@%62lu%65w%69n%2e%63h\">csivs@bluewin.ch<\/a><\/li>\n<li>No cant\u00e3o de Vaud:<br \/>\n<a href=\"https:\/\/csp.ch\/vaud\/services\/questions-de-migration\/\" target=\"_blanc\" rel=\"noopener\">La Fraternit\u00e9 du Centre social protestant (CSP)<\/a>\u00a0\u2013\u00a0<a href=\"mailto:%66%72at@c%73%70%2dvd%2ec%68\">frat@csp-vd.ch<\/a><\/li>\n<\/ul>\n<p><\/div><\/div><\/div><\/div><\/section>[\/vc_column][\/vc_row]<\/p>\n<\/div>","protected":false},"excerpt":{"rendered":"<p>[vc_row][vc_column][\/vc_column][\/vc_row][vc_row][vc_column][\/vc_column][\/vc_row]<\/p>\n","protected":false},"author":16,"featured_media":0,"parent":0,"menu_order":0,"comment_status":"closed","ping_status":"closed","template":"templates\/psychologique.php","meta":{"_acf_changed":false,"footnotes":""},"class_list":["post-2104","page","type-page","status-publish","hentry"],"acf":[],"yoast_head":"<!-- This site is optimized with the Yoast SEO plugin v27.3 - https:\/\/yoast.com\/product\/yoast-seo-wordpress\/ -->\n<title>\u00c9 um imigrante na Su\u00ed\u00e7a e tem uma quest\u00e3o legal &#8226; Violence que faire ?<\/title>\n<meta name=\"robots\" content=\"index, follow, max-snippet:-1, max-image-preview:large, max-video-preview:-1\" \/>\n<link rel=\"canonical\" href=\"https:\/\/www.violencequefaire.ch\/pt-pt\/e-um-imigrante-na-suica-e-tem-uma-questao-legal\/\" \/>\n<meta property=\"og:locale\" content=\"pt_PT\" \/>\n<meta property=\"og:type\" content=\"article\" \/>\n<meta property=\"og:title\" content=\"\u00c9 um imigrante na Su\u00ed\u00e7a e tem uma quest\u00e3o legal &#8226; Violence que faire ?\" \/>\n<meta property=\"og:description\" content=\"[vc_row][vc_column][\/vc_column][\/vc_row][vc_row][vc_column][\/vc_column][\/vc_row]\" \/>\n<meta property=\"og:url\" content=\"https:\/\/www.violencequefaire.ch\/pt-pt\/e-um-imigrante-na-suica-e-tem-uma-questao-legal\/\" \/>\n<meta property=\"og:site_name\" content=\"Violence que faire ?\" \/>\n<meta property=\"article:modified_time\" content=\"2023-12-14T07:48:30+00:00\" \/>\n<meta name=\"twitter:card\" content=\"summary_large_image\" \/>\n<meta name=\"twitter:label1\" content=\"Tempo estimado de leitura\" \/>\n\t<meta name=\"twitter:data1\" content=\"1 minuto\" \/>\n<script type=\"application\/ld+json\" class=\"yoast-schema-graph\">{\"@context\":\"https:\\\/\\\/schema.org\",\"@graph\":[{\"@type\":\"WebPage\",\"@id\":\"https:\\\/\\\/www.violencequefaire.ch\\\/pt-pt\\\/e-um-imigrante-na-suica-e-tem-uma-questao-legal\\\/\",\"url\":\"https:\\\/\\\/www.violencequefaire.ch\\\/pt-pt\\\/e-um-imigrante-na-suica-e-tem-uma-questao-legal\\\/\",\"name\":\"\u00c9 um imigrante na Su\u00ed\u00e7a e tem uma quest\u00e3o legal &#8226; Violence que faire ?\",\"isPartOf\":{\"@id\":\"https:\\\/\\\/www.violencequefaire.ch\\\/pt-pt\\\/#website\"},\"datePublished\":\"2022-03-25T14:03:20+00:00\",\"dateModified\":\"2023-12-14T07:48:30+00:00\",\"breadcrumb\":{\"@id\":\"https:\\\/\\\/www.violencequefaire.ch\\\/pt-pt\\\/e-um-imigrante-na-suica-e-tem-uma-questao-legal\\\/#breadcrumb\"},\"inLanguage\":\"pt-PT\",\"potentialAction\":[{\"@type\":\"ReadAction\",\"target\":[\"https:\\\/\\\/www.violencequefaire.ch\\\/pt-pt\\\/e-um-imigrante-na-suica-e-tem-uma-questao-legal\\\/\"]}]},{\"@type\":\"BreadcrumbList\",\"@id\":\"https:\\\/\\\/www.violencequefaire.ch\\\/pt-pt\\\/e-um-imigrante-na-suica-e-tem-uma-questao-legal\\\/#breadcrumb\",\"itemListElement\":[{\"@type\":\"ListItem\",\"position\":1,\"name\":\"In\u00edcio\",\"item\":\"https:\\\/\\\/www.violencequefaire.ch\\\/pt-pt\\\/\"},{\"@type\":\"ListItem\",\"position\":2,\"name\":\"\u00c9 um imigrante na Su\u00ed\u00e7a e tem uma quest\u00e3o legal\"}]},{\"@type\":\"WebSite\",\"@id\":\"https:\\\/\\\/www.violencequefaire.ch\\\/pt-pt\\\/#website\",\"url\":\"https:\\\/\\\/www.violencequefaire.ch\\\/pt-pt\\\/\",\"name\":\"Violence que faire\",\"description\":\"Des sp\u00e9cialistes r\u00e9pondent personnellement \u00e0 vos questions anonymes sur la violence au sein du couple.\",\"publisher\":{\"@id\":\"https:\\\/\\\/www.violencequefaire.ch\\\/pt-pt\\\/#organization\"},\"alternateName\":\"Violenza Cosa Fare\",\"potentialAction\":[{\"@type\":\"SearchAction\",\"target\":{\"@type\":\"EntryPoint\",\"urlTemplate\":\"https:\\\/\\\/www.violencequefaire.ch\\\/pt-pt\\\/?s={search_term_string}\"},\"query-input\":{\"@type\":\"PropertyValueSpecification\",\"valueRequired\":true,\"valueName\":\"search_term_string\"}}],\"inLanguage\":\"pt-PT\"},{\"@type\":\"Organization\",\"@id\":\"https:\\\/\\\/www.violencequefaire.ch\\\/pt-pt\\\/#organization\",\"name\":\"Violence que faire ?\",\"url\":\"https:\\\/\\\/www.violencequefaire.ch\\\/pt-pt\\\/\",\"logo\":{\"@type\":\"ImageObject\",\"inLanguage\":\"pt-PT\",\"@id\":\"https:\\\/\\\/www.violencequefaire.ch\\\/pt-pt\\\/#\\\/schema\\\/logo\\\/image\\\/\",\"url\":\"https:\\\/\\\/www.violencequefaire.ch\\\/wp-content\\\/uploads\\\/2022\\\/04\\\/VQF_LOGO_neutre.jpg\",\"contentUrl\":\"https:\\\/\\\/www.violencequefaire.ch\\\/wp-content\\\/uploads\\\/2022\\\/04\\\/VQF_LOGO_neutre.jpg\",\"width\":253,\"height\":376,\"caption\":\"Violence que faire ?\"},\"image\":{\"@id\":\"https:\\\/\\\/www.violencequefaire.ch\\\/pt-pt\\\/#\\\/schema\\\/logo\\\/image\\\/\"}}]}<\/script>\n<!-- \/ Yoast SEO plugin. -->","yoast_head_json":{"title":"\u00c9 um imigrante na Su\u00ed\u00e7a e tem uma quest\u00e3o legal &#8226; Violence que faire ?","robots":{"index":"index","follow":"follow","max-snippet":"max-snippet:-1","max-image-preview":"max-image-preview:large","max-video-preview":"max-video-preview:-1"},"canonical":"https:\/\/www.violencequefaire.ch\/pt-pt\/e-um-imigrante-na-suica-e-tem-uma-questao-legal\/","og_locale":"pt_PT","og_type":"article","og_title":"\u00c9 um imigrante na Su\u00ed\u00e7a e tem uma quest\u00e3o legal &#8226; Violence que faire ?","og_description":"[vc_row][vc_column][\/vc_column][\/vc_row][vc_row][vc_column][\/vc_column][\/vc_row]","og_url":"https:\/\/www.violencequefaire.ch\/pt-pt\/e-um-imigrante-na-suica-e-tem-uma-questao-legal\/","og_site_name":"Violence que faire ?","article_modified_time":"2023-12-14T07:48:30+00:00","twitter_card":"summary_large_image","twitter_misc":{"Tempo estimado de leitura":"1 minuto"},"schema":{"@context":"https:\/\/schema.org","@graph":[{"@type":"WebPage","@id":"https:\/\/www.violencequefaire.ch\/pt-pt\/e-um-imigrante-na-suica-e-tem-uma-questao-legal\/","url":"https:\/\/www.violencequefaire.ch\/pt-pt\/e-um-imigrante-na-suica-e-tem-uma-questao-legal\/","name":"\u00c9 um imigrante na Su\u00ed\u00e7a e tem uma quest\u00e3o legal &#8226; Violence que faire ?","isPartOf":{"@id":"https:\/\/www.violencequefaire.ch\/pt-pt\/#website"},"datePublished":"2022-03-25T14:03:20+00:00","dateModified":"2023-12-14T07:48:30+00:00","breadcrumb":{"@id":"https:\/\/www.violencequefaire.ch\/pt-pt\/e-um-imigrante-na-suica-e-tem-uma-questao-legal\/#breadcrumb"},"inLanguage":"pt-PT","potentialAction":[{"@type":"ReadAction","target":["https:\/\/www.violencequefaire.ch\/pt-pt\/e-um-imigrante-na-suica-e-tem-uma-questao-legal\/"]}]},{"@type":"BreadcrumbList","@id":"https:\/\/www.violencequefaire.ch\/pt-pt\/e-um-imigrante-na-suica-e-tem-uma-questao-legal\/#breadcrumb","itemListElement":[{"@type":"ListItem","position":1,"name":"In\u00edcio","item":"https:\/\/www.violencequefaire.ch\/pt-pt\/"},{"@type":"ListItem","position":2,"name":"\u00c9 um imigrante na Su\u00ed\u00e7a e tem uma quest\u00e3o legal"}]},{"@type":"WebSite","@id":"https:\/\/www.violencequefaire.ch\/pt-pt\/#website","url":"https:\/\/www.violencequefaire.ch\/pt-pt\/","name":"Violence que faire","description":"Des sp\u00e9cialistes r\u00e9pondent personnellement \u00e0 vos questions anonymes sur la violence au sein du couple.","publisher":{"@id":"https:\/\/www.violencequefaire.ch\/pt-pt\/#organization"},"alternateName":"Violenza Cosa Fare","potentialAction":[{"@type":"SearchAction","target":{"@type":"EntryPoint","urlTemplate":"https:\/\/www.violencequefaire.ch\/pt-pt\/?s={search_term_string}"},"query-input":{"@type":"PropertyValueSpecification","valueRequired":true,"valueName":"search_term_string"}}],"inLanguage":"pt-PT"},{"@type":"Organization","@id":"https:\/\/www.violencequefaire.ch\/pt-pt\/#organization","name":"Violence que faire ?","url":"https:\/\/www.violencequefaire.ch\/pt-pt\/","logo":{"@type":"ImageObject","inLanguage":"pt-PT","@id":"https:\/\/www.violencequefaire.ch\/pt-pt\/#\/schema\/logo\/image\/","url":"https:\/\/www.violencequefaire.ch\/wp-content\/uploads\/2022\/04\/VQF_LOGO_neutre.jpg","contentUrl":"https:\/\/www.violencequefaire.ch\/wp-content\/uploads\/2022\/04\/VQF_LOGO_neutre.jpg","width":253,"height":376,"caption":"Violence que faire ?"},"image":{"@id":"https:\/\/www.violencequefaire.ch\/pt-pt\/#\/schema\/logo\/image\/"}}]}},"_links":{"self":[{"href":"https:\/\/www.violencequefaire.ch\/pt-pt\/wp-json\/wp\/v2\/pages\/2104","targetHints":{"allow":["GET"]}}],"collection":[{"href":"https:\/\/www.violencequefaire.ch\/pt-pt\/wp-json\/wp\/v2\/pages"}],"about":[{"href":"https:\/\/www.violencequefaire.ch\/pt-pt\/wp-json\/wp\/v2\/types\/page"}],"author":[{"embeddable":true,"href":"https:\/\/www.violencequefaire.ch\/pt-pt\/wp-json\/wp\/v2\/users\/16"}],"replies":[{"embeddable":true,"href":"https:\/\/www.violencequefaire.ch\/pt-pt\/wp-json\/wp\/v2\/comments?post=2104"}],"version-history":[{"count":3,"href":"https:\/\/www.violencequefaire.ch\/pt-pt\/wp-json\/wp\/v2\/pages\/2104\/revisions"}],"predecessor-version":[{"id":5408,"href":"https:\/\/www.violencequefaire.ch\/pt-pt\/wp-json\/wp\/v2\/pages\/2104\/revisions\/5408"}],"wp:attachment":[{"href":"https:\/\/www.violencequefaire.ch\/pt-pt\/wp-json\/wp\/v2\/media?parent=2104"}],"curies":[{"name":"wp","href":"https:\/\/api.w.org\/{rel}","templated":true}]}}

É um imigrante na Suíça e tem uma questão legal

<div class="wpb-content-wrapper"><p>[vc_row][vc_column]<section class='vqf_section_block'><div class='vqf_container'><div class='vqf_row'><div class='vqf_full_col'><h2>É UM IMIGRANTE NA SUÍÇA E TEM UMA QUESTÃO LEGAL</h2></div></div></div></section>[/vc_column][/vc_row][vc_row][vc_column]<section class='vqf_section_block block_background'><div class='vqf_container'><div class='vqf_row'><div class='vqf_full_col'><h2>Definição</h2><div class='vqf_fixed_width_text'>É imigrante na Suíça, está a viver num ambiente de violência no casal e gostaria de esclarecer questões jurídicas ? Não hesite em contactar :</p>
<ul class="contact-juridiques-immigre">
<li>No cantão de Berna:<br />
<a href="https://csp.ch/berne-jura/" target="_blanc" rel="noopener">Le Centre social protestant (CSP)</a> – <a href="mailto:info@%63%73p-bej%75%2ech">info@csp-beju.ch</a></li>
<li>No cantão de Friburgo:<br />
<a href="http://ccsi-fr.ch/fr_FR/" target="_blanc" rel="noopener">Le CCSI/SOS</a><a href="mailto:info@%63a%72i%74as-%66r%2ech"> – </a><a href="mailto:i%6ef%6f@cc%73%69-%66r%2ec%68">info@ccsi-fr.ch</a><a href="mailto:info@%63a%72i%74as-%66r%2ech"><br />
</a><a href="http://www.caritas-fribourg.ch/nous-trouver" target="_blanc" rel="noopener">Caritas</a><a href="mailto:info@%63a%72i%74as-%66r%2ech"> – </a><a href="mailto:info@%63a%72i%74as-%66r%2ech">info@caritas-fr.ch</a></li>
<li>No cantão de Genebra:<br />
<a href="https://csp.ch/geneve/" target="_blanc" rel="noopener">Le Centre social protestant (CSP)</a> – <a href="mailto:info@cs%70-%67e%2ech">info@csp-ge.ch</a></li>
<li>No cantão do Jura:<br />
<a href="https://csp.ch/berne-jura/" target="_blanc" rel="noopener">Le Centre social protestant (CSP)</a><a href="mailto:%63onsultati%6fn@csp-b%65%6au%2ech"> – </a><a href="mailto:%63onsultati%6fn@csp-b%65%6au%2ech">consultation@csp-beju.ch</a></li>
<li>No cantão de Neuchâtel:<br />
<a href="https://www.caritas-neuchatel.ch/contact" target="_blanc" rel="noopener">Caritas</a> – <a href="mailto:c%61ritas.n%65%75c%68a%74el@%6ee%2ech">caritas.neuchatel@ne.ch</a></li>
<li>No cantão do Valais:<br />
<a href="http://www.csivs.ch/permanence-juridique-et-sociale" target="_blanc" rel="noopener">Le Centre Suisse -Immigrés </a><a href="mailto:c%73ivs@%62lu%65w%69n%2e%63h">– </a><a href="mailto:c%73ivs@%62lu%65w%69n%2e%63h">csivs@bluewin.ch</a></li>
<li>No cantão de Vaud:<br />
<a href="https://csp.ch/vaud/services/questions-de-migration/" target="_blanc" rel="noopener">La Fraternité du Centre social protestant (CSP)</a> – <a href="mailto:%66%72at@c%73%70%2dvd%2ec%68">frat@csp-vd.ch</a></li>
</ul>
<p></div></div></div></div></section>[/vc_column][/vc_row]</p>
</div>

<!-- This site is optimized with the Yoast SEO plugin v27.3 - https://yoast.com/product/yoast-seo-wordpress/ -->
<title>É um imigrante na Suíça e tem uma questão legal &#8226; Violence que faire ?</title>
<meta name="robots" content="index, follow, max-snippet:-1, max-image-preview:large, max-video-preview:-1" />
<link rel="canonical" href="https://www.violencequefaire.ch/pt-pt/e-um-imigrante-na-suica-e-tem-uma-questao-legal/" />
<meta property="og:locale" content="pt_PT" />
<meta property="og:type" content="article" />
<meta property="og:title" content="É um imigrante na Suíça e tem uma questão legal &#8226; Violence que faire ?" />
<meta property="og:description" content="[vc_row][vc_column][/vc_column][/vc_row][vc_row][vc_column][/vc_column][/vc_row]" />
<meta property="og:url" content="https://www.violencequefaire.ch/pt-pt/e-um-imigrante-na-suica-e-tem-uma-questao-legal/" />
<meta property="og:site_name" content="Violence que faire ?" />
<meta property="article:modified_time" content="2023-12-14T07:48:30+00:00" />
<meta name="twitter:card" content="summary_large_image" />
<meta name="twitter:label1" content="Tempo estimado de leitura" />
	<meta name="twitter:data1" content="1 minuto" />
<script type="application/ld+json" class="yoast-schema-graph">{"@context":"https:\/\/schema.org","@graph":[{"@type":"WebPage","@id":"https:\/\/www.violencequefaire.ch\/pt-pt\/e-um-imigrante-na-suica-e-tem-uma-questao-legal\/","url":"https:\/\/www.violencequefaire.ch\/pt-pt\/e-um-imigrante-na-suica-e-tem-uma-questao-legal\/","name":"É um imigrante na Suíça e tem uma questão legal &#8226; Violence que faire ?","isPartOf":{"@id":"https:\/\/www.violencequefaire.ch\/pt-pt\/#website"},"datePublished":"2022-03-25T14:03:20+00:00","dateModified":"2023-12-14T07:48:30+00:00","breadcrumb":{"@id":"https:\/\/www.violencequefaire.ch\/pt-pt\/e-um-imigrante-na-suica-e-tem-uma-questao-legal\/#breadcrumb"},"inLanguage":"pt-PT","potentialAction":[{"@type":"ReadAction","target":["https:\/\/www.violencequefaire.ch\/pt-pt\/e-um-imigrante-na-suica-e-tem-uma-questao-legal\/"]}]},{"@type":"BreadcrumbList","@id":"https:\/\/www.violencequefaire.ch\/pt-pt\/e-um-imigrante-na-suica-e-tem-uma-questao-legal\/#breadcrumb","itemListElement":[{"@type":"ListItem","position":1,"name":"Início","item":"https:\/\/www.violencequefaire.ch\/pt-pt\/"},{"@type":"ListItem","position":2,"name":"É um imigrante na Suíça e tem uma questão legal"}]},{"@type":"WebSite","@id":"https:\/\/www.violencequefaire.ch\/pt-pt\/#website","url":"https:\/\/www.violencequefaire.ch\/pt-pt\/","name":"Violence que faire","description":"Des spécialistes répondent personnellement à vos questions anonymes sur la violence au sein du couple.","publisher":{"@id":"https:\/\/www.violencequefaire.ch\/pt-pt\/#organization"},"alternateName":"Violenza Cosa Fare","potentialAction":[{"@type":"SearchAction","target":{"@type":"EntryPoint","urlTemplate":"https:\/\/www.violencequefaire.ch\/pt-pt\/?s={search_term_string}"},"query-input":{"@type":"PropertyValueSpecification","valueRequired":true,"valueName":"search_term_string"}}],"inLanguage":"pt-PT"},{"@type":"Organization","@id":"https:\/\/www.violencequefaire.ch\/pt-pt\/#organization","name":"Violence que faire ?","url":"https:\/\/www.violencequefaire.ch\/pt-pt\/","logo":{"@type":"ImageObject","inLanguage":"pt-PT","@id":"https:\/\/www.violencequefaire.ch\/pt-pt\/#\/schema\/logo\/image\/","url":"https:\/\/www.violencequefaire.ch\/wp-content\/uploads\/2022\/04\/VQF_LOGO_neutre.jpg","contentUrl":"https:\/\/www.violencequefaire.ch\/wp-content\/uploads\/2022\/04\/VQF_LOGO_neutre.jpg","width":253,"height":376,"caption":"Violence que faire ?"},"image":{"@id":"https:\/\/www.violencequefaire.ch\/pt-pt\/#\/schema\/logo\/image\/"}}]}</script>
<!-- / Yoast SEO plugin. -->

É um imigrante na Suíça e tem uma questão legal &#8226; Violence que faire ?

Início

Des spécialistes répondent personnellement à vos questions anonymes sur la violence au sein du couple.
