{"id":2179,"date":"2022-03-25T15:06:46","date_gmt":"2022-03-25T14:06:46","guid":{"rendered":"https:\/\/dev-vqf.creatives.com\/?page_id=2179"},"modified":"2023-12-14T07:06:41","modified_gmt":"2023-12-14T06:06:41","slug":"dzieci","status":"publish","type":"page","link":"https:\/\/www.violencequefaire.ch\/pl\/dzieci\/","title":{"rendered":"Dzieci"},"content":{"rendered":"<div class=\"wpb-content-wrapper\"><p>[vc_row][vc_column]<section class='vqf_section_block block_background'><div class='vqf_container'><div class='vqf_row'><div class='vqf_full_col'><h2>DZIECI CIERPI\u0104 PRZEZ PRZEMOC<\/h2><div class='vqf_fixed_width_text'>Dzieci wychowuj\u0105ce si\u0119 w kontek\u015bcie przemocy w rodzinie zawsze do\u015bwiadczaj\u0105 jej skutk\u00f3w. S\u0105 zaniepokojone nieprzewidywalnymi i niewyt\u0142umaczalnymi wybuchami agresji. Ci\u0119\u017car tego \u201esekretu rodzinnego\u201d przejawia si\u0119 smutkiem, problemami emocjonalnymi, niepokojem i poczuciem braku bezpiecze\u0144stwa.<\/p>\n<p>Cz\u0119sto czuj\u0105 si\u0119 winne przemocy i odpowiedzialne za popraw\u0119 sytuacji.<\/p>\n<p>W konsekwencji mog\u0105 pojawi\u0107 si\u0119 u nich r\u00f3\u017cne zaburzenia, jak enurezja (moczenie nocne), problemy ze snem, problemy z od\u017cywianiem, b\u00f3le brzucha lub g\u0142owy, agresywno\u015b\u0107, zamkni\u0119cie si\u0119 w sobie lub problemy w nauce.<\/p>\n<p>W szczeg\u00f3lnym niebezpiecze\u0144stwie znajduj\u0105 si\u0119 niemowl\u0119ta, kt\u00f3re mog\u0105 by\u0107 nara\u017cone na uderzenia wymierzone w matk\u0119, kt\u00f3ra akurat trzyma dziecko.<\/p>\n<p>Ponadto \u017cyj\u0105c w rodzinie, w kt\u00f3rej rz\u0105dzi przemoc, dzieci mog\u0105 mie\u0107 sk\u0142onno\u015b\u0107 do banalizowania agresji. Sytuacja, w kt\u00f3rej si\u0119 wychowuj\u0105, wywo\u0142uje w nich przekonanie, \u017ce przemoc jest zachowaniem dopuszczalnym.<\/p>\n<p>Mo\u017cesz tego wszystkiego unikn\u0105\u0107, je\u015bli porozmawiasz z kim\u015b bliskim (rodzina, znajomi) lub z osob\u0105 zawodowo zajmuj\u0105c\u0105 si\u0119 przemoc\u0105 w rodzinie.<\/p>\n<p>Nie zamykaj si\u0119 ze swoim problemem sam\/a!<\/div><\/div><\/div><\/div><\/section>[\/vc_column][\/vc_row]<\/p>\n<\/div>","protected":false},"excerpt":{"rendered":"<p>[vc_row][vc_column][\/vc_column][\/vc_row]<\/p>\n","protected":false},"author":16,"featured_media":0,"parent":0,"menu_order":0,"comment_status":"closed","ping_status":"closed","template":"","meta":{"_acf_changed":false,"footnotes":""},"class_list":["post-2179","page","type-page","status-publish","hentry"],"acf":[],"yoast_head":"<!-- This site is optimized with the Yoast SEO plugin v27.3 - https:\/\/yoast.com\/product\/yoast-seo-wordpress\/ -->\n<title>Dzieci &#8226; Violence que faire ?<\/title>\n<meta name=\"robots\" content=\"index, follow, max-snippet:-1, max-image-preview:large, max-video-preview:-1\" \/>\n<link rel=\"canonical\" href=\"https:\/\/www.violencequefaire.ch\/pl\/dzieci\/\" \/>\n<meta property=\"og:locale\" content=\"pl_PL\" \/>\n<meta property=\"og:type\" content=\"article\" \/>\n<meta property=\"og:title\" content=\"Dzieci &#8226; Violence que faire ?\" \/>\n<meta property=\"og:description\" content=\"[vc_row][vc_column][\/vc_column][\/vc_row]\" \/>\n<meta property=\"og:url\" content=\"https:\/\/www.violencequefaire.ch\/pl\/dzieci\/\" \/>\n<meta property=\"og:site_name\" content=\"Violence que faire ?\" \/>\n<meta property=\"article:modified_time\" content=\"2023-12-14T06:06:41+00:00\" \/>\n<meta name=\"twitter:card\" content=\"summary_large_image\" \/>\n<meta name=\"twitter:label1\" content=\"Szacowany czas czytania\" \/>\n\t<meta name=\"twitter:data1\" content=\"1 minuta\" \/>\n<script type=\"application\/ld+json\" class=\"yoast-schema-graph\">{\"@context\":\"https:\\\/\\\/schema.org\",\"@graph\":[{\"@type\":\"WebPage\",\"@id\":\"https:\\\/\\\/www.violencequefaire.ch\\\/pl\\\/dzieci\\\/\",\"url\":\"https:\\\/\\\/www.violencequefaire.ch\\\/pl\\\/dzieci\\\/\",\"name\":\"Dzieci &#8226; Violence que faire ?\",\"isPartOf\":{\"@id\":\"https:\\\/\\\/www.violencequefaire.ch\\\/pl\\\/#website\"},\"datePublished\":\"2022-03-25T14:06:46+00:00\",\"dateModified\":\"2023-12-14T06:06:41+00:00\",\"breadcrumb\":{\"@id\":\"https:\\\/\\\/www.violencequefaire.ch\\\/pl\\\/dzieci\\\/#breadcrumb\"},\"inLanguage\":\"pl-PL\",\"potentialAction\":[{\"@type\":\"ReadAction\",\"target\":[\"https:\\\/\\\/www.violencequefaire.ch\\\/pl\\\/dzieci\\\/\"]}]},{\"@type\":\"BreadcrumbList\",\"@id\":\"https:\\\/\\\/www.violencequefaire.ch\\\/pl\\\/dzieci\\\/#breadcrumb\",\"itemListElement\":[{\"@type\":\"ListItem\",\"position\":1,\"name\":\"Strona g\u0142\u00f3wna\",\"item\":\"https:\\\/\\\/www.violencequefaire.ch\\\/pl\\\/\"},{\"@type\":\"ListItem\",\"position\":2,\"name\":\"Dzieci\"}]},{\"@type\":\"WebSite\",\"@id\":\"https:\\\/\\\/www.violencequefaire.ch\\\/pl\\\/#website\",\"url\":\"https:\\\/\\\/www.violencequefaire.ch\\\/pl\\\/\",\"name\":\"Violence que faire\",\"description\":\"Des sp\u00e9cialistes r\u00e9pondent personnellement \u00e0 vos questions anonymes sur la violence au sein du couple.\",\"publisher\":{\"@id\":\"https:\\\/\\\/www.violencequefaire.ch\\\/pl\\\/#organization\"},\"alternateName\":\"Violenza Cosa Fare\",\"potentialAction\":[{\"@type\":\"SearchAction\",\"target\":{\"@type\":\"EntryPoint\",\"urlTemplate\":\"https:\\\/\\\/www.violencequefaire.ch\\\/pl\\\/?s={search_term_string}\"},\"query-input\":{\"@type\":\"PropertyValueSpecification\",\"valueRequired\":true,\"valueName\":\"search_term_string\"}}],\"inLanguage\":\"pl-PL\"},{\"@type\":\"Organization\",\"@id\":\"https:\\\/\\\/www.violencequefaire.ch\\\/pl\\\/#organization\",\"name\":\"Violence que faire ?\",\"url\":\"https:\\\/\\\/www.violencequefaire.ch\\\/pl\\\/\",\"logo\":{\"@type\":\"ImageObject\",\"inLanguage\":\"pl-PL\",\"@id\":\"https:\\\/\\\/www.violencequefaire.ch\\\/pl\\\/#\\\/schema\\\/logo\\\/image\\\/\",\"url\":\"https:\\\/\\\/www.violencequefaire.ch\\\/wp-content\\\/uploads\\\/2022\\\/04\\\/VQF_LOGO_neutre.jpg\",\"contentUrl\":\"https:\\\/\\\/www.violencequefaire.ch\\\/wp-content\\\/uploads\\\/2022\\\/04\\\/VQF_LOGO_neutre.jpg\",\"width\":253,\"height\":376,\"caption\":\"Violence que faire ?\"},\"image\":{\"@id\":\"https:\\\/\\\/www.violencequefaire.ch\\\/pl\\\/#\\\/schema\\\/logo\\\/image\\\/\"}}]}<\/script>\n<!-- \/ Yoast SEO plugin. -->","yoast_head_json":{"title":"Dzieci &#8226; Violence que faire ?","robots":{"index":"index","follow":"follow","max-snippet":"max-snippet:-1","max-image-preview":"max-image-preview:large","max-video-preview":"max-video-preview:-1"},"canonical":"https:\/\/www.violencequefaire.ch\/pl\/dzieci\/","og_locale":"pl_PL","og_type":"article","og_title":"Dzieci &#8226; Violence que faire ?","og_description":"[vc_row][vc_column][\/vc_column][\/vc_row]","og_url":"https:\/\/www.violencequefaire.ch\/pl\/dzieci\/","og_site_name":"Violence que faire ?","article_modified_time":"2023-12-14T06:06:41+00:00","twitter_card":"summary_large_image","twitter_misc":{"Szacowany czas czytania":"1 minuta"},"schema":{"@context":"https:\/\/schema.org","@graph":[{"@type":"WebPage","@id":"https:\/\/www.violencequefaire.ch\/pl\/dzieci\/","url":"https:\/\/www.violencequefaire.ch\/pl\/dzieci\/","name":"Dzieci &#8226; Violence que faire ?","isPartOf":{"@id":"https:\/\/www.violencequefaire.ch\/pl\/#website"},"datePublished":"2022-03-25T14:06:46+00:00","dateModified":"2023-12-14T06:06:41+00:00","breadcrumb":{"@id":"https:\/\/www.violencequefaire.ch\/pl\/dzieci\/#breadcrumb"},"inLanguage":"pl-PL","potentialAction":[{"@type":"ReadAction","target":["https:\/\/www.violencequefaire.ch\/pl\/dzieci\/"]}]},{"@type":"BreadcrumbList","@id":"https:\/\/www.violencequefaire.ch\/pl\/dzieci\/#breadcrumb","itemListElement":[{"@type":"ListItem","position":1,"name":"Strona g\u0142\u00f3wna","item":"https:\/\/www.violencequefaire.ch\/pl\/"},{"@type":"ListItem","position":2,"name":"Dzieci"}]},{"@type":"WebSite","@id":"https:\/\/www.violencequefaire.ch\/pl\/#website","url":"https:\/\/www.violencequefaire.ch\/pl\/","name":"Violence que faire","description":"Des sp\u00e9cialistes r\u00e9pondent personnellement \u00e0 vos questions anonymes sur la violence au sein du couple.","publisher":{"@id":"https:\/\/www.violencequefaire.ch\/pl\/#organization"},"alternateName":"Violenza Cosa Fare","potentialAction":[{"@type":"SearchAction","target":{"@type":"EntryPoint","urlTemplate":"https:\/\/www.violencequefaire.ch\/pl\/?s={search_term_string}"},"query-input":{"@type":"PropertyValueSpecification","valueRequired":true,"valueName":"search_term_string"}}],"inLanguage":"pl-PL"},{"@type":"Organization","@id":"https:\/\/www.violencequefaire.ch\/pl\/#organization","name":"Violence que faire ?","url":"https:\/\/www.violencequefaire.ch\/pl\/","logo":{"@type":"ImageObject","inLanguage":"pl-PL","@id":"https:\/\/www.violencequefaire.ch\/pl\/#\/schema\/logo\/image\/","url":"https:\/\/www.violencequefaire.ch\/wp-content\/uploads\/2022\/04\/VQF_LOGO_neutre.jpg","contentUrl":"https:\/\/www.violencequefaire.ch\/wp-content\/uploads\/2022\/04\/VQF_LOGO_neutre.jpg","width":253,"height":376,"caption":"Violence que faire ?"},"image":{"@id":"https:\/\/www.violencequefaire.ch\/pl\/#\/schema\/logo\/image\/"}}]}},"_links":{"self":[{"href":"https:\/\/www.violencequefaire.ch\/pl\/wp-json\/wp\/v2\/pages\/2179","targetHints":{"allow":["GET"]}}],"collection":[{"href":"https:\/\/www.violencequefaire.ch\/pl\/wp-json\/wp\/v2\/pages"}],"about":[{"href":"https:\/\/www.violencequefaire.ch\/pl\/wp-json\/wp\/v2\/types\/page"}],"author":[{"embeddable":true,"href":"https:\/\/www.violencequefaire.ch\/pl\/wp-json\/wp\/v2\/users\/16"}],"replies":[{"embeddable":true,"href":"https:\/\/www.violencequefaire.ch\/pl\/wp-json\/wp\/v2\/comments?post=2179"}],"version-history":[{"count":3,"href":"https:\/\/www.violencequefaire.ch\/pl\/wp-json\/wp\/v2\/pages\/2179\/revisions"}],"predecessor-version":[{"id":5383,"href":"https:\/\/www.violencequefaire.ch\/pl\/wp-json\/wp\/v2\/pages\/2179\/revisions\/5383"}],"wp:attachment":[{"href":"https:\/\/www.violencequefaire.ch\/pl\/wp-json\/wp\/v2\/media?parent=2179"}],"curies":[{"name":"wp","href":"https:\/\/api.w.org\/{rel}","templated":true}]}}

<div class="wpb-content-wrapper"><p>[vc_row][vc_column]<section class='vqf_section_block block_background'><div class='vqf_container'><div class='vqf_row'><div class='vqf_full_col'><h2>DZIECI CIERPIĄ PRZEZ PRZEMOC</h2><div class='vqf_fixed_width_text'>Dzieci wychowujące się w kontekście przemocy w rodzinie zawsze doświadczają jej skutków. Są zaniepokojone nieprzewidywalnymi i niewytłumaczalnymi wybuchami agresji. Ciężar tego „sekretu rodzinnego” przejawia się smutkiem, problemami emocjonalnymi, niepokojem i poczuciem braku bezpieczeństwa.</p>
<p>Często czują się winne przemocy i odpowiedzialne za poprawę sytuacji.</p>
<p>W konsekwencji mogą pojawić się u nich różne zaburzenia, jak enurezja (moczenie nocne), problemy ze snem, problemy z odżywianiem, bóle brzucha lub głowy, agresywność, zamknięcie się w sobie lub problemy w nauce.</p>
<p>W szczególnym niebezpieczeństwie znajdują się niemowlęta, które mogą być narażone na uderzenia wymierzone w matkę, która akurat trzyma dziecko.</p>
<p>Ponadto żyjąc w rodzinie, w której rządzi przemoc, dzieci mogą mieć skłonność do banalizowania agresji. Sytuacja, w której się wychowują, wywołuje w nich przekonanie, że przemoc jest zachowaniem dopuszczalnym.</p>
<p>Możesz tego wszystkiego uniknąć, jeśli porozmawiasz z kimś bliskim (rodzina, znajomi) lub z osobą zawodowo zajmującą się przemocą w rodzinie.</p>
<p>Nie zamykaj się ze swoim problemem sam/a!</div></div></div></div></section>[/vc_column][/vc_row]</p>
</div>

<!-- This site is optimized with the Yoast SEO plugin v27.3 - https://yoast.com/product/yoast-seo-wordpress/ -->
<title>Dzieci &#8226; Violence que faire ?</title>
<meta name="robots" content="index, follow, max-snippet:-1, max-image-preview:large, max-video-preview:-1" />
<link rel="canonical" href="https://www.violencequefaire.ch/pl/dzieci/" />
<meta property="og:locale" content="pl_PL" />
<meta property="og:type" content="article" />
<meta property="og:title" content="Dzieci &#8226; Violence que faire ?" />
<meta property="og:description" content="[vc_row][vc_column][/vc_column][/vc_row]" />
<meta property="og:url" content="https://www.violencequefaire.ch/pl/dzieci/" />
<meta property="og:site_name" content="Violence que faire ?" />
<meta property="article:modified_time" content="2023-12-14T06:06:41+00:00" />
<meta name="twitter:card" content="summary_large_image" />
<meta name="twitter:label1" content="Szacowany czas czytania" />
	<meta name="twitter:data1" content="1 minuta" />
<script type="application/ld+json" class="yoast-schema-graph">{"@context":"https:\/\/schema.org","@graph":[{"@type":"WebPage","@id":"https:\/\/www.violencequefaire.ch\/pl\/dzieci\/","url":"https:\/\/www.violencequefaire.ch\/pl\/dzieci\/","name":"Dzieci &#8226; Violence que faire ?","isPartOf":{"@id":"https:\/\/www.violencequefaire.ch\/pl\/#website"},"datePublished":"2022-03-25T14:06:46+00:00","dateModified":"2023-12-14T06:06:41+00:00","breadcrumb":{"@id":"https:\/\/www.violencequefaire.ch\/pl\/dzieci\/#breadcrumb"},"inLanguage":"pl-PL","potentialAction":[{"@type":"ReadAction","target":["https:\/\/www.violencequefaire.ch\/pl\/dzieci\/"]}]},{"@type":"BreadcrumbList","@id":"https:\/\/www.violencequefaire.ch\/pl\/dzieci\/#breadcrumb","itemListElement":[{"@type":"ListItem","position":1,"name":"Strona główna","item":"https:\/\/www.violencequefaire.ch\/pl\/"},{"@type":"ListItem","position":2,"name":"Dzieci"}]},{"@type":"WebSite","@id":"https:\/\/www.violencequefaire.ch\/pl\/#website","url":"https:\/\/www.violencequefaire.ch\/pl\/","name":"Violence que faire","description":"Des spécialistes répondent personnellement à vos questions anonymes sur la violence au sein du couple.","publisher":{"@id":"https:\/\/www.violencequefaire.ch\/pl\/#organization"},"alternateName":"Violenza Cosa Fare","potentialAction":[{"@type":"SearchAction","target":{"@type":"EntryPoint","urlTemplate":"https:\/\/www.violencequefaire.ch\/pl\/?s={search_term_string}"},"query-input":{"@type":"PropertyValueSpecification","valueRequired":true,"valueName":"search_term_string"}}],"inLanguage":"pl-PL"},{"@type":"Organization","@id":"https:\/\/www.violencequefaire.ch\/pl\/#organization","name":"Violence que faire ?","url":"https:\/\/www.violencequefaire.ch\/pl\/","logo":{"@type":"ImageObject","inLanguage":"pl-PL","@id":"https:\/\/www.violencequefaire.ch\/pl\/#\/schema\/logo\/image\/","url":"https:\/\/www.violencequefaire.ch\/wp-content\/uploads\/2022\/04\/VQF_LOGO_neutre.jpg","contentUrl":"https:\/\/www.violencequefaire.ch\/wp-content\/uploads\/2022\/04\/VQF_LOGO_neutre.jpg","width":253,"height":376,"caption":"Violence que faire ?"},"image":{"@id":"https:\/\/www.violencequefaire.ch\/pl\/#\/schema\/logo\/image\/"}}]}</script>
<!-- / Yoast SEO plugin. -->

Strona główna

Des spécialistes répondent personnellement à vos questions anonymes sur la violence au sein du couple.
