{"id":2177,"date":"2022-03-25T15:04:14","date_gmt":"2022-03-25T14:04:14","guid":{"rendered":"https:\/\/dev-vqf.creatives.com\/?page_id=2177"},"modified":"2023-12-14T07:22:02","modified_gmt":"2023-12-14T06:22:02","slug":"przemoc-ekonomiczna","status":"publish","type":"page","link":"https:\/\/www.violencequefaire.ch\/pl\/przemoc-ekonomiczna\/","title":{"rendered":"Przemoc ekonomiczna"},"content":{"rendered":"<div class=\"wpb-content-wrapper\"><p>[vc_row][vc_column]<section class='vqf_section_block'><div class='vqf_container'><div class='vqf_row'><div class='vqf_full_col'><h2>PRZEMOC EKONOMICZNA<\/h2><\/div><\/div><\/div><\/section>[\/vc_column][\/vc_row][vc_row][vc_column]<section class='vqf_section_block block_background'><div class='vqf_container'><div class='vqf_row'><div class='vqf_full_col'><h2>Definicja<\/h2><div class='vqf_fixed_width_text'>Je\u015bli ofiara zarabia: pozbawienie lub odci\u0119cie dost\u0119pu do \u015brodk\u00f3w finansowych, kontrola bud\u017cetu, brak uczestnictwa w wydatkach, dysponowanie czyj\u0105\u015b w\u0142asno\u015bci\u0105 bez pozwolenia, zmuszanie do porzucenia pracy.<\/p>\n<p>Je\u015bli ofiara nie zarabia: wydzielanie pieni\u0119dzy, dawanie sum niewystarczaj\u0105cych na utrzymanie, zmuszanie do proszenia o pieni\u0105dze, wymaganie usprawiedliwiania najmniejszych wydatk\u00f3w co do grosza, uniemo\u017cliwianie podj\u0119cia pracy.<\/div><\/div><\/div><\/div><\/section>[\/vc_column][\/vc_row]<\/p>\n<\/div>","protected":false},"excerpt":{"rendered":"<p>[vc_row][vc_column][\/vc_column][\/vc_row][vc_row][vc_column][\/vc_column][\/vc_row]<\/p>\n","protected":false},"author":16,"featured_media":0,"parent":0,"menu_order":0,"comment_status":"closed","ping_status":"closed","template":"templates\/Economique.php","meta":{"_acf_changed":false,"footnotes":""},"class_list":["post-2177","page","type-page","status-publish","hentry"],"acf":[],"yoast_head":"<!-- This site is optimized with the Yoast SEO plugin v27.3 - https:\/\/yoast.com\/product\/yoast-seo-wordpress\/ -->\n<title>Przemoc ekonomiczna &#8226; Violence que faire ?<\/title>\n<meta name=\"robots\" content=\"index, follow, max-snippet:-1, max-image-preview:large, max-video-preview:-1\" \/>\n<link rel=\"canonical\" href=\"https:\/\/www.violencequefaire.ch\/pl\/przemoc-ekonomiczna\/\" \/>\n<meta property=\"og:locale\" content=\"pl_PL\" \/>\n<meta property=\"og:type\" content=\"article\" \/>\n<meta property=\"og:title\" content=\"Przemoc ekonomiczna &#8226; Violence que faire ?\" \/>\n<meta property=\"og:description\" content=\"[vc_row][vc_column][\/vc_column][\/vc_row][vc_row][vc_column][\/vc_column][\/vc_row]\" \/>\n<meta property=\"og:url\" content=\"https:\/\/www.violencequefaire.ch\/pl\/przemoc-ekonomiczna\/\" \/>\n<meta property=\"og:site_name\" content=\"Violence que faire ?\" \/>\n<meta property=\"article:modified_time\" content=\"2023-12-14T06:22:02+00:00\" \/>\n<meta name=\"twitter:card\" content=\"summary_large_image\" \/>\n<meta name=\"twitter:label1\" content=\"Szacowany czas czytania\" \/>\n\t<meta name=\"twitter:data1\" content=\"1 minuta\" \/>\n<script type=\"application\/ld+json\" class=\"yoast-schema-graph\">{\"@context\":\"https:\\\/\\\/schema.org\",\"@graph\":[{\"@type\":\"WebPage\",\"@id\":\"https:\\\/\\\/www.violencequefaire.ch\\\/pl\\\/przemoc-ekonomiczna\\\/\",\"url\":\"https:\\\/\\\/www.violencequefaire.ch\\\/pl\\\/przemoc-ekonomiczna\\\/\",\"name\":\"Przemoc ekonomiczna &#8226; Violence que faire ?\",\"isPartOf\":{\"@id\":\"https:\\\/\\\/www.violencequefaire.ch\\\/pl\\\/#website\"},\"datePublished\":\"2022-03-25T14:04:14+00:00\",\"dateModified\":\"2023-12-14T06:22:02+00:00\",\"breadcrumb\":{\"@id\":\"https:\\\/\\\/www.violencequefaire.ch\\\/pl\\\/przemoc-ekonomiczna\\\/#breadcrumb\"},\"inLanguage\":\"pl-PL\",\"potentialAction\":[{\"@type\":\"ReadAction\",\"target\":[\"https:\\\/\\\/www.violencequefaire.ch\\\/pl\\\/przemoc-ekonomiczna\\\/\"]}]},{\"@type\":\"BreadcrumbList\",\"@id\":\"https:\\\/\\\/www.violencequefaire.ch\\\/pl\\\/przemoc-ekonomiczna\\\/#breadcrumb\",\"itemListElement\":[{\"@type\":\"ListItem\",\"position\":1,\"name\":\"Strona g\u0142\u00f3wna\",\"item\":\"https:\\\/\\\/www.violencequefaire.ch\\\/pl\\\/\"},{\"@type\":\"ListItem\",\"position\":2,\"name\":\"Przemoc ekonomiczna\"}]},{\"@type\":\"WebSite\",\"@id\":\"https:\\\/\\\/www.violencequefaire.ch\\\/pl\\\/#website\",\"url\":\"https:\\\/\\\/www.violencequefaire.ch\\\/pl\\\/\",\"name\":\"Violence que faire\",\"description\":\"Des sp\u00e9cialistes r\u00e9pondent personnellement \u00e0 vos questions anonymes sur la violence au sein du couple.\",\"publisher\":{\"@id\":\"https:\\\/\\\/www.violencequefaire.ch\\\/pl\\\/#organization\"},\"alternateName\":\"Violenza Cosa Fare\",\"potentialAction\":[{\"@type\":\"SearchAction\",\"target\":{\"@type\":\"EntryPoint\",\"urlTemplate\":\"https:\\\/\\\/www.violencequefaire.ch\\\/pl\\\/?s={search_term_string}\"},\"query-input\":{\"@type\":\"PropertyValueSpecification\",\"valueRequired\":true,\"valueName\":\"search_term_string\"}}],\"inLanguage\":\"pl-PL\"},{\"@type\":\"Organization\",\"@id\":\"https:\\\/\\\/www.violencequefaire.ch\\\/pl\\\/#organization\",\"name\":\"Violence que faire ?\",\"url\":\"https:\\\/\\\/www.violencequefaire.ch\\\/pl\\\/\",\"logo\":{\"@type\":\"ImageObject\",\"inLanguage\":\"pl-PL\",\"@id\":\"https:\\\/\\\/www.violencequefaire.ch\\\/pl\\\/#\\\/schema\\\/logo\\\/image\\\/\",\"url\":\"https:\\\/\\\/www.violencequefaire.ch\\\/wp-content\\\/uploads\\\/2022\\\/04\\\/VQF_LOGO_neutre.jpg\",\"contentUrl\":\"https:\\\/\\\/www.violencequefaire.ch\\\/wp-content\\\/uploads\\\/2022\\\/04\\\/VQF_LOGO_neutre.jpg\",\"width\":253,\"height\":376,\"caption\":\"Violence que faire ?\"},\"image\":{\"@id\":\"https:\\\/\\\/www.violencequefaire.ch\\\/pl\\\/#\\\/schema\\\/logo\\\/image\\\/\"}}]}<\/script>\n<!-- \/ Yoast SEO plugin. -->","yoast_head_json":{"title":"Przemoc ekonomiczna &#8226; Violence que faire ?","robots":{"index":"index","follow":"follow","max-snippet":"max-snippet:-1","max-image-preview":"max-image-preview:large","max-video-preview":"max-video-preview:-1"},"canonical":"https:\/\/www.violencequefaire.ch\/pl\/przemoc-ekonomiczna\/","og_locale":"pl_PL","og_type":"article","og_title":"Przemoc ekonomiczna &#8226; Violence que faire ?","og_description":"[vc_row][vc_column][\/vc_column][\/vc_row][vc_row][vc_column][\/vc_column][\/vc_row]","og_url":"https:\/\/www.violencequefaire.ch\/pl\/przemoc-ekonomiczna\/","og_site_name":"Violence que faire ?","article_modified_time":"2023-12-14T06:22:02+00:00","twitter_card":"summary_large_image","twitter_misc":{"Szacowany czas czytania":"1 minuta"},"schema":{"@context":"https:\/\/schema.org","@graph":[{"@type":"WebPage","@id":"https:\/\/www.violencequefaire.ch\/pl\/przemoc-ekonomiczna\/","url":"https:\/\/www.violencequefaire.ch\/pl\/przemoc-ekonomiczna\/","name":"Przemoc ekonomiczna &#8226; Violence que faire ?","isPartOf":{"@id":"https:\/\/www.violencequefaire.ch\/pl\/#website"},"datePublished":"2022-03-25T14:04:14+00:00","dateModified":"2023-12-14T06:22:02+00:00","breadcrumb":{"@id":"https:\/\/www.violencequefaire.ch\/pl\/przemoc-ekonomiczna\/#breadcrumb"},"inLanguage":"pl-PL","potentialAction":[{"@type":"ReadAction","target":["https:\/\/www.violencequefaire.ch\/pl\/przemoc-ekonomiczna\/"]}]},{"@type":"BreadcrumbList","@id":"https:\/\/www.violencequefaire.ch\/pl\/przemoc-ekonomiczna\/#breadcrumb","itemListElement":[{"@type":"ListItem","position":1,"name":"Strona g\u0142\u00f3wna","item":"https:\/\/www.violencequefaire.ch\/pl\/"},{"@type":"ListItem","position":2,"name":"Przemoc ekonomiczna"}]},{"@type":"WebSite","@id":"https:\/\/www.violencequefaire.ch\/pl\/#website","url":"https:\/\/www.violencequefaire.ch\/pl\/","name":"Violence que faire","description":"Des sp\u00e9cialistes r\u00e9pondent personnellement \u00e0 vos questions anonymes sur la violence au sein du couple.","publisher":{"@id":"https:\/\/www.violencequefaire.ch\/pl\/#organization"},"alternateName":"Violenza Cosa Fare","potentialAction":[{"@type":"SearchAction","target":{"@type":"EntryPoint","urlTemplate":"https:\/\/www.violencequefaire.ch\/pl\/?s={search_term_string}"},"query-input":{"@type":"PropertyValueSpecification","valueRequired":true,"valueName":"search_term_string"}}],"inLanguage":"pl-PL"},{"@type":"Organization","@id":"https:\/\/www.violencequefaire.ch\/pl\/#organization","name":"Violence que faire ?","url":"https:\/\/www.violencequefaire.ch\/pl\/","logo":{"@type":"ImageObject","inLanguage":"pl-PL","@id":"https:\/\/www.violencequefaire.ch\/pl\/#\/schema\/logo\/image\/","url":"https:\/\/www.violencequefaire.ch\/wp-content\/uploads\/2022\/04\/VQF_LOGO_neutre.jpg","contentUrl":"https:\/\/www.violencequefaire.ch\/wp-content\/uploads\/2022\/04\/VQF_LOGO_neutre.jpg","width":253,"height":376,"caption":"Violence que faire ?"},"image":{"@id":"https:\/\/www.violencequefaire.ch\/pl\/#\/schema\/logo\/image\/"}}]}},"_links":{"self":[{"href":"https:\/\/www.violencequefaire.ch\/pl\/wp-json\/wp\/v2\/pages\/2177","targetHints":{"allow":["GET"]}}],"collection":[{"href":"https:\/\/www.violencequefaire.ch\/pl\/wp-json\/wp\/v2\/pages"}],"about":[{"href":"https:\/\/www.violencequefaire.ch\/pl\/wp-json\/wp\/v2\/types\/page"}],"author":[{"embeddable":true,"href":"https:\/\/www.violencequefaire.ch\/pl\/wp-json\/wp\/v2\/users\/16"}],"replies":[{"embeddable":true,"href":"https:\/\/www.violencequefaire.ch\/pl\/wp-json\/wp\/v2\/comments?post=2177"}],"version-history":[{"count":10,"href":"https:\/\/www.violencequefaire.ch\/pl\/wp-json\/wp\/v2\/pages\/2177\/revisions"}],"predecessor-version":[{"id":5385,"href":"https:\/\/www.violencequefaire.ch\/pl\/wp-json\/wp\/v2\/pages\/2177\/revisions\/5385"}],"wp:attachment":[{"href":"https:\/\/www.violencequefaire.ch\/pl\/wp-json\/wp\/v2\/media?parent=2177"}],"curies":[{"name":"wp","href":"https:\/\/api.w.org\/{rel}","templated":true}]}}

<div class="wpb-content-wrapper"><p>[vc_row][vc_column]<section class='vqf_section_block'><div class='vqf_container'><div class='vqf_row'><div class='vqf_full_col'><h2>PRZEMOC EKONOMICZNA</h2></div></div></div></section>[/vc_column][/vc_row][vc_row][vc_column]<section class='vqf_section_block block_background'><div class='vqf_container'><div class='vqf_row'><div class='vqf_full_col'><h2>Definicja</h2><div class='vqf_fixed_width_text'>Jeśli ofiara zarabia: pozbawienie lub odcięcie dostępu do środków finansowych, kontrola budżetu, brak uczestnictwa w wydatkach, dysponowanie czyjąś własnością bez pozwolenia, zmuszanie do porzucenia pracy.</p>
<p>Jeśli ofiara nie zarabia: wydzielanie pieniędzy, dawanie sum niewystarczających na utrzymanie, zmuszanie do proszenia o pieniądze, wymaganie usprawiedliwiania najmniejszych wydatków co do grosza, uniemożliwianie podjęcia pracy.</div></div></div></div></section>[/vc_column][/vc_row]</p>
</div>

<!-- This site is optimized with the Yoast SEO plugin v27.3 - https://yoast.com/product/yoast-seo-wordpress/ -->
<title>Przemoc ekonomiczna &#8226; Violence que faire ?</title>
<meta name="robots" content="index, follow, max-snippet:-1, max-image-preview:large, max-video-preview:-1" />
<link rel="canonical" href="https://www.violencequefaire.ch/pl/przemoc-ekonomiczna/" />
<meta property="og:locale" content="pl_PL" />
<meta property="og:type" content="article" />
<meta property="og:title" content="Przemoc ekonomiczna &#8226; Violence que faire ?" />
<meta property="og:description" content="[vc_row][vc_column][/vc_column][/vc_row][vc_row][vc_column][/vc_column][/vc_row]" />
<meta property="og:url" content="https://www.violencequefaire.ch/pl/przemoc-ekonomiczna/" />
<meta property="og:site_name" content="Violence que faire ?" />
<meta property="article:modified_time" content="2023-12-14T06:22:02+00:00" />
<meta name="twitter:card" content="summary_large_image" />
<meta name="twitter:label1" content="Szacowany czas czytania" />
	<meta name="twitter:data1" content="1 minuta" />
<script type="application/ld+json" class="yoast-schema-graph">{"@context":"https:\/\/schema.org","@graph":[{"@type":"WebPage","@id":"https:\/\/www.violencequefaire.ch\/pl\/przemoc-ekonomiczna\/","url":"https:\/\/www.violencequefaire.ch\/pl\/przemoc-ekonomiczna\/","name":"Przemoc ekonomiczna &#8226; Violence que faire ?","isPartOf":{"@id":"https:\/\/www.violencequefaire.ch\/pl\/#website"},"datePublished":"2022-03-25T14:04:14+00:00","dateModified":"2023-12-14T06:22:02+00:00","breadcrumb":{"@id":"https:\/\/www.violencequefaire.ch\/pl\/przemoc-ekonomiczna\/#breadcrumb"},"inLanguage":"pl-PL","potentialAction":[{"@type":"ReadAction","target":["https:\/\/www.violencequefaire.ch\/pl\/przemoc-ekonomiczna\/"]}]},{"@type":"BreadcrumbList","@id":"https:\/\/www.violencequefaire.ch\/pl\/przemoc-ekonomiczna\/#breadcrumb","itemListElement":[{"@type":"ListItem","position":1,"name":"Strona główna","item":"https:\/\/www.violencequefaire.ch\/pl\/"},{"@type":"ListItem","position":2,"name":"Przemoc ekonomiczna"}]},{"@type":"WebSite","@id":"https:\/\/www.violencequefaire.ch\/pl\/#website","url":"https:\/\/www.violencequefaire.ch\/pl\/","name":"Violence que faire","description":"Des spécialistes répondent personnellement à vos questions anonymes sur la violence au sein du couple.","publisher":{"@id":"https:\/\/www.violencequefaire.ch\/pl\/#organization"},"alternateName":"Violenza Cosa Fare","potentialAction":[{"@type":"SearchAction","target":{"@type":"EntryPoint","urlTemplate":"https:\/\/www.violencequefaire.ch\/pl\/?s={search_term_string}"},"query-input":{"@type":"PropertyValueSpecification","valueRequired":true,"valueName":"search_term_string"}}],"inLanguage":"pl-PL"},{"@type":"Organization","@id":"https:\/\/www.violencequefaire.ch\/pl\/#organization","name":"Violence que faire ?","url":"https:\/\/www.violencequefaire.ch\/pl\/","logo":{"@type":"ImageObject","inLanguage":"pl-PL","@id":"https:\/\/www.violencequefaire.ch\/pl\/#\/schema\/logo\/image\/","url":"https:\/\/www.violencequefaire.ch\/wp-content\/uploads\/2022\/04\/VQF_LOGO_neutre.jpg","contentUrl":"https:\/\/www.violencequefaire.ch\/wp-content\/uploads\/2022\/04\/VQF_LOGO_neutre.jpg","width":253,"height":376,"caption":"Violence que faire ?"},"image":{"@id":"https:\/\/www.violencequefaire.ch\/pl\/#\/schema\/logo\/image\/"}}]}</script>
<!-- / Yoast SEO plugin. -->

Strona główna

Des spécialistes répondent personnellement à vos questions anonymes sur la violence au sein du couple.
