{"id":2169,"date":"2022-03-25T15:03:20","date_gmt":"2022-03-25T14:03:20","guid":{"rendered":"https:\/\/dev-vqf.creatives.com\/?page_id=2169"},"modified":"2023-12-14T07:25:43","modified_gmt":"2023-12-14T06:25:43","slug":"jestes-imigrantka-w-szwajcarii-i-masz-pytanie-prawne","status":"publish","type":"page","link":"https:\/\/www.violencequefaire.ch\/pl\/jestes-imigrantka-w-szwajcarii-i-masz-pytanie-prawne\/","title":{"rendered":"Jeste\u015b imigrantk\u0105 w Szwajcarii i masz pytanie prawne"},"content":{"rendered":"<div class=\"wpb-content-wrapper\"><p>[vc_row][vc_column]<section class='vqf_section_block'><div class='vqf_container'><div class='vqf_row'><div class='vqf_full_col'><h2>JESTE\u015a IMIGRANTK\u0104 W SZWAJCARII I MASZ PYTANIE PRAWNE<\/h2><\/div><\/div><\/div><\/section>[\/vc_column][\/vc_row][vc_row][vc_column]<section class='vqf_section_block block_background'><div class='vqf_container'><div class='vqf_row'><div class='vqf_full_col'><h2>Definicja<\/h2><div class='vqf_fixed_width_text'>Jeste\u015b imigrantem\/k\u0105 w Szwajcarii, \u017cyjesz w sytuacji przemocy w rodzinie i masz pytanie natury prawnej? Mo\u017cesz si\u0119 skontaktowa\u0107 z poni\u017cszymi instytucjami:<\/p>\n<ul class=\"contact-juridiques-immigre\">\n<li>W kantonie Berne:<br \/>\n<a href=\"https:\/\/csp.ch\/berne-jura\/\" target=\"_blanc\" rel=\"noopener\">Le Centre social protestant (CSP)<\/a><a href=\"mailto:info@%63%73p-bej%75%2ech\">\u00a0\u2013\u00a0<\/a><a href=\"mailto:info@%63%73p-bej%75%2ech\">info@csp-beju.ch<\/a><\/li>\n<li>W kantonie Fribourg:<br \/>\n<a href=\"http:\/\/ccsi-fr.ch\/fr_FR\/\" target=\"_blanc\" rel=\"noopener\">Le CCSI\/SOS<\/a><a href=\"mailto:info@%63a%72i%74as-%66r%2ech\">\u00a0\u2013\u00a0<\/a><a href=\"mailto:i%6ef%6f@cc%73%69-%66r%2ec%68\">info@ccsi-fr.ch<\/a><a href=\"mailto:info@%63a%72i%74as-%66r%2ech\"><br \/>\n<\/a><a href=\"http:\/\/www.caritas-fribourg.ch\/nous-trouver\" target=\"_blanc\" rel=\"noopener\">Caritas<\/a><a href=\"mailto:info@%63a%72i%74as-%66r%2ech\">\u00a0\u2013\u00a0<\/a><a href=\"mailto:info@%63a%72i%74as-%66r%2ech\">info@caritas-fr.ch<\/a><\/li>\n<li>W kantonie Genewskim:<br \/>\n<a href=\"https:\/\/csp.ch\/geneve\/\" target=\"_blanc\" rel=\"noopener\">Le Centre social protestant (CSP)<\/a><a href=\"mailto:info@cs%70-%67e%2ech\">\u00a0\u2013\u00a0<\/a><a href=\"mailto:info@cs%70-%67e%2ech\">info@csp-ge.ch<\/a><\/li>\n<li>W kantonie Jura:<br \/>\n<a href=\"https:\/\/csp.ch\/berne-jura\/\" target=\"_blanc\" rel=\"noopener\">Le Centre social protestant (CSP)<\/a><a href=\"mailto:%63onsultati%6fn@csp-b%65%6au%2ech\">\u00a0\u2013\u00a0<\/a><a href=\"mailto:%63onsultati%6fn@csp-b%65%6au%2ech\">consultation@csp-beju.ch<\/a><\/li>\n<li>W kantonie Valais:<br \/>\n<a href=\"http:\/\/www.csivs.ch\/permanence-juridique-et-sociale\" target=\"_blanc\" rel=\"noopener\">Le Centre social protestant (CSP)<\/a>\u00a0\u2013\u00a0<a href=\"mailto:csivs@bluewin.ch?subject=Contact%20depuis%20le%20site%20internet\">csivs@bluewin.ch<\/a><\/li>\n<li>W kantonie Vaud:<br \/>\n<a href=\"https:\/\/csp.ch\/vaud\/services\/questions-de-migration\/\" target=\"_blanc\" rel=\"noopener\">La Fraternit\u00e9 du Centre social protestant (CSP)\u00a0<\/a>\u00a0\u2013\u00a0<a href=\"mailto:%66%72at@c%73%70%2dvd%2ec%68\">frat@csp-vd.ch<\/a><\/li>\n<\/ul>\n<p><\/div><\/div><\/div><\/div><\/section>[\/vc_column][\/vc_row]<\/p>\n<\/div>","protected":false},"excerpt":{"rendered":"<p>[vc_row][vc_column][\/vc_column][\/vc_row][vc_row][vc_column][\/vc_column][\/vc_row]<\/p>\n","protected":false},"author":16,"featured_media":0,"parent":0,"menu_order":0,"comment_status":"closed","ping_status":"closed","template":"templates\/psychologique.php","meta":{"_acf_changed":false,"footnotes":""},"class_list":["post-2169","page","type-page","status-publish","hentry"],"acf":[],"yoast_head":"<!-- This site is optimized with the Yoast SEO plugin v27.3 - https:\/\/yoast.com\/product\/yoast-seo-wordpress\/ -->\n<title>Jeste\u015b imigrantk\u0105 w Szwajcarii i masz pytanie prawne &#8226; Violence que faire ?<\/title>\n<meta name=\"robots\" content=\"index, follow, max-snippet:-1, max-image-preview:large, max-video-preview:-1\" \/>\n<link rel=\"canonical\" href=\"https:\/\/www.violencequefaire.ch\/pl\/jestes-imigrantka-w-szwajcarii-i-masz-pytanie-prawne\/\" \/>\n<meta property=\"og:locale\" content=\"pl_PL\" \/>\n<meta property=\"og:type\" content=\"article\" \/>\n<meta property=\"og:title\" content=\"Jeste\u015b imigrantk\u0105 w Szwajcarii i masz pytanie prawne &#8226; Violence que faire ?\" \/>\n<meta property=\"og:description\" content=\"[vc_row][vc_column][\/vc_column][\/vc_row][vc_row][vc_column][\/vc_column][\/vc_row]\" \/>\n<meta property=\"og:url\" content=\"https:\/\/www.violencequefaire.ch\/pl\/jestes-imigrantka-w-szwajcarii-i-masz-pytanie-prawne\/\" \/>\n<meta property=\"og:site_name\" content=\"Violence que faire ?\" \/>\n<meta property=\"article:modified_time\" content=\"2023-12-14T06:25:43+00:00\" \/>\n<meta name=\"twitter:card\" content=\"summary_large_image\" \/>\n<meta name=\"twitter:label1\" content=\"Szacowany czas czytania\" \/>\n\t<meta name=\"twitter:data1\" content=\"1 minuta\" \/>\n<script type=\"application\/ld+json\" class=\"yoast-schema-graph\">{\"@context\":\"https:\\\/\\\/schema.org\",\"@graph\":[{\"@type\":\"WebPage\",\"@id\":\"https:\\\/\\\/www.violencequefaire.ch\\\/pl\\\/jestes-imigrantka-w-szwajcarii-i-masz-pytanie-prawne\\\/\",\"url\":\"https:\\\/\\\/www.violencequefaire.ch\\\/pl\\\/jestes-imigrantka-w-szwajcarii-i-masz-pytanie-prawne\\\/\",\"name\":\"Jeste\u015b imigrantk\u0105 w Szwajcarii i masz pytanie prawne &#8226; Violence que faire ?\",\"isPartOf\":{\"@id\":\"https:\\\/\\\/www.violencequefaire.ch\\\/pl\\\/#website\"},\"datePublished\":\"2022-03-25T14:03:20+00:00\",\"dateModified\":\"2023-12-14T06:25:43+00:00\",\"breadcrumb\":{\"@id\":\"https:\\\/\\\/www.violencequefaire.ch\\\/pl\\\/jestes-imigrantka-w-szwajcarii-i-masz-pytanie-prawne\\\/#breadcrumb\"},\"inLanguage\":\"pl-PL\",\"potentialAction\":[{\"@type\":\"ReadAction\",\"target\":[\"https:\\\/\\\/www.violencequefaire.ch\\\/pl\\\/jestes-imigrantka-w-szwajcarii-i-masz-pytanie-prawne\\\/\"]}]},{\"@type\":\"BreadcrumbList\",\"@id\":\"https:\\\/\\\/www.violencequefaire.ch\\\/pl\\\/jestes-imigrantka-w-szwajcarii-i-masz-pytanie-prawne\\\/#breadcrumb\",\"itemListElement\":[{\"@type\":\"ListItem\",\"position\":1,\"name\":\"Strona g\u0142\u00f3wna\",\"item\":\"https:\\\/\\\/www.violencequefaire.ch\\\/pl\\\/\"},{\"@type\":\"ListItem\",\"position\":2,\"name\":\"Jeste\u015b imigrantk\u0105 w Szwajcarii i masz pytanie prawne\"}]},{\"@type\":\"WebSite\",\"@id\":\"https:\\\/\\\/www.violencequefaire.ch\\\/pl\\\/#website\",\"url\":\"https:\\\/\\\/www.violencequefaire.ch\\\/pl\\\/\",\"name\":\"Violence que faire\",\"description\":\"Des sp\u00e9cialistes r\u00e9pondent personnellement \u00e0 vos questions anonymes sur la violence au sein du couple.\",\"publisher\":{\"@id\":\"https:\\\/\\\/www.violencequefaire.ch\\\/pl\\\/#organization\"},\"alternateName\":\"Violenza Cosa Fare\",\"potentialAction\":[{\"@type\":\"SearchAction\",\"target\":{\"@type\":\"EntryPoint\",\"urlTemplate\":\"https:\\\/\\\/www.violencequefaire.ch\\\/pl\\\/?s={search_term_string}\"},\"query-input\":{\"@type\":\"PropertyValueSpecification\",\"valueRequired\":true,\"valueName\":\"search_term_string\"}}],\"inLanguage\":\"pl-PL\"},{\"@type\":\"Organization\",\"@id\":\"https:\\\/\\\/www.violencequefaire.ch\\\/pl\\\/#organization\",\"name\":\"Violence que faire ?\",\"url\":\"https:\\\/\\\/www.violencequefaire.ch\\\/pl\\\/\",\"logo\":{\"@type\":\"ImageObject\",\"inLanguage\":\"pl-PL\",\"@id\":\"https:\\\/\\\/www.violencequefaire.ch\\\/pl\\\/#\\\/schema\\\/logo\\\/image\\\/\",\"url\":\"https:\\\/\\\/www.violencequefaire.ch\\\/wp-content\\\/uploads\\\/2022\\\/04\\\/VQF_LOGO_neutre.jpg\",\"contentUrl\":\"https:\\\/\\\/www.violencequefaire.ch\\\/wp-content\\\/uploads\\\/2022\\\/04\\\/VQF_LOGO_neutre.jpg\",\"width\":253,\"height\":376,\"caption\":\"Violence que faire ?\"},\"image\":{\"@id\":\"https:\\\/\\\/www.violencequefaire.ch\\\/pl\\\/#\\\/schema\\\/logo\\\/image\\\/\"}}]}<\/script>\n<!-- \/ Yoast SEO plugin. -->","yoast_head_json":{"title":"Jeste\u015b imigrantk\u0105 w Szwajcarii i masz pytanie prawne &#8226; Violence que faire ?","robots":{"index":"index","follow":"follow","max-snippet":"max-snippet:-1","max-image-preview":"max-image-preview:large","max-video-preview":"max-video-preview:-1"},"canonical":"https:\/\/www.violencequefaire.ch\/pl\/jestes-imigrantka-w-szwajcarii-i-masz-pytanie-prawne\/","og_locale":"pl_PL","og_type":"article","og_title":"Jeste\u015b imigrantk\u0105 w Szwajcarii i masz pytanie prawne &#8226; Violence que faire ?","og_description":"[vc_row][vc_column][\/vc_column][\/vc_row][vc_row][vc_column][\/vc_column][\/vc_row]","og_url":"https:\/\/www.violencequefaire.ch\/pl\/jestes-imigrantka-w-szwajcarii-i-masz-pytanie-prawne\/","og_site_name":"Violence que faire ?","article_modified_time":"2023-12-14T06:25:43+00:00","twitter_card":"summary_large_image","twitter_misc":{"Szacowany czas czytania":"1 minuta"},"schema":{"@context":"https:\/\/schema.org","@graph":[{"@type":"WebPage","@id":"https:\/\/www.violencequefaire.ch\/pl\/jestes-imigrantka-w-szwajcarii-i-masz-pytanie-prawne\/","url":"https:\/\/www.violencequefaire.ch\/pl\/jestes-imigrantka-w-szwajcarii-i-masz-pytanie-prawne\/","name":"Jeste\u015b imigrantk\u0105 w Szwajcarii i masz pytanie prawne &#8226; Violence que faire ?","isPartOf":{"@id":"https:\/\/www.violencequefaire.ch\/pl\/#website"},"datePublished":"2022-03-25T14:03:20+00:00","dateModified":"2023-12-14T06:25:43+00:00","breadcrumb":{"@id":"https:\/\/www.violencequefaire.ch\/pl\/jestes-imigrantka-w-szwajcarii-i-masz-pytanie-prawne\/#breadcrumb"},"inLanguage":"pl-PL","potentialAction":[{"@type":"ReadAction","target":["https:\/\/www.violencequefaire.ch\/pl\/jestes-imigrantka-w-szwajcarii-i-masz-pytanie-prawne\/"]}]},{"@type":"BreadcrumbList","@id":"https:\/\/www.violencequefaire.ch\/pl\/jestes-imigrantka-w-szwajcarii-i-masz-pytanie-prawne\/#breadcrumb","itemListElement":[{"@type":"ListItem","position":1,"name":"Strona g\u0142\u00f3wna","item":"https:\/\/www.violencequefaire.ch\/pl\/"},{"@type":"ListItem","position":2,"name":"Jeste\u015b imigrantk\u0105 w Szwajcarii i masz pytanie prawne"}]},{"@type":"WebSite","@id":"https:\/\/www.violencequefaire.ch\/pl\/#website","url":"https:\/\/www.violencequefaire.ch\/pl\/","name":"Violence que faire","description":"Des sp\u00e9cialistes r\u00e9pondent personnellement \u00e0 vos questions anonymes sur la violence au sein du couple.","publisher":{"@id":"https:\/\/www.violencequefaire.ch\/pl\/#organization"},"alternateName":"Violenza Cosa Fare","potentialAction":[{"@type":"SearchAction","target":{"@type":"EntryPoint","urlTemplate":"https:\/\/www.violencequefaire.ch\/pl\/?s={search_term_string}"},"query-input":{"@type":"PropertyValueSpecification","valueRequired":true,"valueName":"search_term_string"}}],"inLanguage":"pl-PL"},{"@type":"Organization","@id":"https:\/\/www.violencequefaire.ch\/pl\/#organization","name":"Violence que faire ?","url":"https:\/\/www.violencequefaire.ch\/pl\/","logo":{"@type":"ImageObject","inLanguage":"pl-PL","@id":"https:\/\/www.violencequefaire.ch\/pl\/#\/schema\/logo\/image\/","url":"https:\/\/www.violencequefaire.ch\/wp-content\/uploads\/2022\/04\/VQF_LOGO_neutre.jpg","contentUrl":"https:\/\/www.violencequefaire.ch\/wp-content\/uploads\/2022\/04\/VQF_LOGO_neutre.jpg","width":253,"height":376,"caption":"Violence que faire ?"},"image":{"@id":"https:\/\/www.violencequefaire.ch\/pl\/#\/schema\/logo\/image\/"}}]}},"_links":{"self":[{"href":"https:\/\/www.violencequefaire.ch\/pl\/wp-json\/wp\/v2\/pages\/2169","targetHints":{"allow":["GET"]}}],"collection":[{"href":"https:\/\/www.violencequefaire.ch\/pl\/wp-json\/wp\/v2\/pages"}],"about":[{"href":"https:\/\/www.violencequefaire.ch\/pl\/wp-json\/wp\/v2\/types\/page"}],"author":[{"embeddable":true,"href":"https:\/\/www.violencequefaire.ch\/pl\/wp-json\/wp\/v2\/users\/16"}],"replies":[{"embeddable":true,"href":"https:\/\/www.violencequefaire.ch\/pl\/wp-json\/wp\/v2\/comments?post=2169"}],"version-history":[{"count":3,"href":"https:\/\/www.violencequefaire.ch\/pl\/wp-json\/wp\/v2\/pages\/2169\/revisions"}],"predecessor-version":[{"id":5389,"href":"https:\/\/www.violencequefaire.ch\/pl\/wp-json\/wp\/v2\/pages\/2169\/revisions\/5389"}],"wp:attachment":[{"href":"https:\/\/www.violencequefaire.ch\/pl\/wp-json\/wp\/v2\/media?parent=2169"}],"curies":[{"name":"wp","href":"https:\/\/api.w.org\/{rel}","templated":true}]}}

Jesteś imigrantką w Szwajcarii i masz pytanie prawne

<div class="wpb-content-wrapper"><p>[vc_row][vc_column]<section class='vqf_section_block'><div class='vqf_container'><div class='vqf_row'><div class='vqf_full_col'><h2>JESTEŚ IMIGRANTKĄ W SZWAJCARII I MASZ PYTANIE PRAWNE</h2></div></div></div></section>[/vc_column][/vc_row][vc_row][vc_column]<section class='vqf_section_block block_background'><div class='vqf_container'><div class='vqf_row'><div class='vqf_full_col'><h2>Definicja</h2><div class='vqf_fixed_width_text'>Jesteś imigrantem/ką w Szwajcarii, żyjesz w sytuacji przemocy w rodzinie i masz pytanie natury prawnej? Możesz się skontaktować z poniższymi instytucjami:</p>
<ul class="contact-juridiques-immigre">
<li>W kantonie Berne:<br />
<a href="https://csp.ch/berne-jura/" target="_blanc" rel="noopener">Le Centre social protestant (CSP)</a><a href="mailto:info@%63%73p-bej%75%2ech"> – </a><a href="mailto:info@%63%73p-bej%75%2ech">info@csp-beju.ch</a></li>
<li>W kantonie Fribourg:<br />
<a href="http://ccsi-fr.ch/fr_FR/" target="_blanc" rel="noopener">Le CCSI/SOS</a><a href="mailto:info@%63a%72i%74as-%66r%2ech"> – </a><a href="mailto:i%6ef%6f@cc%73%69-%66r%2ec%68">info@ccsi-fr.ch</a><a href="mailto:info@%63a%72i%74as-%66r%2ech"><br />
</a><a href="http://www.caritas-fribourg.ch/nous-trouver" target="_blanc" rel="noopener">Caritas</a><a href="mailto:info@%63a%72i%74as-%66r%2ech"> – </a><a href="mailto:info@%63a%72i%74as-%66r%2ech">info@caritas-fr.ch</a></li>
<li>W kantonie Genewskim:<br />
<a href="https://csp.ch/geneve/" target="_blanc" rel="noopener">Le Centre social protestant (CSP)</a><a href="mailto:info@cs%70-%67e%2ech"> – </a><a href="mailto:info@cs%70-%67e%2ech">info@csp-ge.ch</a></li>
<li>W kantonie Jura:<br />
<a href="https://csp.ch/berne-jura/" target="_blanc" rel="noopener">Le Centre social protestant (CSP)</a><a href="mailto:%63onsultati%6fn@csp-b%65%6au%2ech"> – </a><a href="mailto:%63onsultati%6fn@csp-b%65%6au%2ech">consultation@csp-beju.ch</a></li>
<li>W kantonie Valais:<br />
<a href="http://www.csivs.ch/permanence-juridique-et-sociale" target="_blanc" rel="noopener">Le Centre social protestant (CSP)</a> – <a href="mailto:csivs@bluewin.ch?subject=Contact%20depuis%20le%20site%20internet">csivs@bluewin.ch</a></li>
<li>W kantonie Vaud:<br />
<a href="https://csp.ch/vaud/services/questions-de-migration/" target="_blanc" rel="noopener">La Fraternité du Centre social protestant (CSP) </a> – <a href="mailto:%66%72at@c%73%70%2dvd%2ec%68">frat@csp-vd.ch</a></li>
</ul>
<p></div></div></div></div></section>[/vc_column][/vc_row]</p>
</div>

<!-- This site is optimized with the Yoast SEO plugin v27.3 - https://yoast.com/product/yoast-seo-wordpress/ -->
<title>Jesteś imigrantką w Szwajcarii i masz pytanie prawne &#8226; Violence que faire ?</title>
<meta name="robots" content="index, follow, max-snippet:-1, max-image-preview:large, max-video-preview:-1" />
<link rel="canonical" href="https://www.violencequefaire.ch/pl/jestes-imigrantka-w-szwajcarii-i-masz-pytanie-prawne/" />
<meta property="og:locale" content="pl_PL" />
<meta property="og:type" content="article" />
<meta property="og:title" content="Jesteś imigrantką w Szwajcarii i masz pytanie prawne &#8226; Violence que faire ?" />
<meta property="og:description" content="[vc_row][vc_column][/vc_column][/vc_row][vc_row][vc_column][/vc_column][/vc_row]" />
<meta property="og:url" content="https://www.violencequefaire.ch/pl/jestes-imigrantka-w-szwajcarii-i-masz-pytanie-prawne/" />
<meta property="og:site_name" content="Violence que faire ?" />
<meta property="article:modified_time" content="2023-12-14T06:25:43+00:00" />
<meta name="twitter:card" content="summary_large_image" />
<meta name="twitter:label1" content="Szacowany czas czytania" />
	<meta name="twitter:data1" content="1 minuta" />
<script type="application/ld+json" class="yoast-schema-graph">{"@context":"https:\/\/schema.org","@graph":[{"@type":"WebPage","@id":"https:\/\/www.violencequefaire.ch\/pl\/jestes-imigrantka-w-szwajcarii-i-masz-pytanie-prawne\/","url":"https:\/\/www.violencequefaire.ch\/pl\/jestes-imigrantka-w-szwajcarii-i-masz-pytanie-prawne\/","name":"Jesteś imigrantką w Szwajcarii i masz pytanie prawne &#8226; Violence que faire ?","isPartOf":{"@id":"https:\/\/www.violencequefaire.ch\/pl\/#website"},"datePublished":"2022-03-25T14:03:20+00:00","dateModified":"2023-12-14T06:25:43+00:00","breadcrumb":{"@id":"https:\/\/www.violencequefaire.ch\/pl\/jestes-imigrantka-w-szwajcarii-i-masz-pytanie-prawne\/#breadcrumb"},"inLanguage":"pl-PL","potentialAction":[{"@type":"ReadAction","target":["https:\/\/www.violencequefaire.ch\/pl\/jestes-imigrantka-w-szwajcarii-i-masz-pytanie-prawne\/"]}]},{"@type":"BreadcrumbList","@id":"https:\/\/www.violencequefaire.ch\/pl\/jestes-imigrantka-w-szwajcarii-i-masz-pytanie-prawne\/#breadcrumb","itemListElement":[{"@type":"ListItem","position":1,"name":"Strona główna","item":"https:\/\/www.violencequefaire.ch\/pl\/"},{"@type":"ListItem","position":2,"name":"Jesteś imigrantką w Szwajcarii i masz pytanie prawne"}]},{"@type":"WebSite","@id":"https:\/\/www.violencequefaire.ch\/pl\/#website","url":"https:\/\/www.violencequefaire.ch\/pl\/","name":"Violence que faire","description":"Des spécialistes répondent personnellement à vos questions anonymes sur la violence au sein du couple.","publisher":{"@id":"https:\/\/www.violencequefaire.ch\/pl\/#organization"},"alternateName":"Violenza Cosa Fare","potentialAction":[{"@type":"SearchAction","target":{"@type":"EntryPoint","urlTemplate":"https:\/\/www.violencequefaire.ch\/pl\/?s={search_term_string}"},"query-input":{"@type":"PropertyValueSpecification","valueRequired":true,"valueName":"search_term_string"}}],"inLanguage":"pl-PL"},{"@type":"Organization","@id":"https:\/\/www.violencequefaire.ch\/pl\/#organization","name":"Violence que faire ?","url":"https:\/\/www.violencequefaire.ch\/pl\/","logo":{"@type":"ImageObject","inLanguage":"pl-PL","@id":"https:\/\/www.violencequefaire.ch\/pl\/#\/schema\/logo\/image\/","url":"https:\/\/www.violencequefaire.ch\/wp-content\/uploads\/2022\/04\/VQF_LOGO_neutre.jpg","contentUrl":"https:\/\/www.violencequefaire.ch\/wp-content\/uploads\/2022\/04\/VQF_LOGO_neutre.jpg","width":253,"height":376,"caption":"Violence que faire ?"},"image":{"@id":"https:\/\/www.violencequefaire.ch\/pl\/#\/schema\/logo\/image\/"}}]}</script>
<!-- / Yoast SEO plugin. -->

Jesteś imigrantką w Szwajcarii i masz pytanie prawne &#8226; Violence que faire ?

Strona główna

Des spécialistes répondent personnellement à vos questions anonymes sur la violence au sein du couple.
