{"id":2165,"date":"2022-03-25T14:59:01","date_gmt":"2022-03-25T13:59:01","guid":{"rendered":"https:\/\/dev-vqf.creatives.com\/?page_id=2165"},"modified":"2023-12-14T07:34:38","modified_gmt":"2023-12-14T06:34:38","slug":"czym-jest-przemoc","status":"publish","type":"page","link":"https:\/\/www.violencequefaire.ch\/pl\/czym-jest-przemoc\/","title":{"rendered":"Czym jest przemoc?"},"content":{"rendered":"<div class=\"wpb-content-wrapper\"><p>[vc_row][vc_column]<section class='vqf_section_block block_background'><div class='vqf_container'><div class='vqf_row'><div class='vqf_full_col'><h2>K\u0141\u00d3TNIA CZY PRZEMOC?<\/h2><div class='vqf_fixed_width_text'>W wi\u0119kszo\u015bci zwi\u0105zk\u00f3w od czasu do czasu zdarzaj\u0105 si\u0119 k\u0142\u00f3tnie. Partnerzy mog\u0105 pok\u0142\u00f3ci\u0107 si\u0119 bez wi\u0119kszych negatywnych konsekwencji. Przemoc w zwi\u0105zku to jednak co\u015b innego. Przemoc ma niszczycielski wp\u0142yw na wszystkich cz\u0142onk\u00f3w rodziny. Kiedy pojawia si\u0119 przemoc, znika poszanowanie drugiej osoby i r\u00f3wno\u015b\u0107 mi\u0119dzy partnerami.<\/p>\n<p>Przemoc w rodzinie wpisuje si\u0119 w relacj\u0119 dw\u00f3ch os\u00f3b pozostaj\u0105cych lub nie w zwi\u0105zku ma\u0142\u017ce\u0144skim. Mo\u017ce si\u0119 wydarza\u0107 od pocz\u0105tku trwania zwi\u0105zku, po kilku latach wsp\u00f3lnego \u017cycia, b\u0105d\u017a w momencie rozstania.<\/div><\/div><\/div><\/div><\/section>[\/vc_column][\/vc_row][vc_row][vc_column]<section class='vqf_section_block media_n_text_block' id=''><div class='vqf_container'><div class='vqf_row'><div class='vqf_full_col'><h2>CYKL PRZEMOCY<\/h2><\/div><div class='vqf_fixed_width_text'><p>Przemoc ma charakter cykliczny. W wi\u0119kszo\u015bci przypadk\u00f3w, wraz z up\u0142ywem czasu epizody przemocy staj\u0105 si\u0119 coraz cz\u0119stsze, a agresja coraz gwa\u0142towniejsza. Je\u015bli niczego si\u0119 nie zrobi, narastanie przemocy mo\u017ce prowadzi\u0107 do gro\u017anych dla \u017cycia obra\u017ce\u0144, nieodwracalnych uszkodze\u0144, a nawet do zab\u00f3jstwa ofiary.<\/p><\/div><div class='left_media_block'><div class='media_box'><img src='https:\/\/www.violencequefaire.ch\/wp-content\/uploads\/2022\/05\/Infographie_cycleviolence_EN.jpg'><\/div><\/div><div class='right_text_block'><div class='vqf_text_carousel_with_cta'><div class='owl-carousel owl-theme'><div class='item'><div class='text_item'><h4>1. Narastanie napie\u00e7ia<\/h4><p>Komunikacja jest zak\u0142\u00f3cona. Sprawca przemocy ma trudno\u015b\u0107 z wyra\u017caniem swoich uczu\u0107 lub braku zgody na co\u015b, narasta w nim lub w niej niezadowolenie lub chce mie\u0107 wszystko pod kontrol\u0105 i odmawia negocjowania. Ofiara postrzega oznaki przemocy i zaczyna si\u0119 ba\u0107.<\/p><a href='https:\/\/dev-vqf.creatives.com\/pl\/czym-jest-przemoc\/' class='vqf_outline_cta'>zadaj pytanie<\/a><\/div><\/div><div class='item'><div class='text_item'><h4>2. Faza ostrej przemocy<\/h4><p>Sprawca przemocy roz\u0142adowuje napi\u0119cie poprzez gwa\u0142towny atak przemocy. Ofiara czuje si\u0119 osaczona, przera\u017cona i bezsilna i ma sk\u0142onno\u015b\u0107 do spe\u0142niania wymaga\u0144 sprawcy.<\/p><a href='https:\/\/dev-vqf.creatives.com\/pl\/czym-jest-przemoc\/' class='vqf_outline_cta'>zadaj pytanie<\/a><\/div><\/div><div class='item'><div class='text_item'><h4>3. Pogodzenie<\/h4><p>Sprawca przemocy przeprasza, obiecuje, \u017ce ju\u017c si\u0119 nigdy tak nie zachowa i robi wszystko, by mu wybaczono. Ofiara ma nadziej\u0119 na popraw\u0119 sytuacji i przyjmuje przeprosiny. Sprawca bagatelizuje swoje czyny, powo\u0142uje si\u0119 na czynniki zewn\u0119trzne (stres itp.) lub oskar\u017ca ofiar\u0119. Ofiara traci wiar\u0119 w siebie lub si\u0119 obwinia, uwa\u017ca, \u017ce to ona powinna si\u0119 zmieni\u0107.<\/p><a href='https:\/\/dev-vqf.creatives.com\/pl\/czym-jest-przemoc\/' class='vqf_outline_cta'>zadaj pytanie<\/a><\/div><\/div><div class='item'><div class='text_item'><h4>4. Uspokojenie<\/h4><p>Kryzys zosta\u0142 zapomniany, zachowania agresywne ju\u017c si\u0119 nie pojawiaj\u0105, to okres tzw. \u201emiesi\u0105ca miodowego\u201c, kt\u00f3ry jednak nie trwa d\u0142ugo i je\u015bli niczego si\u0119 nie zrobi, spirala przemocy rozkr\u0119ci si\u0119 od nowa.<\/p><a href='https:\/\/dev-vqf.creatives.com\/pl\/czym-jest-przemoc\/' class='vqf_outline_cta'>zadaj pytanie<\/a><\/div><\/div><\/div><\/div><\/div><\/div><\/div><\/section>[\/vc_column][\/vc_row]<\/p>\n<\/div>","protected":false},"excerpt":{"rendered":"<p>[vc_row][vc_column][\/vc_column][\/vc_row][vc_row][vc_column][\/vc_column][\/vc_row]<\/p>\n","protected":false},"author":16,"featured_media":0,"parent":0,"menu_order":0,"comment_status":"closed","ping_status":"closed","template":"","meta":{"_acf_changed":false,"footnotes":""},"class_list":["post-2165","page","type-page","status-publish","hentry"],"acf":[],"yoast_head":"<!-- This site is optimized with the Yoast SEO plugin v27.3 - https:\/\/yoast.com\/product\/yoast-seo-wordpress\/ -->\n<title>Czym jest przemoc? &#8226; Violence que faire ?<\/title>\n<meta name=\"robots\" content=\"index, follow, max-snippet:-1, max-image-preview:large, max-video-preview:-1\" \/>\n<link rel=\"canonical\" href=\"https:\/\/www.violencequefaire.ch\/pl\/czym-jest-przemoc\/\" \/>\n<meta property=\"og:locale\" content=\"pl_PL\" \/>\n<meta property=\"og:type\" content=\"article\" \/>\n<meta property=\"og:title\" content=\"Czym jest przemoc? &#8226; Violence que faire ?\" \/>\n<meta property=\"og:description\" content=\"[vc_row][vc_column][\/vc_column][\/vc_row][vc_row][vc_column][\/vc_column][\/vc_row]\" \/>\n<meta property=\"og:url\" content=\"https:\/\/www.violencequefaire.ch\/pl\/czym-jest-przemoc\/\" \/>\n<meta property=\"og:site_name\" content=\"Violence que faire ?\" \/>\n<meta property=\"article:modified_time\" content=\"2023-12-14T06:34:38+00:00\" \/>\n<meta name=\"twitter:card\" content=\"summary_large_image\" \/>\n<meta name=\"twitter:label1\" content=\"Szacowany czas czytania\" \/>\n\t<meta name=\"twitter:data1\" content=\"1 minuta\" \/>\n<script type=\"application\/ld+json\" class=\"yoast-schema-graph\">{\"@context\":\"https:\\\/\\\/schema.org\",\"@graph\":[{\"@type\":\"WebPage\",\"@id\":\"https:\\\/\\\/www.violencequefaire.ch\\\/pl\\\/czym-jest-przemoc\\\/\",\"url\":\"https:\\\/\\\/www.violencequefaire.ch\\\/pl\\\/czym-jest-przemoc\\\/\",\"name\":\"Czym jest przemoc? &#8226; Violence que faire ?\",\"isPartOf\":{\"@id\":\"https:\\\/\\\/www.violencequefaire.ch\\\/pl\\\/#website\"},\"datePublished\":\"2022-03-25T13:59:01+00:00\",\"dateModified\":\"2023-12-14T06:34:38+00:00\",\"breadcrumb\":{\"@id\":\"https:\\\/\\\/www.violencequefaire.ch\\\/pl\\\/czym-jest-przemoc\\\/#breadcrumb\"},\"inLanguage\":\"pl-PL\",\"potentialAction\":[{\"@type\":\"ReadAction\",\"target\":[\"https:\\\/\\\/www.violencequefaire.ch\\\/pl\\\/czym-jest-przemoc\\\/\"]}]},{\"@type\":\"BreadcrumbList\",\"@id\":\"https:\\\/\\\/www.violencequefaire.ch\\\/pl\\\/czym-jest-przemoc\\\/#breadcrumb\",\"itemListElement\":[{\"@type\":\"ListItem\",\"position\":1,\"name\":\"Strona g\u0142\u00f3wna\",\"item\":\"https:\\\/\\\/www.violencequefaire.ch\\\/pl\\\/\"},{\"@type\":\"ListItem\",\"position\":2,\"name\":\"Czym jest przemoc?\"}]},{\"@type\":\"WebSite\",\"@id\":\"https:\\\/\\\/www.violencequefaire.ch\\\/pl\\\/#website\",\"url\":\"https:\\\/\\\/www.violencequefaire.ch\\\/pl\\\/\",\"name\":\"Violence que faire\",\"description\":\"Des sp\u00e9cialistes r\u00e9pondent personnellement \u00e0 vos questions anonymes sur la violence au sein du couple.\",\"publisher\":{\"@id\":\"https:\\\/\\\/www.violencequefaire.ch\\\/pl\\\/#organization\"},\"alternateName\":\"Violenza Cosa Fare\",\"potentialAction\":[{\"@type\":\"SearchAction\",\"target\":{\"@type\":\"EntryPoint\",\"urlTemplate\":\"https:\\\/\\\/www.violencequefaire.ch\\\/pl\\\/?s={search_term_string}\"},\"query-input\":{\"@type\":\"PropertyValueSpecification\",\"valueRequired\":true,\"valueName\":\"search_term_string\"}}],\"inLanguage\":\"pl-PL\"},{\"@type\":\"Organization\",\"@id\":\"https:\\\/\\\/www.violencequefaire.ch\\\/pl\\\/#organization\",\"name\":\"Violence que faire ?\",\"url\":\"https:\\\/\\\/www.violencequefaire.ch\\\/pl\\\/\",\"logo\":{\"@type\":\"ImageObject\",\"inLanguage\":\"pl-PL\",\"@id\":\"https:\\\/\\\/www.violencequefaire.ch\\\/pl\\\/#\\\/schema\\\/logo\\\/image\\\/\",\"url\":\"https:\\\/\\\/www.violencequefaire.ch\\\/wp-content\\\/uploads\\\/2022\\\/04\\\/VQF_LOGO_neutre.jpg\",\"contentUrl\":\"https:\\\/\\\/www.violencequefaire.ch\\\/wp-content\\\/uploads\\\/2022\\\/04\\\/VQF_LOGO_neutre.jpg\",\"width\":253,\"height\":376,\"caption\":\"Violence que faire ?\"},\"image\":{\"@id\":\"https:\\\/\\\/www.violencequefaire.ch\\\/pl\\\/#\\\/schema\\\/logo\\\/image\\\/\"}}]}<\/script>\n<!-- \/ Yoast SEO plugin. -->","yoast_head_json":{"title":"Czym jest przemoc? &#8226; Violence que faire ?","robots":{"index":"index","follow":"follow","max-snippet":"max-snippet:-1","max-image-preview":"max-image-preview:large","max-video-preview":"max-video-preview:-1"},"canonical":"https:\/\/www.violencequefaire.ch\/pl\/czym-jest-przemoc\/","og_locale":"pl_PL","og_type":"article","og_title":"Czym jest przemoc? &#8226; Violence que faire ?","og_description":"[vc_row][vc_column][\/vc_column][\/vc_row][vc_row][vc_column][\/vc_column][\/vc_row]","og_url":"https:\/\/www.violencequefaire.ch\/pl\/czym-jest-przemoc\/","og_site_name":"Violence que faire ?","article_modified_time":"2023-12-14T06:34:38+00:00","twitter_card":"summary_large_image","twitter_misc":{"Szacowany czas czytania":"1 minuta"},"schema":{"@context":"https:\/\/schema.org","@graph":[{"@type":"WebPage","@id":"https:\/\/www.violencequefaire.ch\/pl\/czym-jest-przemoc\/","url":"https:\/\/www.violencequefaire.ch\/pl\/czym-jest-przemoc\/","name":"Czym jest przemoc? &#8226; Violence que faire ?","isPartOf":{"@id":"https:\/\/www.violencequefaire.ch\/pl\/#website"},"datePublished":"2022-03-25T13:59:01+00:00","dateModified":"2023-12-14T06:34:38+00:00","breadcrumb":{"@id":"https:\/\/www.violencequefaire.ch\/pl\/czym-jest-przemoc\/#breadcrumb"},"inLanguage":"pl-PL","potentialAction":[{"@type":"ReadAction","target":["https:\/\/www.violencequefaire.ch\/pl\/czym-jest-przemoc\/"]}]},{"@type":"BreadcrumbList","@id":"https:\/\/www.violencequefaire.ch\/pl\/czym-jest-przemoc\/#breadcrumb","itemListElement":[{"@type":"ListItem","position":1,"name":"Strona g\u0142\u00f3wna","item":"https:\/\/www.violencequefaire.ch\/pl\/"},{"@type":"ListItem","position":2,"name":"Czym jest przemoc?"}]},{"@type":"WebSite","@id":"https:\/\/www.violencequefaire.ch\/pl\/#website","url":"https:\/\/www.violencequefaire.ch\/pl\/","name":"Violence que faire","description":"Des sp\u00e9cialistes r\u00e9pondent personnellement \u00e0 vos questions anonymes sur la violence au sein du couple.","publisher":{"@id":"https:\/\/www.violencequefaire.ch\/pl\/#organization"},"alternateName":"Violenza Cosa Fare","potentialAction":[{"@type":"SearchAction","target":{"@type":"EntryPoint","urlTemplate":"https:\/\/www.violencequefaire.ch\/pl\/?s={search_term_string}"},"query-input":{"@type":"PropertyValueSpecification","valueRequired":true,"valueName":"search_term_string"}}],"inLanguage":"pl-PL"},{"@type":"Organization","@id":"https:\/\/www.violencequefaire.ch\/pl\/#organization","name":"Violence que faire ?","url":"https:\/\/www.violencequefaire.ch\/pl\/","logo":{"@type":"ImageObject","inLanguage":"pl-PL","@id":"https:\/\/www.violencequefaire.ch\/pl\/#\/schema\/logo\/image\/","url":"https:\/\/www.violencequefaire.ch\/wp-content\/uploads\/2022\/04\/VQF_LOGO_neutre.jpg","contentUrl":"https:\/\/www.violencequefaire.ch\/wp-content\/uploads\/2022\/04\/VQF_LOGO_neutre.jpg","width":253,"height":376,"caption":"Violence que faire ?"},"image":{"@id":"https:\/\/www.violencequefaire.ch\/pl\/#\/schema\/logo\/image\/"}}]}},"_links":{"self":[{"href":"https:\/\/www.violencequefaire.ch\/pl\/wp-json\/wp\/v2\/pages\/2165","targetHints":{"allow":["GET"]}}],"collection":[{"href":"https:\/\/www.violencequefaire.ch\/pl\/wp-json\/wp\/v2\/pages"}],"about":[{"href":"https:\/\/www.violencequefaire.ch\/pl\/wp-json\/wp\/v2\/types\/page"}],"author":[{"embeddable":true,"href":"https:\/\/www.violencequefaire.ch\/pl\/wp-json\/wp\/v2\/users\/16"}],"replies":[{"embeddable":true,"href":"https:\/\/www.violencequefaire.ch\/pl\/wp-json\/wp\/v2\/comments?post=2165"}],"version-history":[{"count":6,"href":"https:\/\/www.violencequefaire.ch\/pl\/wp-json\/wp\/v2\/pages\/2165\/revisions"}],"predecessor-version":[{"id":5391,"href":"https:\/\/www.violencequefaire.ch\/pl\/wp-json\/wp\/v2\/pages\/2165\/revisions\/5391"}],"wp:attachment":[{"href":"https:\/\/www.violencequefaire.ch\/pl\/wp-json\/wp\/v2\/media?parent=2165"}],"curies":[{"name":"wp","href":"https:\/\/api.w.org\/{rel}","templated":true}]}}

<div class="wpb-content-wrapper"><p>[vc_row][vc_column]<section class='vqf_section_block block_background'><div class='vqf_container'><div class='vqf_row'><div class='vqf_full_col'><h2>KŁÓTNIA CZY PRZEMOC?</h2><div class='vqf_fixed_width_text'>W większości związków od czasu do czasu zdarzają się kłótnie. Partnerzy mogą pokłócić się bez większych negatywnych konsekwencji. Przemoc w związku to jednak coś innego. Przemoc ma niszczycielski wpływ na wszystkich członków rodziny. Kiedy pojawia się przemoc, znika poszanowanie drugiej osoby i równość między partnerami.</p>
<p>Przemoc w rodzinie wpisuje się w relację dwóch osób pozostających lub nie w związku małżeńskim. Może się wydarzać od początku trwania związku, po kilku latach wspólnego życia, bądź w momencie rozstania.</div></div></div></div></section>[/vc_column][/vc_row][vc_row][vc_column]<section class='vqf_section_block media_n_text_block' id=''><div class='vqf_container'><div class='vqf_row'><div class='vqf_full_col'><h2>CYKL PRZEMOCY</h2></div><div class='vqf_fixed_width_text'><p>Przemoc ma charakter cykliczny. W większości przypadków, wraz z upływem czasu epizody przemocy stają się coraz częstsze, a agresja coraz gwałtowniejsza. Jeśli niczego się nie zrobi, narastanie przemocy może prowadzić do groźnych dla życia obrażeń, nieodwracalnych uszkodzeń, a nawet do zabójstwa ofiary.</p></div><div class='left_media_block'><div class='media_box'><img src='https://www.violencequefaire.ch/wp-content/uploads/2022/05/Infographie_cycleviolence_EN.jpg'></div></div><div class='right_text_block'><div class='vqf_text_carousel_with_cta'><div class='owl-carousel owl-theme'><div class='item'><div class='text_item'><h4>1. Narastanie napieçia</h4><p>Komunikacja jest zakłócona. Sprawca przemocy ma trudność z wyrażaniem swoich uczuć lub braku zgody na coś, narasta w nim lub w niej niezadowolenie lub chce mieć wszystko pod kontrolą i odmawia negocjowania. Ofiara postrzega oznaki przemocy i zaczyna się bać.</p><a href='https://dev-vqf.creatives.com/pl/czym-jest-przemoc/' class='vqf_outline_cta'>zadaj pytanie</a></div></div><div class='item'><div class='text_item'><h4>2. Faza ostrej przemocy</h4><p>Sprawca przemocy rozładowuje napięcie poprzez gwałtowny atak przemocy. Ofiara czuje się osaczona, przerażona i bezsilna i ma skłonność do spełniania wymagań sprawcy.</p><a href='https://dev-vqf.creatives.com/pl/czym-jest-przemoc/' class='vqf_outline_cta'>zadaj pytanie</a></div></div><div class='item'><div class='text_item'><h4>3. Pogodzenie</h4><p>Sprawca przemocy przeprasza, obiecuje, że już się nigdy tak nie zachowa i robi wszystko, by mu wybaczono. Ofiara ma nadzieję na poprawę sytuacji i przyjmuje przeprosiny. Sprawca bagatelizuje swoje czyny, powołuje się na czynniki zewnętrzne (stres itp.) lub oskarża ofiarę. Ofiara traci wiarę w siebie lub się obwinia, uważa, że to ona powinna się zmienić.</p><a href='https://dev-vqf.creatives.com/pl/czym-jest-przemoc/' class='vqf_outline_cta'>zadaj pytanie</a></div></div><div class='item'><div class='text_item'><h4>4. Uspokojenie</h4><p>Kryzys został zapomniany, zachowania agresywne już się nie pojawiają, to okres tzw. „miesiąca miodowego“, który jednak nie trwa długo i jeśli niczego się nie zrobi, spirala przemocy rozkręci się od nowa.</p><a href='https://dev-vqf.creatives.com/pl/czym-jest-przemoc/' class='vqf_outline_cta'>zadaj pytanie</a></div></div></div></div></div></div></div></section>[/vc_column][/vc_row]</p>
</div>

<!-- This site is optimized with the Yoast SEO plugin v27.3 - https://yoast.com/product/yoast-seo-wordpress/ -->
<title>Czym jest przemoc? &#8226; Violence que faire ?</title>
<meta name="robots" content="index, follow, max-snippet:-1, max-image-preview:large, max-video-preview:-1" />
<link rel="canonical" href="https://www.violencequefaire.ch/pl/czym-jest-przemoc/" />
<meta property="og:locale" content="pl_PL" />
<meta property="og:type" content="article" />
<meta property="og:title" content="Czym jest przemoc? &#8226; Violence que faire ?" />
<meta property="og:description" content="[vc_row][vc_column][/vc_column][/vc_row][vc_row][vc_column][/vc_column][/vc_row]" />
<meta property="og:url" content="https://www.violencequefaire.ch/pl/czym-jest-przemoc/" />
<meta property="og:site_name" content="Violence que faire ?" />
<meta property="article:modified_time" content="2023-12-14T06:34:38+00:00" />
<meta name="twitter:card" content="summary_large_image" />
<meta name="twitter:label1" content="Szacowany czas czytania" />
	<meta name="twitter:data1" content="1 minuta" />
<script type="application/ld+json" class="yoast-schema-graph">{"@context":"https:\/\/schema.org","@graph":[{"@type":"WebPage","@id":"https:\/\/www.violencequefaire.ch\/pl\/czym-jest-przemoc\/","url":"https:\/\/www.violencequefaire.ch\/pl\/czym-jest-przemoc\/","name":"Czym jest przemoc? &#8226; Violence que faire ?","isPartOf":{"@id":"https:\/\/www.violencequefaire.ch\/pl\/#website"},"datePublished":"2022-03-25T13:59:01+00:00","dateModified":"2023-12-14T06:34:38+00:00","breadcrumb":{"@id":"https:\/\/www.violencequefaire.ch\/pl\/czym-jest-przemoc\/#breadcrumb"},"inLanguage":"pl-PL","potentialAction":[{"@type":"ReadAction","target":["https:\/\/www.violencequefaire.ch\/pl\/czym-jest-przemoc\/"]}]},{"@type":"BreadcrumbList","@id":"https:\/\/www.violencequefaire.ch\/pl\/czym-jest-przemoc\/#breadcrumb","itemListElement":[{"@type":"ListItem","position":1,"name":"Strona główna","item":"https:\/\/www.violencequefaire.ch\/pl\/"},{"@type":"ListItem","position":2,"name":"Czym jest przemoc?"}]},{"@type":"WebSite","@id":"https:\/\/www.violencequefaire.ch\/pl\/#website","url":"https:\/\/www.violencequefaire.ch\/pl\/","name":"Violence que faire","description":"Des spécialistes répondent personnellement à vos questions anonymes sur la violence au sein du couple.","publisher":{"@id":"https:\/\/www.violencequefaire.ch\/pl\/#organization"},"alternateName":"Violenza Cosa Fare","potentialAction":[{"@type":"SearchAction","target":{"@type":"EntryPoint","urlTemplate":"https:\/\/www.violencequefaire.ch\/pl\/?s={search_term_string}"},"query-input":{"@type":"PropertyValueSpecification","valueRequired":true,"valueName":"search_term_string"}}],"inLanguage":"pl-PL"},{"@type":"Organization","@id":"https:\/\/www.violencequefaire.ch\/pl\/#organization","name":"Violence que faire ?","url":"https:\/\/www.violencequefaire.ch\/pl\/","logo":{"@type":"ImageObject","inLanguage":"pl-PL","@id":"https:\/\/www.violencequefaire.ch\/pl\/#\/schema\/logo\/image\/","url":"https:\/\/www.violencequefaire.ch\/wp-content\/uploads\/2022\/04\/VQF_LOGO_neutre.jpg","contentUrl":"https:\/\/www.violencequefaire.ch\/wp-content\/uploads\/2022\/04\/VQF_LOGO_neutre.jpg","width":253,"height":376,"caption":"Violence que faire ?"},"image":{"@id":"https:\/\/www.violencequefaire.ch\/pl\/#\/schema\/logo\/image\/"}}]}</script>
<!-- / Yoast SEO plugin. -->

Strona główna

Des spécialistes répondent personnellement à vos questions anonymes sur la violence au sein du couple.
