{"id":9302,"date":"2022-03-24T12:03:09","date_gmt":"2022-03-24T11:03:09","guid":{"rendered":"https:\/\/www.violencequefaire.ch\/actualites\/"},"modified":"2024-12-03T10:08:03","modified_gmt":"2024-12-03T09:08:03","slug":"actualites","status":"publish","type":"page","link":"https:\/\/www.violencequefaire.ch\/it\/actualites\/","title":{"rendered":"Attualit\u00e0"},"content":{"rendered":"<div class=\"wpb-content-wrapper\"><p>[vc_row][vc_column]<section class='vqf_section_block'><div class='vqf_container'><div class='vqf_row'><div class='vqf_full_col'><div class='vqf_tabs'><ul class='tab_btns'><li class='actv_tab'><span><a href='https:\/\/www.violencequefaire.ch\/it\/actualites\/?cat=256' class='button actif'>Internazionale<\/a><\/span><\/li><li class=''><span><a href='https:\/\/www.violencequefaire.ch\/it\/actualites\/?cat=67' class='button '>Nazionale<\/a><\/span><\/li><li class=''><span><a href='https:\/\/www.violencequefaire.ch\/it\/actualites\/?cat=257' class='button '>Prevenzione<\/a><\/span><\/li><li class=''><span><a href='https:\/\/www.violencequefaire.ch\/it\/actualites\/?cat=258' class='button '>Legislazione<\/a><\/span><\/li><li class=''><span><a href='https:\/\/www.violencequefaire.ch\/it\/actualites\/?cat=249' class='button '>Annuncio di lavoro<\/a><\/span><\/li><\/ul><\/div><\/div><\/div><\/div><\/section><section class='vqf_section_block'><div class='vqf_container'><div class='vqf_row'><div class='vqf_full_col'><div class='vqf_search_block'><div class='search_result_blocks'><div class='sr_block'><div class='sr_content'><a href='https:\/\/www.violencequefaire.ch\/it\/violence-que-faire-amplia-il-suo-supporto-con-piattaforme-in-italiano-e-inglese\/'><p><\/p><h3>VIOLENCE QUE FAIRE amplia il suo supporto con piattaforme in italiano e inglese<\/h3><div class='actualite-resume'><\/div><\/a><\/div><\/div><div class='sr_block'><div class='sr_content'><a href='https:\/\/www.violencequefaire.ch\/it\/16-jours-dactivisme-riposter-et-se-reconstruire-face-aux-violences-de-genre\/'><p><\/p><h3>16 giorni di attivismo: reagire e ricostruire di fronte alla violenza di genere<\/h3><div class='actualite-resume'><\/div><\/a><\/div><\/div><div class='sr_block'><div class='sr_content'><a href='https:\/\/www.violencequefaire.ch\/it\/il-nostro-sito-si-espande-in-spagnolo-e-portoghese\/'><p><\/p><h3>Il nostro sito si espande in spagnolo e portoghese<\/h3><div class='actualite-resume'><\/div><\/a><\/div><\/div><div class='sr_block'><div class='sr_content'><a href='https:\/\/www.violencequefaire.ch\/it\/il-nostro-sito-si-espande-in-spagnolo-e-portoghese-2\/'><p><\/p><h3>Il nostro sito si espande in spagnolo e portoghese<\/h3><div class='actualite-resume'><\/div><\/a><\/div><\/div><\/div><\/div><\/div><\/div><\/div><\/section>[\/vc_column][\/vc_row]<\/p>\n<\/div>","protected":false},"excerpt":{"rendered":"<p>[vc_row][vc_column][\/vc_column][\/vc_row]<\/p>\n","protected":false},"author":16,"featured_media":0,"parent":0,"menu_order":0,"comment_status":"closed","ping_status":"closed","template":"","meta":{"_acf_changed":false,"footnotes":""},"class_list":["post-9302","page","type-page","status-publish","hentry"],"acf":[],"yoast_head":"<!-- This site is optimized with the Yoast SEO plugin v27.3 - https:\/\/yoast.com\/product\/yoast-seo-wordpress\/ -->\n<title>Attualit\u00e0 &#8226; Violence que faire ?<\/title>\n<meta name=\"description\" content=\"Scopri tutte le novit\u00e0 di Violence que faire su tematiche diverse: internazionalit\u00e0, legislazione, sensibilizzazione o offerte di lavoro\" \/>\n<meta name=\"robots\" content=\"index, follow, max-snippet:-1, max-image-preview:large, max-video-preview:-1\" \/>\n<link rel=\"canonical\" href=\"https:\/\/www.violencequefaire.ch\/it\/actualites\/\" \/>\n<meta property=\"og:locale\" content=\"it_IT\" \/>\n<meta property=\"og:type\" content=\"article\" \/>\n<meta property=\"og:title\" content=\"Attualit\u00e0 &#8226; Violence que faire ?\" \/>\n<meta property=\"og:description\" content=\"Scopri tutte le novit\u00e0 di Violence que faire su tematiche diverse: internazionalit\u00e0, legislazione, sensibilizzazione o offerte di lavoro\" \/>\n<meta property=\"og:url\" content=\"https:\/\/www.violencequefaire.ch\/it\/actualites\/\" \/>\n<meta property=\"og:site_name\" content=\"Violence que faire ?\" \/>\n<meta property=\"article:modified_time\" content=\"2024-12-03T09:08:03+00:00\" \/>\n<meta name=\"twitter:card\" content=\"summary_large_image\" \/>\n<meta name=\"twitter:label1\" content=\"Tempo di lettura stimato\" \/>\n\t<meta name=\"twitter:data1\" content=\"1 minuto\" \/>\n<script type=\"application\/ld+json\" class=\"yoast-schema-graph\">{\"@context\":\"https:\\\/\\\/schema.org\",\"@graph\":[{\"@type\":\"WebPage\",\"@id\":\"https:\\\/\\\/www.violencequefaire.ch\\\/it\\\/actualites\\\/\",\"url\":\"https:\\\/\\\/www.violencequefaire.ch\\\/it\\\/actualites\\\/\",\"name\":\"Attualit\u00e0 &#8226; Violence que faire ?\",\"isPartOf\":{\"@id\":\"https:\\\/\\\/www.violencequefaire.ch\\\/it\\\/#website\"},\"datePublished\":\"2022-03-24T11:03:09+00:00\",\"dateModified\":\"2024-12-03T09:08:03+00:00\",\"description\":\"Scopri tutte le novit\u00e0 di Violence que faire su tematiche diverse: internazionalit\u00e0, legislazione, sensibilizzazione o offerte di lavoro\",\"breadcrumb\":{\"@id\":\"https:\\\/\\\/www.violencequefaire.ch\\\/it\\\/actualites\\\/#breadcrumb\"},\"inLanguage\":\"it-IT\",\"potentialAction\":[{\"@type\":\"ReadAction\",\"target\":[\"https:\\\/\\\/www.violencequefaire.ch\\\/it\\\/actualites\\\/\"]}]},{\"@type\":\"BreadcrumbList\",\"@id\":\"https:\\\/\\\/www.violencequefaire.ch\\\/it\\\/actualites\\\/#breadcrumb\",\"itemListElement\":[{\"@type\":\"ListItem\",\"position\":1,\"name\":\"Home Page\",\"item\":\"https:\\\/\\\/www.violencequefaire.ch\\\/it\\\/\"},{\"@type\":\"ListItem\",\"position\":2,\"name\":\"Attualit\u00e0\"}]},{\"@type\":\"WebSite\",\"@id\":\"https:\\\/\\\/www.violencequefaire.ch\\\/it\\\/#website\",\"url\":\"https:\\\/\\\/www.violencequefaire.ch\\\/it\\\/\",\"name\":\"Violence que faire\",\"description\":\"Specialisti rispondono personalmente alle vostre domande anonime sulla violenza all&#039;interno della coppia.\",\"publisher\":{\"@id\":\"https:\\\/\\\/www.violencequefaire.ch\\\/it\\\/#organization\"},\"alternateName\":\"Violenza Cosa Fare\",\"potentialAction\":[{\"@type\":\"SearchAction\",\"target\":{\"@type\":\"EntryPoint\",\"urlTemplate\":\"https:\\\/\\\/www.violencequefaire.ch\\\/it\\\/?s={search_term_string}\"},\"query-input\":{\"@type\":\"PropertyValueSpecification\",\"valueRequired\":true,\"valueName\":\"search_term_string\"}}],\"inLanguage\":\"it-IT\"},{\"@type\":\"Organization\",\"@id\":\"https:\\\/\\\/www.violencequefaire.ch\\\/it\\\/#organization\",\"name\":\"Violence que faire ?\",\"url\":\"https:\\\/\\\/www.violencequefaire.ch\\\/it\\\/\",\"logo\":{\"@type\":\"ImageObject\",\"inLanguage\":\"it-IT\",\"@id\":\"https:\\\/\\\/www.violencequefaire.ch\\\/it\\\/#\\\/schema\\\/logo\\\/image\\\/\",\"url\":\"https:\\\/\\\/www.violencequefaire.ch\\\/wp-content\\\/uploads\\\/2022\\\/04\\\/VQF_LOGO_neutre.jpg\",\"contentUrl\":\"https:\\\/\\\/www.violencequefaire.ch\\\/wp-content\\\/uploads\\\/2022\\\/04\\\/VQF_LOGO_neutre.jpg\",\"width\":253,\"height\":376,\"caption\":\"Violence que faire ?\"},\"image\":{\"@id\":\"https:\\\/\\\/www.violencequefaire.ch\\\/it\\\/#\\\/schema\\\/logo\\\/image\\\/\"}}]}<\/script>\n<!-- \/ Yoast SEO plugin. -->","yoast_head_json":{"title":"Attualit\u00e0 &#8226; Violence que faire ?","description":"Scopri tutte le novit\u00e0 di Violence que faire su tematiche diverse: internazionalit\u00e0, legislazione, sensibilizzazione o offerte di lavoro","robots":{"index":"index","follow":"follow","max-snippet":"max-snippet:-1","max-image-preview":"max-image-preview:large","max-video-preview":"max-video-preview:-1"},"canonical":"https:\/\/www.violencequefaire.ch\/it\/actualites\/","og_locale":"it_IT","og_type":"article","og_title":"Attualit\u00e0 &#8226; Violence que faire ?","og_description":"Scopri tutte le novit\u00e0 di Violence que faire su tematiche diverse: internazionalit\u00e0, legislazione, sensibilizzazione o offerte di lavoro","og_url":"https:\/\/www.violencequefaire.ch\/it\/actualites\/","og_site_name":"Violence que faire ?","article_modified_time":"2024-12-03T09:08:03+00:00","twitter_card":"summary_large_image","twitter_misc":{"Tempo di lettura stimato":"1 minuto"},"schema":{"@context":"https:\/\/schema.org","@graph":[{"@type":"WebPage","@id":"https:\/\/www.violencequefaire.ch\/it\/actualites\/","url":"https:\/\/www.violencequefaire.ch\/it\/actualites\/","name":"Attualit\u00e0 &#8226; Violence que faire ?","isPartOf":{"@id":"https:\/\/www.violencequefaire.ch\/it\/#website"},"datePublished":"2022-03-24T11:03:09+00:00","dateModified":"2024-12-03T09:08:03+00:00","description":"Scopri tutte le novit\u00e0 di Violence que faire su tematiche diverse: internazionalit\u00e0, legislazione, sensibilizzazione o offerte di lavoro","breadcrumb":{"@id":"https:\/\/www.violencequefaire.ch\/it\/actualites\/#breadcrumb"},"inLanguage":"it-IT","potentialAction":[{"@type":"ReadAction","target":["https:\/\/www.violencequefaire.ch\/it\/actualites\/"]}]},{"@type":"BreadcrumbList","@id":"https:\/\/www.violencequefaire.ch\/it\/actualites\/#breadcrumb","itemListElement":[{"@type":"ListItem","position":1,"name":"Home Page","item":"https:\/\/www.violencequefaire.ch\/it\/"},{"@type":"ListItem","position":2,"name":"Attualit\u00e0"}]},{"@type":"WebSite","@id":"https:\/\/www.violencequefaire.ch\/it\/#website","url":"https:\/\/www.violencequefaire.ch\/it\/","name":"Violence que faire","description":"Specialisti rispondono personalmente alle vostre domande anonime sulla violenza all&#039;interno della coppia.","publisher":{"@id":"https:\/\/www.violencequefaire.ch\/it\/#organization"},"alternateName":"Violenza Cosa Fare","potentialAction":[{"@type":"SearchAction","target":{"@type":"EntryPoint","urlTemplate":"https:\/\/www.violencequefaire.ch\/it\/?s={search_term_string}"},"query-input":{"@type":"PropertyValueSpecification","valueRequired":true,"valueName":"search_term_string"}}],"inLanguage":"it-IT"},{"@type":"Organization","@id":"https:\/\/www.violencequefaire.ch\/it\/#organization","name":"Violence que faire ?","url":"https:\/\/www.violencequefaire.ch\/it\/","logo":{"@type":"ImageObject","inLanguage":"it-IT","@id":"https:\/\/www.violencequefaire.ch\/it\/#\/schema\/logo\/image\/","url":"https:\/\/www.violencequefaire.ch\/wp-content\/uploads\/2022\/04\/VQF_LOGO_neutre.jpg","contentUrl":"https:\/\/www.violencequefaire.ch\/wp-content\/uploads\/2022\/04\/VQF_LOGO_neutre.jpg","width":253,"height":376,"caption":"Violence que faire ?"},"image":{"@id":"https:\/\/www.violencequefaire.ch\/it\/#\/schema\/logo\/image\/"}}]}},"_links":{"self":[{"href":"https:\/\/www.violencequefaire.ch\/it\/wp-json\/wp\/v2\/pages\/9302","targetHints":{"allow":["GET"]}}],"collection":[{"href":"https:\/\/www.violencequefaire.ch\/it\/wp-json\/wp\/v2\/pages"}],"about":[{"href":"https:\/\/www.violencequefaire.ch\/it\/wp-json\/wp\/v2\/types\/page"}],"author":[{"embeddable":true,"href":"https:\/\/www.violencequefaire.ch\/it\/wp-json\/wp\/v2\/users\/16"}],"replies":[{"embeddable":true,"href":"https:\/\/www.violencequefaire.ch\/it\/wp-json\/wp\/v2\/comments?post=9302"}],"version-history":[{"count":1,"href":"https:\/\/www.violencequefaire.ch\/it\/wp-json\/wp\/v2\/pages\/9302\/revisions"}],"predecessor-version":[{"id":9303,"href":"https:\/\/www.violencequefaire.ch\/it\/wp-json\/wp\/v2\/pages\/9302\/revisions\/9303"}],"wp:attachment":[{"href":"https:\/\/www.violencequefaire.ch\/it\/wp-json\/wp\/v2\/media?parent=9302"}],"curies":[{"name":"wp","href":"https:\/\/api.w.org\/{rel}","templated":true}]}}

Attualità

<!-- This site is optimized with the Yoast SEO plugin v27.3 - https://yoast.com/product/yoast-seo-wordpress/ -->
<title>Attualità &#8226; Violence que faire ?</title>
<meta name="description" content="Scopri tutte le novità di Violence que faire su tematiche diverse: internazionalità, legislazione, sensibilizzazione o offerte di lavoro" />
<meta name="robots" content="index, follow, max-snippet:-1, max-image-preview:large, max-video-preview:-1" />
<link rel="canonical" href="https://www.violencequefaire.ch/it/actualites/" />
<meta property="og:locale" content="it_IT" />
<meta property="og:type" content="article" />
<meta property="og:title" content="Attualità &#8226; Violence que faire ?" />
<meta property="og:description" content="Scopri tutte le novità di Violence que faire su tematiche diverse: internazionalità, legislazione, sensibilizzazione o offerte di lavoro" />
<meta property="og:url" content="https://www.violencequefaire.ch/it/actualites/" />
<meta property="og:site_name" content="Violence que faire ?" />
<meta property="article:modified_time" content="2024-12-03T09:08:03+00:00" />
<meta name="twitter:card" content="summary_large_image" />
<meta name="twitter:label1" content="Tempo di lettura stimato" />
	<meta name="twitter:data1" content="1 minuto" />
<script type="application/ld+json" class="yoast-schema-graph">{"@context":"https:\/\/schema.org","@graph":[{"@type":"WebPage","@id":"https:\/\/www.violencequefaire.ch\/it\/actualites\/","url":"https:\/\/www.violencequefaire.ch\/it\/actualites\/","name":"Attualità &#8226; Violence que faire ?","isPartOf":{"@id":"https:\/\/www.violencequefaire.ch\/it\/#website"},"datePublished":"2022-03-24T11:03:09+00:00","dateModified":"2024-12-03T09:08:03+00:00","description":"Scopri tutte le novità di Violence que faire su tematiche diverse: internazionalità, legislazione, sensibilizzazione o offerte di lavoro","breadcrumb":{"@id":"https:\/\/www.violencequefaire.ch\/it\/actualites\/#breadcrumb"},"inLanguage":"it-IT","potentialAction":[{"@type":"ReadAction","target":["https:\/\/www.violencequefaire.ch\/it\/actualites\/"]}]},{"@type":"BreadcrumbList","@id":"https:\/\/www.violencequefaire.ch\/it\/actualites\/#breadcrumb","itemListElement":[{"@type":"ListItem","position":1,"name":"Home Page","item":"https:\/\/www.violencequefaire.ch\/it\/"},{"@type":"ListItem","position":2,"name":"Attualità"}]},{"@type":"WebSite","@id":"https:\/\/www.violencequefaire.ch\/it\/#website","url":"https:\/\/www.violencequefaire.ch\/it\/","name":"Violence que faire","description":"Specialisti rispondono personalmente alle vostre domande anonime sulla violenza all&#039;interno della coppia.","publisher":{"@id":"https:\/\/www.violencequefaire.ch\/it\/#organization"},"alternateName":"Violenza Cosa Fare","potentialAction":[{"@type":"SearchAction","target":{"@type":"EntryPoint","urlTemplate":"https:\/\/www.violencequefaire.ch\/it\/?s={search_term_string}"},"query-input":{"@type":"PropertyValueSpecification","valueRequired":true,"valueName":"search_term_string"}}],"inLanguage":"it-IT"},{"@type":"Organization","@id":"https:\/\/www.violencequefaire.ch\/it\/#organization","name":"Violence que faire ?","url":"https:\/\/www.violencequefaire.ch\/it\/","logo":{"@type":"ImageObject","inLanguage":"it-IT","@id":"https:\/\/www.violencequefaire.ch\/it\/#\/schema\/logo\/image\/","url":"https:\/\/www.violencequefaire.ch\/wp-content\/uploads\/2022\/04\/VQF_LOGO_neutre.jpg","contentUrl":"https:\/\/www.violencequefaire.ch\/wp-content\/uploads\/2022\/04\/VQF_LOGO_neutre.jpg","width":253,"height":376,"caption":"Violence que faire ?"},"image":{"@id":"https:\/\/www.violencequefaire.ch\/it\/#\/schema\/logo\/image\/"}}]}</script>
<!-- / Yoast SEO plugin. -->

Attualità &#8226; Violence que faire ?

Scopri tutte le novità di Violence que faire su tematiche diverse: internazionalità, legislazione, sensibilizzazione o offerte di lavoro
