{"id":10730,"date":"2025-05-06T16:03:49","date_gmt":"2025-05-06T14:03:49","guid":{"rendered":"https:\/\/www.violencequefaire.ch\/?page_id=10730"},"modified":"2025-05-26T20:32:04","modified_gmt":"2025-05-26T18:32:04","slug":"conservare-le-prove-della-violenza","status":"publish","type":"page","link":"https:\/\/www.violencequefaire.ch\/it\/conservare-le-prove-della-violenza\/","title":{"rendered":"Conservare le prove della violenza"},"content":{"rendered":"<div class=\"wpb-content-wrapper\"><p>[vc_row][vc_column]<section class='vqf_section_block text_n_media_block'><div class='vqf_container'><div class='vqf_row'><div class='vqf_full_col'><h2>A chi \u00e8 rivolta questa sezione?<\/h2><\/div><div><div class='vqf_fixed_width_text'><p>Siete vittima di violenza domestica o avete dei dubbi a riguardo? Allora siete nel posto giusto. Che si tratti di violenza <a href=\"https:\/\/www.violencequefaire.ch\/it\/violenza-fisica\/\">fisica<\/a>, <a href=\"https:\/\/www.violencequefaire.ch\/it\/violenza-sessuale\/\">sessuale<\/a>, <a href=\"https:\/\/www.violencequefaire.ch\/it\/violenza-economica\/\">economica <\/a>o <a href=\"https:\/\/www.violencequefaire.ch\/it\/violenza-psicologica\/\">psicologica<\/a>, \u00e8 importante documentarla al primo segnale. Se siete stati aggrediti fisicamente o sessualmente, vi consigliamo di fare un rapporto medico il prima possibile presso l&#8217;ospedale pi\u00f9 vicino. Per saperne di pi\u00f9 su cosa fare in caso di aggressione sessuale, potete trovare tutte le informazioni cliccando <a href=\"https:\/\/www.violencequefaire.ch\/it\/violenza-sessuale\/\">qui<\/a>. Gli indirizzi per far eseguire un rapporto medico si trovano sulla nostra pagina <a href=\"https:\/\/www.violencequefaire.ch\/it\/trovare-aiuto\/\">Trova aiuto<\/a>.<\/p><\/div><\/div><\/div><div class='vqf_accordion_block'><div class='accordion_item'><div class='accordion_header'><span class='title'>Perch\u00e9 conservare le prove di violenza?<\/span><\/div><div class='accordion_body'><div class='acc_body_inner'><div class='vqf_fixed_width_text'><p>Quando si subisce un abuso da parte del partner, spesso \u00e8 difficile vedere la situazione con chiarezza. Ci si pu\u00f2 chiedere se si \u00e8 \"pazzi\" o ci si pu\u00f2 sentire in trappola. Questa \u00e8 una conseguenza della violenza. Documentando gli atti di violenza il prima possibile, \u00e8 possibile identificare meglio il <a href=\"https:\/\/www.violencequefaire.ch\/it\/violenza-nella-coppia\">ciclo della violenza<\/a> e capire se si \u00e8 in pericolo quando la violenza si intensifica. Inoltre, conservare le prove vi permetter\u00e0 di avere <strong>le prove della violenza<\/strong> subita nel caso in cui vogliate sporgere <strong>una denuncia penale<\/strong> o <strong>richiedere un ordine restrittivo al tribunale civile.<\/strong> <\/p><\/div><\/div><\/div><\/div><div class='accordion_item'><div class='accordion_header'><span class='title'>Dove possono essere conservate le prove della violenza?<\/span><\/div><div class='accordion_body'><div class='acc_body_inner'><div class='vqf_fixed_width_text'><p>Salvare le prove della violenza sul telefono o sul computer \u00e8 rischioso perch\u00e9 il partner potrebbe controllare i vostri strumenti di comunicazione e potreste perdere queste informazioni personali e questi dati sensibili.<br \/>\nEsistono diverse soluzioni. Il sito web with-you.ch, ad esempio, mette a disposizione una cassaforte digitale gratuita dove salvare tutte le prove delle violenze e delle molestie subite. Questo servizio \u00e8 gestito dall'associazione Tech against violence e vi consigliamo di leggere i termini e le condizioni d'uso prima di salvare qualsiasi informazione.<\/p><\/div><\/div><\/div><\/div><\/div><\/div><\/section><section class='vqf_section_block'><div class='vqf_container'><div class='vqf_row'><div class='vqf_full_col'><div class='vqf_fixed_width_text'>Se desiderate visitare la cassaforte digitale sul sito web <a href=\"#\">with-you.ch<\/a> : <a href=\"https:\/\/with-you.ch\/it\" data-bs-toggle=\"modal\" data-bs-target=\"#protectAbout\"><img loading=\"lazy\" decoding=\"async\" class=\"alignnone wp-image-8558 size-medium\" src=\"https:\/\/www.violencequefaire.ch\/wp-content\/themes\/vqf\/assets\/img\/protect-shield.png\" alt=\"\" width=\"25\" height=\"25\" \/><\/a><\/div><\/div><\/div><\/div><\/section>[\/vc_column][\/vc_row]<\/p>\n<\/div>","protected":false},"excerpt":{"rendered":"<p>[vc_row][vc_column][\/vc_column][\/vc_row]<\/p>\n","protected":false},"author":17,"featured_media":0,"parent":0,"menu_order":0,"comment_status":"closed","ping_status":"closed","template":"","meta":{"_acf_changed":false,"footnotes":""},"class_list":["post-10730","page","type-page","status-publish","hentry"],"acf":[],"yoast_head":"<!-- This site is optimized with the Yoast SEO plugin v27.3 - https:\/\/yoast.com\/product\/yoast-seo-wordpress\/ -->\n<title>Conservare le prove della violenza &#8226; Violence que faire ?<\/title>\n<meta name=\"robots\" content=\"index, follow, max-snippet:-1, max-image-preview:large, max-video-preview:-1\" \/>\n<link rel=\"canonical\" href=\"https:\/\/www.violencequefaire.ch\/it\/conservare-le-prove-della-violenza\/\" \/>\n<meta property=\"og:locale\" content=\"it_IT\" \/>\n<meta property=\"og:type\" content=\"article\" \/>\n<meta property=\"og:title\" content=\"Conservare le prove della violenza &#8226; Violence que faire ?\" \/>\n<meta property=\"og:description\" content=\"[vc_row][vc_column][\/vc_column][\/vc_row]\" \/>\n<meta property=\"og:url\" content=\"https:\/\/www.violencequefaire.ch\/it\/conservare-le-prove-della-violenza\/\" \/>\n<meta property=\"og:site_name\" content=\"Violence que faire ?\" \/>\n<meta property=\"article:modified_time\" content=\"2025-05-26T18:32:04+00:00\" \/>\n<meta name=\"twitter:card\" content=\"summary_large_image\" \/>\n<meta name=\"twitter:label1\" content=\"Tempo di lettura stimato\" \/>\n\t<meta name=\"twitter:data1\" content=\"1 minuto\" \/>\n<script type=\"application\/ld+json\" class=\"yoast-schema-graph\">{\"@context\":\"https:\\\/\\\/schema.org\",\"@graph\":[{\"@type\":\"WebPage\",\"@id\":\"https:\\\/\\\/www.violencequefaire.ch\\\/it\\\/conservare-le-prove-della-violenza\\\/\",\"url\":\"https:\\\/\\\/www.violencequefaire.ch\\\/it\\\/conservare-le-prove-della-violenza\\\/\",\"name\":\"Conservare le prove della violenza &#8226; Violence que faire ?\",\"isPartOf\":{\"@id\":\"https:\\\/\\\/www.violencequefaire.ch\\\/it\\\/#website\"},\"primaryImageOfPage\":{\"@id\":\"https:\\\/\\\/www.violencequefaire.ch\\\/it\\\/conservare-le-prove-della-violenza\\\/#primaryimage\"},\"image\":{\"@id\":\"https:\\\/\\\/www.violencequefaire.ch\\\/it\\\/conservare-le-prove-della-violenza\\\/#primaryimage\"},\"thumbnailUrl\":\"https:\\\/\\\/www.violencequefaire.ch\\\/wp-content\\\/themes\\\/vqf\\\/assets\\\/img\\\/protect-shield.png\",\"datePublished\":\"2025-05-06T14:03:49+00:00\",\"dateModified\":\"2025-05-26T18:32:04+00:00\",\"breadcrumb\":{\"@id\":\"https:\\\/\\\/www.violencequefaire.ch\\\/it\\\/conservare-le-prove-della-violenza\\\/#breadcrumb\"},\"inLanguage\":\"it-IT\",\"potentialAction\":[{\"@type\":\"ReadAction\",\"target\":[\"https:\\\/\\\/www.violencequefaire.ch\\\/it\\\/conservare-le-prove-della-violenza\\\/\"]}]},{\"@type\":\"ImageObject\",\"inLanguage\":\"it-IT\",\"@id\":\"https:\\\/\\\/www.violencequefaire.ch\\\/it\\\/conservare-le-prove-della-violenza\\\/#primaryimage\",\"url\":\"https:\\\/\\\/www.violencequefaire.ch\\\/wp-content\\\/themes\\\/vqf\\\/assets\\\/img\\\/protect-shield.png\",\"contentUrl\":\"https:\\\/\\\/www.violencequefaire.ch\\\/wp-content\\\/themes\\\/vqf\\\/assets\\\/img\\\/protect-shield.png\"},{\"@type\":\"BreadcrumbList\",\"@id\":\"https:\\\/\\\/www.violencequefaire.ch\\\/it\\\/conservare-le-prove-della-violenza\\\/#breadcrumb\",\"itemListElement\":[{\"@type\":\"ListItem\",\"position\":1,\"name\":\"Home Page\",\"item\":\"https:\\\/\\\/www.violencequefaire.ch\\\/it\\\/\"},{\"@type\":\"ListItem\",\"position\":2,\"name\":\"Conservare le prove della violenza\"}]},{\"@type\":\"WebSite\",\"@id\":\"https:\\\/\\\/www.violencequefaire.ch\\\/it\\\/#website\",\"url\":\"https:\\\/\\\/www.violencequefaire.ch\\\/it\\\/\",\"name\":\"Violence que faire\",\"description\":\"Specialisti rispondono personalmente alle vostre domande anonime sulla violenza all&#039;interno della coppia.\",\"publisher\":{\"@id\":\"https:\\\/\\\/www.violencequefaire.ch\\\/it\\\/#organization\"},\"alternateName\":\"Violenza Cosa Fare\",\"potentialAction\":[{\"@type\":\"SearchAction\",\"target\":{\"@type\":\"EntryPoint\",\"urlTemplate\":\"https:\\\/\\\/www.violencequefaire.ch\\\/it\\\/?s={search_term_string}\"},\"query-input\":{\"@type\":\"PropertyValueSpecification\",\"valueRequired\":true,\"valueName\":\"search_term_string\"}}],\"inLanguage\":\"it-IT\"},{\"@type\":\"Organization\",\"@id\":\"https:\\\/\\\/www.violencequefaire.ch\\\/it\\\/#organization\",\"name\":\"Violence que faire ?\",\"url\":\"https:\\\/\\\/www.violencequefaire.ch\\\/it\\\/\",\"logo\":{\"@type\":\"ImageObject\",\"inLanguage\":\"it-IT\",\"@id\":\"https:\\\/\\\/www.violencequefaire.ch\\\/it\\\/#\\\/schema\\\/logo\\\/image\\\/\",\"url\":\"https:\\\/\\\/www.violencequefaire.ch\\\/wp-content\\\/uploads\\\/2022\\\/04\\\/VQF_LOGO_neutre.jpg\",\"contentUrl\":\"https:\\\/\\\/www.violencequefaire.ch\\\/wp-content\\\/uploads\\\/2022\\\/04\\\/VQF_LOGO_neutre.jpg\",\"width\":253,\"height\":376,\"caption\":\"Violence que faire ?\"},\"image\":{\"@id\":\"https:\\\/\\\/www.violencequefaire.ch\\\/it\\\/#\\\/schema\\\/logo\\\/image\\\/\"}}]}<\/script>\n<!-- \/ Yoast SEO plugin. -->","yoast_head_json":{"title":"Conservare le prove della violenza &#8226; Violence que faire ?","robots":{"index":"index","follow":"follow","max-snippet":"max-snippet:-1","max-image-preview":"max-image-preview:large","max-video-preview":"max-video-preview:-1"},"canonical":"https:\/\/www.violencequefaire.ch\/it\/conservare-le-prove-della-violenza\/","og_locale":"it_IT","og_type":"article","og_title":"Conservare le prove della violenza &#8226; Violence que faire ?","og_description":"[vc_row][vc_column][\/vc_column][\/vc_row]","og_url":"https:\/\/www.violencequefaire.ch\/it\/conservare-le-prove-della-violenza\/","og_site_name":"Violence que faire ?","article_modified_time":"2025-05-26T18:32:04+00:00","twitter_card":"summary_large_image","twitter_misc":{"Tempo di lettura stimato":"1 minuto"},"schema":{"@context":"https:\/\/schema.org","@graph":[{"@type":"WebPage","@id":"https:\/\/www.violencequefaire.ch\/it\/conservare-le-prove-della-violenza\/","url":"https:\/\/www.violencequefaire.ch\/it\/conservare-le-prove-della-violenza\/","name":"Conservare le prove della violenza &#8226; Violence que faire ?","isPartOf":{"@id":"https:\/\/www.violencequefaire.ch\/it\/#website"},"primaryImageOfPage":{"@id":"https:\/\/www.violencequefaire.ch\/it\/conservare-le-prove-della-violenza\/#primaryimage"},"image":{"@id":"https:\/\/www.violencequefaire.ch\/it\/conservare-le-prove-della-violenza\/#primaryimage"},"thumbnailUrl":"https:\/\/www.violencequefaire.ch\/wp-content\/themes\/vqf\/assets\/img\/protect-shield.png","datePublished":"2025-05-06T14:03:49+00:00","dateModified":"2025-05-26T18:32:04+00:00","breadcrumb":{"@id":"https:\/\/www.violencequefaire.ch\/it\/conservare-le-prove-della-violenza\/#breadcrumb"},"inLanguage":"it-IT","potentialAction":[{"@type":"ReadAction","target":["https:\/\/www.violencequefaire.ch\/it\/conservare-le-prove-della-violenza\/"]}]},{"@type":"ImageObject","inLanguage":"it-IT","@id":"https:\/\/www.violencequefaire.ch\/it\/conservare-le-prove-della-violenza\/#primaryimage","url":"https:\/\/www.violencequefaire.ch\/wp-content\/themes\/vqf\/assets\/img\/protect-shield.png","contentUrl":"https:\/\/www.violencequefaire.ch\/wp-content\/themes\/vqf\/assets\/img\/protect-shield.png"},{"@type":"BreadcrumbList","@id":"https:\/\/www.violencequefaire.ch\/it\/conservare-le-prove-della-violenza\/#breadcrumb","itemListElement":[{"@type":"ListItem","position":1,"name":"Home Page","item":"https:\/\/www.violencequefaire.ch\/it\/"},{"@type":"ListItem","position":2,"name":"Conservare le prove della violenza"}]},{"@type":"WebSite","@id":"https:\/\/www.violencequefaire.ch\/it\/#website","url":"https:\/\/www.violencequefaire.ch\/it\/","name":"Violence que faire","description":"Specialisti rispondono personalmente alle vostre domande anonime sulla violenza all&#039;interno della coppia.","publisher":{"@id":"https:\/\/www.violencequefaire.ch\/it\/#organization"},"alternateName":"Violenza Cosa Fare","potentialAction":[{"@type":"SearchAction","target":{"@type":"EntryPoint","urlTemplate":"https:\/\/www.violencequefaire.ch\/it\/?s={search_term_string}"},"query-input":{"@type":"PropertyValueSpecification","valueRequired":true,"valueName":"search_term_string"}}],"inLanguage":"it-IT"},{"@type":"Organization","@id":"https:\/\/www.violencequefaire.ch\/it\/#organization","name":"Violence que faire ?","url":"https:\/\/www.violencequefaire.ch\/it\/","logo":{"@type":"ImageObject","inLanguage":"it-IT","@id":"https:\/\/www.violencequefaire.ch\/it\/#\/schema\/logo\/image\/","url":"https:\/\/www.violencequefaire.ch\/wp-content\/uploads\/2022\/04\/VQF_LOGO_neutre.jpg","contentUrl":"https:\/\/www.violencequefaire.ch\/wp-content\/uploads\/2022\/04\/VQF_LOGO_neutre.jpg","width":253,"height":376,"caption":"Violence que faire ?"},"image":{"@id":"https:\/\/www.violencequefaire.ch\/it\/#\/schema\/logo\/image\/"}}]}},"_links":{"self":[{"href":"https:\/\/www.violencequefaire.ch\/it\/wp-json\/wp\/v2\/pages\/10730","targetHints":{"allow":["GET"]}}],"collection":[{"href":"https:\/\/www.violencequefaire.ch\/it\/wp-json\/wp\/v2\/pages"}],"about":[{"href":"https:\/\/www.violencequefaire.ch\/it\/wp-json\/wp\/v2\/types\/page"}],"author":[{"embeddable":true,"href":"https:\/\/www.violencequefaire.ch\/it\/wp-json\/wp\/v2\/users\/17"}],"replies":[{"embeddable":true,"href":"https:\/\/www.violencequefaire.ch\/it\/wp-json\/wp\/v2\/comments?post=10730"}],"version-history":[{"count":5,"href":"https:\/\/www.violencequefaire.ch\/it\/wp-json\/wp\/v2\/pages\/10730\/revisions"}],"predecessor-version":[{"id":10737,"href":"https:\/\/www.violencequefaire.ch\/it\/wp-json\/wp\/v2\/pages\/10730\/revisions\/10737"}],"wp:attachment":[{"href":"https:\/\/www.violencequefaire.ch\/it\/wp-json\/wp\/v2\/media?parent=10730"}],"curies":[{"name":"wp","href":"https:\/\/api.w.org\/{rel}","templated":true}]}}

<div class="wpb-content-wrapper"><p>[vc_row][vc_column]<section class='vqf_section_block text_n_media_block'><div class='vqf_container'><div class='vqf_row'><div class='vqf_full_col'><h2>A chi è rivolta questa sezione?</h2></div><div><div class='vqf_fixed_width_text'><p>Siete vittima di violenza domestica o avete dei dubbi a riguardo? Allora siete nel posto giusto. Che si tratti di violenza <a href="https://www.violencequefaire.ch/it/violenza-fisica/">fisica</a>, <a href="https://www.violencequefaire.ch/it/violenza-sessuale/">sessuale</a>, <a href="https://www.violencequefaire.ch/it/violenza-economica/">economica </a>o <a href="https://www.violencequefaire.ch/it/violenza-psicologica/">psicologica</a>, è importante documentarla al primo segnale. Se siete stati aggrediti fisicamente o sessualmente, vi consigliamo di fare un rapporto medico il prima possibile presso l&#8217;ospedale più vicino. Per saperne di più su cosa fare in caso di aggressione sessuale, potete trovare tutte le informazioni cliccando <a href="https://www.violencequefaire.ch/it/violenza-sessuale/">qui</a>. Gli indirizzi per far eseguire un rapporto medico si trovano sulla nostra pagina <a href="https://www.violencequefaire.ch/it/trovare-aiuto/">Trova aiuto</a>.</p></div></div></div><div class='vqf_accordion_block'><div class='accordion_item'><div class='accordion_header'><span class='title'>Perché conservare le prove di violenza?</span></div><div class='accordion_body'><div class='acc_body_inner'><div class='vqf_fixed_width_text'><p>Quando si subisce un abuso da parte del partner, spesso è difficile vedere la situazione con chiarezza. Ci si può chiedere se si è "pazzi" o ci si può sentire in trappola. Questa è una conseguenza della violenza. Documentando gli atti di violenza il prima possibile, è possibile identificare meglio il <a href="https://www.violencequefaire.ch/it/violenza-nella-coppia">ciclo della violenza</a> e capire se si è in pericolo quando la violenza si intensifica. Inoltre, conservare le prove vi permetterà di avere <strong>le prove della violenza</strong> subita nel caso in cui vogliate sporgere <strong>una denuncia penale</strong> o <strong>richiedere un ordine restrittivo al tribunale civile.</strong> </p></div></div></div></div><div class='accordion_item'><div class='accordion_header'><span class='title'>Dove possono essere conservate le prove della violenza?</span></div><div class='accordion_body'><div class='acc_body_inner'><div class='vqf_fixed_width_text'><p>Salvare le prove della violenza sul telefono o sul computer è rischioso perché il partner potrebbe controllare i vostri strumenti di comunicazione e potreste perdere queste informazioni personali e questi dati sensibili.<br />
Esistono diverse soluzioni. Il sito web with-you.ch, ad esempio, mette a disposizione una cassaforte digitale gratuita dove salvare tutte le prove delle violenze e delle molestie subite. Questo servizio è gestito dall'associazione Tech against violence e vi consigliamo di leggere i termini e le condizioni d'uso prima di salvare qualsiasi informazione.</p></div></div></div></div></div></div></section><section class='vqf_section_block'><div class='vqf_container'><div class='vqf_row'><div class='vqf_full_col'><div class='vqf_fixed_width_text'>Se desiderate visitare la cassaforte digitale sul sito web <a href="#">with-you.ch</a> : <a href="https://with-you.ch/it" data-bs-toggle="modal" data-bs-target="#protectAbout"><img loading="lazy" decoding="async" class="alignnone wp-image-8558 size-medium" src="https://www.violencequefaire.ch/wp-content/themes/vqf/assets/img/protect-shield.png" alt="" width="25" height="25" /></a></div></div></div></div></section>[/vc_column][/vc_row]</p>
</div>
