{"id":11230,"date":"2022-03-25T09:41:22","date_gmt":"2022-03-25T08:41:22","guid":{"rendered":"https:\/\/www.violencequefaire.ch\/politique-de-confidentialite\/"},"modified":"2025-10-22T09:26:37","modified_gmt":"2025-10-22T07:26:37","slug":"politica-de-confidencialidad","status":"publish","type":"page","link":"https:\/\/www.violencequefaire.ch\/es\/politica-de-confidencialidad\/","title":{"rendered":"Pol\u00edtica de confidencialidad"},"content":{"rendered":"<div class=\"wpb-content-wrapper\"><p>[vc_row][vc_column]<section class='vqf_section_block'><div class='vqf_container'><div class='vqf_row'><div class='vqf_full_col'><h2>Para todos los\/as usuarios\/as y quienes navegan por la web:<\/h2><div class='vqf_fixed_width_text'><\/p>\n<ul>\n<li>Confidencialidad: VIOLENCE QUE FAIRE no conserva ning\u00fan dato personal sobre las personas que recurren a su servicio de asesoramiento en l\u00ednea, ni sobre las personas que han sufrido o ejercido violencia, o sobre testigos o personas cercanas, ya que las preguntas se formulan de forma an\u00f3nima. Solo conservamos la siguiente informaci\u00f3n sobre las personas usuarias: sexo y\/o g\u00e9nero, a\u00f1o de nacimiento, cant\u00f3n o pa\u00eds de origen y la informaci\u00f3n transmitida en la pregunta planteada.<\/li>\n<li>VIOLENCE QUE FAIRE puede publicar las preguntas y respuestas en su p\u00e1gina web garantizando el anonimato a condici\u00f3n de que la persona que las ha formulado haya dado su consentimiento expl\u00edcito a trav\u00e9s del bot\u00f3n \u00abEstoy de acuerdo en que mi pregunta se publique en la p\u00e1gina web\u00bb. Las personas que no deseen que su pregunta se publique en la web pueden indicarlo al enviarla haciendo clic en la casilla \u00abNo estoy de acuerdo con que mi pregunta se publique en la p\u00e1gina web\u00bb.<\/li>\n<li>Otras personas que naveguen por la web pueden encontrar similitudes con tu experiencia y beneficiarse de la informaci\u00f3n, las pistas y los consejos que ya ha dado el equipo de profesionales. De esta manera, cada pregunta-respuesta publicada en la p\u00e1gina web tiene un verdadero efecto \u00abmultiplicador\u00bb y contribuye a una mejor prevenci\u00f3n de la violencia.<\/li>\n<li>VIOLENCE QUE FAIRE se reserva el derecho de no publicar mensajes irrespetuosos, que contengan mensajes ilegales o con fines publicitarios.<\/li>\n<li>VIOLENCE QUE FAIRE no se hace responsable de ninguna manera de las acciones de los\/as usuarios\/as a partir de la informaci\u00f3n proporcionada a trav\u00e9s de la p\u00e1gina <a href=\"https:\/\/www.violencequefaire.ch\/es\/\">violencequefaire.ch.<\/a><\/li>\n<li>Las personas que deseen utilizar los testimonios publicados u otros contenidos de la p\u00e1gina web est\u00e1n invitadas a informar a la asociaci\u00f3n y a citar violencequefaire.ch como fuente.<\/li>\n<\/ul>\n<p>El reglamento que precede se aplica a todas las personas usuarias de la p\u00e1gina web violencequefaire.ch<\/p>\n<p><\/div><\/div><\/div><\/div><\/section><section class='vqf_section_block'><div class='vqf_container'><div class='vqf_row'><div class='vqf_full_col'><h2>Carta \u00e9tica:<\/h2><div class='vqf_fixed_width_text'><\/p>\n<p>Los miembros del comit\u00e9, el equipo de colaboradores\/as, el personal y el equipo de asesoramiento en l\u00ednea se identifican con los valores de la asociaci\u00f3n y se comprometen a respetarlos.<\/p>\n<p>Nadie est\u00e1 autorizado a utilizar la p\u00e1gina web para promover una ideolog\u00eda o creencias personales.<\/p>\n<p>El equipo de profesionales habilitado para responder a las preguntas de los\/as usuarios\/as en la p\u00e1gina web violencachefaire.ch trata la informaci\u00f3n de forma confidencial y se compromete a no divulgar datos sensibles o personales.<\/p>\n<p>El reglamento que precede se aplica a todas las instituciones asociadas y a los equipos autorizados a intervenir en la p\u00e1gina web bajo el nombre VIOLENCE QUE FAIRE. El comit\u00e9 de la asociaci\u00f3n garantiza la adecuaci\u00f3n de su trabajo con el presente reglamento.<\/p>\n<p><\/div><\/div><\/div><\/div><\/section>[\/vc_column][\/vc_row]<\/p>\n<\/div>","protected":false},"excerpt":{"rendered":"<p>[vc_row][vc_column][\/vc_column][\/vc_row]<\/p>\n","protected":false},"author":16,"featured_media":0,"parent":0,"menu_order":0,"comment_status":"closed","ping_status":"closed","template":"","meta":{"_acf_changed":false,"footnotes":""},"class_list":["post-11230","page","type-page","status-publish","hentry"],"acf":[],"yoast_head":"<!-- This site is optimized with the Yoast SEO plugin v27.3 - https:\/\/yoast.com\/product\/yoast-seo-wordpress\/ -->\n<title>Pol\u00edtica de confidencialidad &#8226; Violence que faire ?<\/title>\n<meta name=\"description\" content=\"Notre\u00a0politique de confidentialit\u00e9 s\u2019applique \u00e0 tous les partenaires et \u00e9quipes autoris\u00e9es \u00e0 intervenir sur le site de VIOLENCE QUE FAIRE.\" \/>\n<meta name=\"robots\" content=\"index, follow, max-snippet:-1, max-image-preview:large, max-video-preview:-1\" \/>\n<link rel=\"canonical\" href=\"https:\/\/www.violencequefaire.ch\/es\/politica-de-confidencialidad\/\" \/>\n<meta property=\"og:locale\" content=\"es_ES\" \/>\n<meta property=\"og:type\" content=\"article\" \/>\n<meta property=\"og:title\" content=\"Pol\u00edtica de confidencialidad &#8226; Violence que faire ?\" \/>\n<meta property=\"og:description\" content=\"Notre\u00a0politique de confidentialit\u00e9 s\u2019applique \u00e0 tous les partenaires et \u00e9quipes autoris\u00e9es \u00e0 intervenir sur le site de VIOLENCE QUE FAIRE.\" \/>\n<meta property=\"og:url\" content=\"https:\/\/www.violencequefaire.ch\/es\/politica-de-confidencialidad\/\" \/>\n<meta property=\"og:site_name\" content=\"Violence que faire ?\" \/>\n<meta property=\"article:modified_time\" content=\"2025-10-22T07:26:37+00:00\" \/>\n<meta name=\"twitter:card\" content=\"summary_large_image\" \/>\n<meta name=\"twitter:label1\" content=\"Tiempo de lectura\" \/>\n\t<meta name=\"twitter:data1\" content=\"3 minutos\" \/>\n<script type=\"application\/ld+json\" class=\"yoast-schema-graph\">{\"@context\":\"https:\\\/\\\/schema.org\",\"@graph\":[{\"@type\":\"WebPage\",\"@id\":\"https:\\\/\\\/www.violencequefaire.ch\\\/es\\\/politica-de-confidencialidad\\\/\",\"url\":\"https:\\\/\\\/www.violencequefaire.ch\\\/es\\\/politica-de-confidencialidad\\\/\",\"name\":\"Pol\u00edtica de confidencialidad &#8226; Violence que faire ?\",\"isPartOf\":{\"@id\":\"https:\\\/\\\/www.violencequefaire.ch\\\/es\\\/#website\"},\"datePublished\":\"2022-03-25T08:41:22+00:00\",\"dateModified\":\"2025-10-22T07:26:37+00:00\",\"description\":\"Notre\u00a0politique de confidentialit\u00e9 s\u2019applique \u00e0 tous les partenaires et \u00e9quipes autoris\u00e9es \u00e0 intervenir sur le site de VIOLENCE QUE FAIRE.\",\"breadcrumb\":{\"@id\":\"https:\\\/\\\/www.violencequefaire.ch\\\/es\\\/politica-de-confidencialidad\\\/#breadcrumb\"},\"inLanguage\":\"es\",\"potentialAction\":[{\"@type\":\"ReadAction\",\"target\":[\"https:\\\/\\\/www.violencequefaire.ch\\\/es\\\/politica-de-confidencialidad\\\/\"]}]},{\"@type\":\"BreadcrumbList\",\"@id\":\"https:\\\/\\\/www.violencequefaire.ch\\\/es\\\/politica-de-confidencialidad\\\/#breadcrumb\",\"itemListElement\":[{\"@type\":\"ListItem\",\"position\":1,\"name\":\"Inicio\",\"item\":\"https:\\\/\\\/www.violencequefaire.ch\\\/es\\\/\"},{\"@type\":\"ListItem\",\"position\":2,\"name\":\"Pol\u00edtica de confidencialidad\"}]},{\"@type\":\"WebSite\",\"@id\":\"https:\\\/\\\/www.violencequefaire.ch\\\/es\\\/#website\",\"url\":\"https:\\\/\\\/www.violencequefaire.ch\\\/es\\\/\",\"name\":\"Violence que faire\",\"description\":\"Des sp\u00e9cialistes r\u00e9pondent personnellement \u00e0 vos questions anonymes sur la violence au sein du couple.\",\"publisher\":{\"@id\":\"https:\\\/\\\/www.violencequefaire.ch\\\/es\\\/#organization\"},\"alternateName\":\"Violenza Cosa Fare\",\"potentialAction\":[{\"@type\":\"SearchAction\",\"target\":{\"@type\":\"EntryPoint\",\"urlTemplate\":\"https:\\\/\\\/www.violencequefaire.ch\\\/es\\\/?s={search_term_string}\"},\"query-input\":{\"@type\":\"PropertyValueSpecification\",\"valueRequired\":true,\"valueName\":\"search_term_string\"}}],\"inLanguage\":\"es\"},{\"@type\":\"Organization\",\"@id\":\"https:\\\/\\\/www.violencequefaire.ch\\\/es\\\/#organization\",\"name\":\"Violence que faire ?\",\"url\":\"https:\\\/\\\/www.violencequefaire.ch\\\/es\\\/\",\"logo\":{\"@type\":\"ImageObject\",\"inLanguage\":\"es\",\"@id\":\"https:\\\/\\\/www.violencequefaire.ch\\\/es\\\/#\\\/schema\\\/logo\\\/image\\\/\",\"url\":\"https:\\\/\\\/www.violencequefaire.ch\\\/wp-content\\\/uploads\\\/2022\\\/04\\\/VQF_LOGO_neutre.jpg\",\"contentUrl\":\"https:\\\/\\\/www.violencequefaire.ch\\\/wp-content\\\/uploads\\\/2022\\\/04\\\/VQF_LOGO_neutre.jpg\",\"width\":253,\"height\":376,\"caption\":\"Violence que faire ?\"},\"image\":{\"@id\":\"https:\\\/\\\/www.violencequefaire.ch\\\/es\\\/#\\\/schema\\\/logo\\\/image\\\/\"}}]}<\/script>\n<!-- \/ Yoast SEO plugin. -->","yoast_head_json":{"title":"Pol\u00edtica de confidencialidad &#8226; Violence que faire ?","description":"Notre\u00a0politique de confidentialit\u00e9 s\u2019applique \u00e0 tous les partenaires et \u00e9quipes autoris\u00e9es \u00e0 intervenir sur le site de VIOLENCE QUE FAIRE.","robots":{"index":"index","follow":"follow","max-snippet":"max-snippet:-1","max-image-preview":"max-image-preview:large","max-video-preview":"max-video-preview:-1"},"canonical":"https:\/\/www.violencequefaire.ch\/es\/politica-de-confidencialidad\/","og_locale":"es_ES","og_type":"article","og_title":"Pol\u00edtica de confidencialidad &#8226; Violence que faire ?","og_description":"Notre\u00a0politique de confidentialit\u00e9 s\u2019applique \u00e0 tous les partenaires et \u00e9quipes autoris\u00e9es \u00e0 intervenir sur le site de VIOLENCE QUE FAIRE.","og_url":"https:\/\/www.violencequefaire.ch\/es\/politica-de-confidencialidad\/","og_site_name":"Violence que faire ?","article_modified_time":"2025-10-22T07:26:37+00:00","twitter_card":"summary_large_image","twitter_misc":{"Tiempo de lectura":"3 minutos"},"schema":{"@context":"https:\/\/schema.org","@graph":[{"@type":"WebPage","@id":"https:\/\/www.violencequefaire.ch\/es\/politica-de-confidencialidad\/","url":"https:\/\/www.violencequefaire.ch\/es\/politica-de-confidencialidad\/","name":"Pol\u00edtica de confidencialidad &#8226; Violence que faire ?","isPartOf":{"@id":"https:\/\/www.violencequefaire.ch\/es\/#website"},"datePublished":"2022-03-25T08:41:22+00:00","dateModified":"2025-10-22T07:26:37+00:00","description":"Notre\u00a0politique de confidentialit\u00e9 s\u2019applique \u00e0 tous les partenaires et \u00e9quipes autoris\u00e9es \u00e0 intervenir sur le site de VIOLENCE QUE FAIRE.","breadcrumb":{"@id":"https:\/\/www.violencequefaire.ch\/es\/politica-de-confidencialidad\/#breadcrumb"},"inLanguage":"es","potentialAction":[{"@type":"ReadAction","target":["https:\/\/www.violencequefaire.ch\/es\/politica-de-confidencialidad\/"]}]},{"@type":"BreadcrumbList","@id":"https:\/\/www.violencequefaire.ch\/es\/politica-de-confidencialidad\/#breadcrumb","itemListElement":[{"@type":"ListItem","position":1,"name":"Inicio","item":"https:\/\/www.violencequefaire.ch\/es\/"},{"@type":"ListItem","position":2,"name":"Pol\u00edtica de confidencialidad"}]},{"@type":"WebSite","@id":"https:\/\/www.violencequefaire.ch\/es\/#website","url":"https:\/\/www.violencequefaire.ch\/es\/","name":"Violence que faire","description":"Des sp\u00e9cialistes r\u00e9pondent personnellement \u00e0 vos questions anonymes sur la violence au sein du couple.","publisher":{"@id":"https:\/\/www.violencequefaire.ch\/es\/#organization"},"alternateName":"Violenza Cosa Fare","potentialAction":[{"@type":"SearchAction","target":{"@type":"EntryPoint","urlTemplate":"https:\/\/www.violencequefaire.ch\/es\/?s={search_term_string}"},"query-input":{"@type":"PropertyValueSpecification","valueRequired":true,"valueName":"search_term_string"}}],"inLanguage":"es"},{"@type":"Organization","@id":"https:\/\/www.violencequefaire.ch\/es\/#organization","name":"Violence que faire ?","url":"https:\/\/www.violencequefaire.ch\/es\/","logo":{"@type":"ImageObject","inLanguage":"es","@id":"https:\/\/www.violencequefaire.ch\/es\/#\/schema\/logo\/image\/","url":"https:\/\/www.violencequefaire.ch\/wp-content\/uploads\/2022\/04\/VQF_LOGO_neutre.jpg","contentUrl":"https:\/\/www.violencequefaire.ch\/wp-content\/uploads\/2022\/04\/VQF_LOGO_neutre.jpg","width":253,"height":376,"caption":"Violence que faire ?"},"image":{"@id":"https:\/\/www.violencequefaire.ch\/es\/#\/schema\/logo\/image\/"}}]}},"_links":{"self":[{"href":"https:\/\/www.violencequefaire.ch\/es\/wp-json\/wp\/v2\/pages\/11230","targetHints":{"allow":["GET"]}}],"collection":[{"href":"https:\/\/www.violencequefaire.ch\/es\/wp-json\/wp\/v2\/pages"}],"about":[{"href":"https:\/\/www.violencequefaire.ch\/es\/wp-json\/wp\/v2\/types\/page"}],"author":[{"embeddable":true,"href":"https:\/\/www.violencequefaire.ch\/es\/wp-json\/wp\/v2\/users\/16"}],"replies":[{"embeddable":true,"href":"https:\/\/www.violencequefaire.ch\/es\/wp-json\/wp\/v2\/comments?post=11230"}],"version-history":[{"count":3,"href":"https:\/\/www.violencequefaire.ch\/es\/wp-json\/wp\/v2\/pages\/11230\/revisions"}],"predecessor-version":[{"id":11912,"href":"https:\/\/www.violencequefaire.ch\/es\/wp-json\/wp\/v2\/pages\/11230\/revisions\/11912"}],"wp:attachment":[{"href":"https:\/\/www.violencequefaire.ch\/es\/wp-json\/wp\/v2\/media?parent=11230"}],"curies":[{"name":"wp","href":"https:\/\/api.w.org\/{rel}","templated":true}]}}

Política de confidencialidad

<div class="wpb-content-wrapper"><p>[vc_row][vc_column]<section class='vqf_section_block'><div class='vqf_container'><div class='vqf_row'><div class='vqf_full_col'><h2>Para todos los/as usuarios/as y quienes navegan por la web:</h2><div class='vqf_fixed_width_text'></p>
<ul>
<li>Confidencialidad: VIOLENCE QUE FAIRE no conserva ningún dato personal sobre las personas que recurren a su servicio de asesoramiento en línea, ni sobre las personas que han sufrido o ejercido violencia, o sobre testigos o personas cercanas, ya que las preguntas se formulan de forma anónima. Solo conservamos la siguiente información sobre las personas usuarias: sexo y/o género, año de nacimiento, cantón o país de origen y la información transmitida en la pregunta planteada.</li>
<li>VIOLENCE QUE FAIRE puede publicar las preguntas y respuestas en su página web garantizando el anonimato a condición de que la persona que las ha formulado haya dado su consentimiento explícito a través del botón «Estoy de acuerdo en que mi pregunta se publique en la página web». Las personas que no deseen que su pregunta se publique en la web pueden indicarlo al enviarla haciendo clic en la casilla «No estoy de acuerdo con que mi pregunta se publique en la página web».</li>
<li>Otras personas que naveguen por la web pueden encontrar similitudes con tu experiencia y beneficiarse de la información, las pistas y los consejos que ya ha dado el equipo de profesionales. De esta manera, cada pregunta-respuesta publicada en la página web tiene un verdadero efecto «multiplicador» y contribuye a una mejor prevención de la violencia.</li>
<li>VIOLENCE QUE FAIRE se reserva el derecho de no publicar mensajes irrespetuosos, que contengan mensajes ilegales o con fines publicitarios.</li>
<li>VIOLENCE QUE FAIRE no se hace responsable de ninguna manera de las acciones de los/as usuarios/as a partir de la información proporcionada a través de la página <a href="https://www.violencequefaire.ch/es/">violencequefaire.ch.</a></li>
<li>Las personas que deseen utilizar los testimonios publicados u otros contenidos de la página web están invitadas a informar a la asociación y a citar violencequefaire.ch como fuente.</li>
</ul>
<p>El reglamento que precede se aplica a todas las personas usuarias de la página web violencequefaire.ch</p>
<p></div></div></div></div></section><section class='vqf_section_block'><div class='vqf_container'><div class='vqf_row'><div class='vqf_full_col'><h2>Carta ética:</h2><div class='vqf_fixed_width_text'></p>
<p>Los miembros del comité, el equipo de colaboradores/as, el personal y el equipo de asesoramiento en línea se identifican con los valores de la asociación y se comprometen a respetarlos.</p>
<p>Nadie está autorizado a utilizar la página web para promover una ideología o creencias personales.</p>
<p>El equipo de profesionales habilitado para responder a las preguntas de los/as usuarios/as en la página web violencachefaire.ch trata la información de forma confidencial y se compromete a no divulgar datos sensibles o personales.</p>
<p>El reglamento que precede se aplica a todas las instituciones asociadas y a los equipos autorizados a intervenir en la página web bajo el nombre VIOLENCE QUE FAIRE. El comité de la asociación garantiza la adecuación de su trabajo con el presente reglamento.</p>
<p></div></div></div></div></section>[/vc_column][/vc_row]</p>
</div>

<!-- This site is optimized with the Yoast SEO plugin v27.3 - https://yoast.com/product/yoast-seo-wordpress/ -->
<title>Política de confidencialidad &#8226; Violence que faire ?</title>
<meta name="description" content="Notre politique de confidentialité s’applique à tous les partenaires et équipes autorisées à intervenir sur le site de VIOLENCE QUE FAIRE." />
<meta name="robots" content="index, follow, max-snippet:-1, max-image-preview:large, max-video-preview:-1" />
<link rel="canonical" href="https://www.violencequefaire.ch/es/politica-de-confidencialidad/" />
<meta property="og:locale" content="es_ES" />
<meta property="og:type" content="article" />
<meta property="og:title" content="Política de confidencialidad &#8226; Violence que faire ?" />
<meta property="og:description" content="Notre politique de confidentialité s’applique à tous les partenaires et équipes autorisées à intervenir sur le site de VIOLENCE QUE FAIRE." />
<meta property="og:url" content="https://www.violencequefaire.ch/es/politica-de-confidencialidad/" />
<meta property="og:site_name" content="Violence que faire ?" />
<meta property="article:modified_time" content="2025-10-22T07:26:37+00:00" />
<meta name="twitter:card" content="summary_large_image" />
<meta name="twitter:label1" content="Tiempo de lectura" />
	<meta name="twitter:data1" content="3 minutos" />
<script type="application/ld+json" class="yoast-schema-graph">{"@context":"https:\/\/schema.org","@graph":[{"@type":"WebPage","@id":"https:\/\/www.violencequefaire.ch\/es\/politica-de-confidencialidad\/","url":"https:\/\/www.violencequefaire.ch\/es\/politica-de-confidencialidad\/","name":"Política de confidencialidad &#8226; Violence que faire ?","isPartOf":{"@id":"https:\/\/www.violencequefaire.ch\/es\/#website"},"datePublished":"2022-03-25T08:41:22+00:00","dateModified":"2025-10-22T07:26:37+00:00","description":"Notre politique de confidentialité s’applique à tous les partenaires et équipes autorisées à intervenir sur le site de VIOLENCE QUE FAIRE.","breadcrumb":{"@id":"https:\/\/www.violencequefaire.ch\/es\/politica-de-confidencialidad\/#breadcrumb"},"inLanguage":"es","potentialAction":[{"@type":"ReadAction","target":["https:\/\/www.violencequefaire.ch\/es\/politica-de-confidencialidad\/"]}]},{"@type":"BreadcrumbList","@id":"https:\/\/www.violencequefaire.ch\/es\/politica-de-confidencialidad\/#breadcrumb","itemListElement":[{"@type":"ListItem","position":1,"name":"Inicio","item":"https:\/\/www.violencequefaire.ch\/es\/"},{"@type":"ListItem","position":2,"name":"Política de confidencialidad"}]},{"@type":"WebSite","@id":"https:\/\/www.violencequefaire.ch\/es\/#website","url":"https:\/\/www.violencequefaire.ch\/es\/","name":"Violence que faire","description":"Des spécialistes répondent personnellement à vos questions anonymes sur la violence au sein du couple.","publisher":{"@id":"https:\/\/www.violencequefaire.ch\/es\/#organization"},"alternateName":"Violenza Cosa Fare","potentialAction":[{"@type":"SearchAction","target":{"@type":"EntryPoint","urlTemplate":"https:\/\/www.violencequefaire.ch\/es\/?s={search_term_string}"},"query-input":{"@type":"PropertyValueSpecification","valueRequired":true,"valueName":"search_term_string"}}],"inLanguage":"es"},{"@type":"Organization","@id":"https:\/\/www.violencequefaire.ch\/es\/#organization","name":"Violence que faire ?","url":"https:\/\/www.violencequefaire.ch\/es\/","logo":{"@type":"ImageObject","inLanguage":"es","@id":"https:\/\/www.violencequefaire.ch\/es\/#\/schema\/logo\/image\/","url":"https:\/\/www.violencequefaire.ch\/wp-content\/uploads\/2022\/04\/VQF_LOGO_neutre.jpg","contentUrl":"https:\/\/www.violencequefaire.ch\/wp-content\/uploads\/2022\/04\/VQF_LOGO_neutre.jpg","width":253,"height":376,"caption":"Violence que faire ?"},"image":{"@id":"https:\/\/www.violencequefaire.ch\/es\/#\/schema\/logo\/image\/"}}]}</script>
<!-- / Yoast SEO plugin. -->

Política de confidencialidad &#8226; Violence que faire ?

Notre politique de confidentialité s’applique à tous les partenaires et équipes autorisées à intervenir sur le site de VIOLENCE QUE FAIRE.

Des spécialistes répondent personnellement à vos questions anonymes sur la violence au sein du couple.
